000
CXUS55 KREV 010916
CF6TVL
PRELIMINARY LOCAL CLIMATOLOGICAL DATA (WS FORM: F-6)
STATION: SOUTH LAKE TAHOE CA
MONTH: OCTOBER
YEAR: 2022
LATITUDE: 38 53 N
LONGITUDE: 119 60 W
TEMPERATURE IN F: :PCPN: SNOW: WIND :SUNSHINE: SKY :PK WND
================================================================================
1 2 3 4 5 6A 6B 7 8 9 10 11 12 13 14 15 16 17 18
12Z AVG MX 2MIN
DY MAX MIN AVG DEP HDD CDD WTR SNW DPTH SPD SPD DIR MIN PSBL S-S WX SPD DR
================================================================================
1 71 31 51 1 14 0 0.00 M M 2.8 14 190 M M 0 21 200
2 71 32 52 2 13 0 0.00 M M 3.1 12 30 M M 0 16 20
3 72 32 52 2 13 0 0.00 M M 3.5 10 20 M M 0 15 20
4 74 30 52 3 13 0 0.00 M M 3.0 10 30 M M 0 15 30
5 74 33 54 5 11 0 0.00 M M 3.3 9 30 M M 0 14 20
6 75 33 54 6 11 0 0.00 M M 3.6 10 20 M M 0 14 360
7 75 32 54 6 11 0 0.00 M M 2.6 10 30 M M 0 15 30
8 74 32 53 5 12 0 0.00 M M 3.7 12 30 M M 0 16 30
9 71 34 53 5 12 0 0.04 M M 2.5 20 80 M M 5 34 50
10 71 37 54 7 11 0 T M M 3.3 17 190 M M 3 21 180
11 73 31 52 5 13 0 0.00 M M 2.7 14 30 M M 0 18 30
12 72 30 51 4 14 0 0.00 M M 3.8 10 30 M M 0 16 30
13 73 30 52 6 13 0 0.00 M M 3.3 9 10 M M 0 14 20
14 74 28 51 5 14 0 0.00 M M 3.5 16 40 M M 0 20 40
15 72 28 50 4 15 0 0.00 M M 3.3 10 20 M M 0 15 20
16 71 27 49 3 16 0 0.00 M M 3.0 10 20 M M 0 13 20
17 70 29 50 5 15 0 0.00 M M 3.5 13 30 M M 1 17 30
18 68 32 50 5 15 0 0.00 M M 2.0 8 30 M M 0 12 40
19 73 29 51 6 14 0 0.00 M M 3.5 14 50 M M 0 20 40
20 70 28 49 5 16 0 0.00 M M 2.7 9 20 M M 0 13 20
21 69 29 49 5 16 0 0.00 M M 7.6 22 190 M M 0 28 210
22 56 29 43 -1 22 0 0.02 M M 10.2 31 190 M M 7 1 50 170
23 42 21 32 -12 33 0 0.00 M M 4.7 15 70 M M 3 20 50
24 63 19 41 -2 24 0 0.00 M M 2.9 9 30 M M 0 16 40
25 58 29 44 1 21 0 0.00 M M 6.0 17 190 M M 3 23 180
26 53 27 40 -3 25 0 0.00 M M 6.1 15 30 M M 0 22 30
27 53 19 36 -7 29 0 0.00 M M 2.3 9 30 M M 0 13 10
28 57 23 40 -2 25 0 0.00 M M 4.0 14 190 M M 0 22 180
29 58 24 41 -1 24 0 0.00 M M 2.8 8 20 M M 0 13 40
30 60 20 40 -2 25 0 0.00 M M 3.1 9 20 M M 0 15 20
31 60 23 42 0 23 0 0.00 M M 5.0 17 180 M M 0 23 190
================================================================================
SM 2073 881 533 0 0.06 M 117.4 M 22
================================================================================
AV 66.9 28.4 3.8 FASTST M M 1 MAX(MPH)
MISC ----> 31 190 50 170
================================================================================
NOTES:
# LAST OF SEVERAL OCCURRENCES
COLUMN 17 PEAK WIND IN M.P.H.
PRELIMINARY LOCAL CLIMATOLOGICAL DATA (WS FORM: F-6) , PAGE 2
STATION: SOUTH LAKE TAHOE CA
MONTH: OCTOBER
YEAR: 2022
LATITUDE: 38 53 N
LONGITUDE: 119 60 W
[TEMPERATURE DATA] [PRECIPITATION DATA] SYMBOLS USED IN COLUMN 16
AVERAGE MONTHLY: 47.6 TOTAL FOR MONTH: 0.06 1 = FOG OR MIST
DPTR FM NORMAL: 1.9 DPTR FM NORMAL: -1.37 2 = FOG REDUCING VISIBILITY
HIGHEST: 75 ON 7, 6 GRTST 24HR 0.04 ON 9- 9 TO 1/4 MILE OR LESS
LOWEST: 19 ON 27,24 3 = THUNDER
SNOW, ICE PELLETS, HAIL 4 = ICE PELLETS
TOTAL MONTH: M 5 = HAIL
GRTST 24HR M ON M 6 = FREEZING RAIN OR DRIZZLE
GRTST DEPTH: M ON M 7 = DUSTSTORM OR SANDSTORM:
VSBY 1/2 MILE OR LESS
8 = SMOKE OR HAZE
[NO. OF DAYS WITH] [WEATHER - DAYS WITH] 9 = BLOWING SNOW
X = TORNADO
MAX 32 OR BELOW: 0 0.01 INCH OR MORE: 2
MAX 90 OR ABOVE: 0 0.10 INCH OR MORE: 0
MIN 32 OR BELOW: 27 0.50 INCH OR MORE: 0
MIN 0 OR BELOW: 0 1.00 INCH OR MORE: 0
[HDD (BASE 65) ]
TOTAL THIS MO. 533 CLEAR (SCALE 0-3) 29
DPTR FM NORMAL -65 PTCLDY (SCALE 4-7) 2
TOTAL FM JUL 1 879 CLOUDY (SCALE 8-10) 0
DPTR FM NORMAL -318
[CDD (BASE 65) ]
TOTAL THIS MO. 0
DPTR FM NORMAL 0 [PRESSURE DATA]
TOTAL FM JAN 1 100 HIGHEST SLP M ON M
DPTR FM NORMAL 72 LOWEST SLP 29.55 ON 22
[REMARKS]
THE AVERAGE TEMPERATURE FOR OCTOBER 2022 AT THE SOUTH LAKE TAHOE
AIRPORT WAS 47.6 DEGREES, WHICH IS 1.9 DEGREES ABOVE NORMAL. THE
HIGHEST TEMPERATURE FOR OCTOBER WAS 75 DEGREES, WHICH OCCURRED ON
THE
6TH AND 7TH. THE LOWEST TEMPERATURE FOR THE MONTH WAS 19, WHICH
OCCURRED
THE 24TH AND 27TH.
FOR OCTOBER 2022, 0.06 INCHES OF PRECIPITATION WAS RECORDED AT THE
SOUTH LAKE TAHOE AIRPORT. THIS IS 1.37 INCHES BELOW NORMAL FOR THE
MONTH.
THE AVERAGE WIND SPEED FOR OCTOBER 2022 WAS 3.8 MPH. THE PEAK WIND
GUST FOR THE MONTH WAS 50 MPH FROM THE SOUTH ON THE 22ND.
#FINAL-10-22#