000
CXUS55 KREV 011638
CF6TVL
PRELIMINARY LOCAL CLIMATOLOGICAL DATA (WS FORM: F-6)
STATION: SOUTH LAKE TAHOE CA
MONTH: AUGUST
YEAR: 2022
LATITUDE: 38 53 N
LONGITUDE: 119 60 W
TEMPERATURE IN F: :PCPN: SNOW: WIND :SUNSHINE: SKY :PK WND
================================================================================
1 2 3 4 5 6A 6B 7 8 9 10 11 12 13 14 15 16 17 18
12Z AVG MX 2MIN
DY MAX MIN AVG DEP HDD CDD WTR SNW DPTH SPD SPD DIR MIN PSBL S-S WX SPD DR
================================================================================
1 76 55 66 4 0 1 0.00 M M 4.2 20 190 M M 4 24 190
2 82 48 65 3 0 0 0.00 M M 4.1 16 30 M M 2 19 40
3 86 50 68 6 0 3 0.01 M M 4.3 15 30 M M 1 17 30
4 83 51 67 5 0 2 T M M 4.0 13 190 M M 3 3 18 180
5 71 56 64 2 1 0 0.18 M M 1.7 12 190 M M 5 13 14 190
6 79 46 63 1 2 0 0.00 M M 2.6 14 30 M M 0 18 30
7 85 49 67 5 0 2 0.00 M M 3.0 14 20 M M 2 19 30
8 83 50 67 5 0 2 0.00 M M 3.0 16 190 M M 3 3 22 190
9 81 49 65 4 0 0 0.00 M M 5.9 23 190 M M 3 35 170
10 80 49 65 4 0 0 0.00 M M 4.8 20 190 M M 0 29 180
11 82 44 63 2 2 0 0.00 M M 4.3 17 180 M M 0 24 190
12 82 42 62 1 3 0 0.00 M M 4.6 15 180 M M 1 23 200
13 83 39 61 0 4 0 0.00 M M 4.0 15 30 M M 0 21 360
14 84 39 62 1 3 0 0.00 M M 4.2 16 210 M M 0 8 24 200
15 84 38 61 0 4 0 0.00 M M 3.9 15 20 M M 0 20 30
16 86 44 65 5 0 0 0.00 M M 3.1 12 190 M M 1 18 150
17 82 52 67 7 0 2 0.12 M M 3.4 17 190 M M 3 1 22 190
18 82 46 64 4 1 0 0.00 M M 2.4 14 190 M M 3 12 20 210
19 84 41 63 3 2 0 0.00 M M 3.6 13 30 M M 0 18 30
20 84 43 64 4 1 0 0.00 M M 4.2 14 20 M M 0 20 20
21 86 44 65 5 0 0 0.00 M M 4.6 18 190 M M 0 23 170
22 84 43 64 4 1 0 0.00 M M 4.3 20 180 M M 0 28 200
23 86 35 61 2 4 0 0.00 M M 4.0 14 180 M M 0 25 260
24 86 43 65 6 0 0 0.00 M M 4.6 23 190 M M 0 29 180
25 84 44 64 5 1 0 0.00 M M 4.4 18 200 M M 0 25 200
26 83 39 61 2 4 0 0.00 M M 4.0 21 190 M M 0 27 190
27 81 43 62 3 3 0 0.00 M M 4.5 24 190 M M 0 31 180
28 81 40 61 3 4 0 0.00 M M 4.3 14 30 M M 0 19 30
29 86 43 65 7 0 0 0.00 M M 3.1 13 20 M M 2 17 20
30 88 47 68 10 0 3 0.00 M M 4.7 23 180 M M 1 31 180
31 87 44 66 8 0 1 0.00 M M 3.8 17 190 M M 0 24 190
================================================================================
SM 2571 1396 40 16 0.31 M 121.6 M 34
================================================================================
AV 82.9 45.0 3.9 FASTST M M 1 MAX(MPH)
MISC ----> 24 190 35 170
================================================================================
NOTES:
# LAST OF SEVERAL OCCURRENCES
COLUMN 17 PEAK WIND IN M.P.H.
PRELIMINARY LOCAL CLIMATOLOGICAL DATA (WS FORM: F-6) , PAGE 2
STATION: SOUTH LAKE TAHOE CA
MONTH: AUGUST
YEAR: 2022
LATITUDE: 38 53 N
LONGITUDE: 119 60 W
[TEMPERATURE DATA] [PRECIPITATION DATA] SYMBOLS USED IN COLUMN 16
AVERAGE MONTHLY: 64.0 TOTAL FOR MONTH: 0.31 1 = FOG OR MIST
DPTR FM NORMAL: 3.6 DPTR FM NORMAL: -0.05 2 = FOG REDUCING VISIBILITY
HIGHEST: 88 ON 30 GRTST 24HR 0.18 ON 4- 5 TO 1/4 MILE OR LESS
LOWEST: 35 ON 23 3 = THUNDER
SNOW, ICE PELLETS, HAIL 4 = ICE PELLETS
TOTAL MONTH: M 5 = HAIL
GRTST 24HR M ON M 6 = FREEZING RAIN OR DRIZZLE
GRTST DEPTH: M ON M 7 = DUSTSTORM OR SANDSTORM:
VSBY 1/2 MILE OR LESS
8 = SMOKE OR HAZE
[NO. OF DAYS WITH] [WEATHER - DAYS WITH] 9 = BLOWING SNOW
X = TORNADO
MAX 32 OR BELOW: 0 0.01 INCH OR MORE: 3
MAX 90 OR ABOVE: 0 0.10 INCH OR MORE: 2
MIN 32 OR BELOW: 0 0.50 INCH OR MORE: 0
MIN 0 OR BELOW: 0 1.00 INCH OR MORE: 0
[HDD (BASE 65) ]
TOTAL THIS MO. 40 CLEAR (SCALE 0-3) 27
DPTR FM NORMAL -113 PTCLDY (SCALE 4-7) 4
TOTAL FM JUL 1 104 CLOUDY (SCALE 8-10) 0
DPTR FM NORMAL -178
[CDD (BASE 65) ]
TOTAL THIS MO. 16
DPTR FM NORMAL 8 [PRESSURE DATA]
TOTAL FM JAN 1 76 HIGHEST SLP 30.19 ON 22
DPTR FM NORMAL 48 LOWEST SLP 29.89 ON 28
[REMARKS]
#FINAL-08-22#