000
CXUS55 KREV 011259
CF6TVL
PRELIMINARY LOCAL CLIMATOLOGICAL DATA (WS FORM: F-6)
STATION: SOUTH LAKE TAHOE CA
MONTH: JUNE
YEAR: 2021
LATITUDE: 38 53 N
LONGITUDE: 119 60 W
TEMPERATURE IN F: :PCPN: SNOW: WIND :SUNSHINE: SKY :PK WND
================================================================================
1 2 3 4 5 6A 6B 7 8 9 10 11 12 13 14 15 16 17 18
12Z AVG MX 2MIN
DY MAX MIN AVG DEP HDD CDD WTR SNW DPTH SPD SPD DIR MIN PSBL S-S WX SPD DR
================================================================================
1 84 39 62 10 3 0 0.00 M M 3.0 13 30 M M 0 8 17 20
2 86 43 65 13 0 0 0.00 M M 4.1 15 190 M M 0 38 19 180
3 85 44 65 13 0 0 0.00 M M 3.8 10 30 M M 0 8 14 30
4 M M M M M M 0.00 M M M M M M M 0 8 M M
5 80 40 60 8 5 0 0.00 M M 5.0 20 180 M M 0 8 28 200
6 77 39 58 5 7 0 0.00 M M 8.8 25 190 M M 0 37 190
7 69 48 59 6 6 0 0.00 M M 10.6 23 190 M M 0 39 200
8 61 39 50 -3 15 0 0.00 M M 9.6 22 190 M M 0 32 180
9 58 35 47 -6 18 0 T M M 12.0 29 190 M M 1 8 40 190
10 59 28 44 -10 21 0 0.00 M M 5.2 15 30 M M 0 8 23 30
11 69 30 50 -4 15 0 0.00 M M 6.3 20 190 M M 1 8 29 190
12 76 39 58 4 7 0 0.00 M M 4.6 16 190 M M 0 23 190
13 77 39 58 4 7 0 0.00 M M 6.3 20 190 M M 0 30 210
14 72 43 58 3 7 0 0.00 M M 9.5 20 190 M M 1 35 170
15 77 46 62 7 3 0 0.00 M M 7.2 17 190 M M 0 8 26 170
16 86 36 61 6 4 0 0.00 M M 4.3 20 190 M M 0 8 26 190
17 91 40 66 11 0 1 0.00 M M 4.3 21 180 M M 0 8 27 200
18 90 45 68 12 0 3 0.00 M M 4.2 18 190 M M 0 8 23 180
19 84 47 66 10 0 1 0.00 M M 4.6 14 30 M M 1 8 17 20
20 86 45 66 10 0 1 0.00 M M 4.2 14 30 M M 0 18 180
21 83 43 63 7 2 0 0.00 M M 4.6 16 200 M M 1 8 23 190
22 81 45 63 6 2 0 0.00 M M 6.0 25 190 M M 1 8 33 190
23 76 40 58 1 7 0 0.00 M M 4.6 15 40 M M 2 8 20 210
24 72 43 58 1 7 0 T M M 4.8 18 180 M M 4 38 25 190
25 81 43 62 5 3 0 0.00 M M 4.4 16 20 M M 0 8 21 20
26 87 47 67 9 0 2 0.00 M M 4.0 14 30 M M 0 19 20
27 90 48 69 11 0 4 0.00 M M 3.3 15 20 M M 0 18 20
28 91 49 70 12 0 5 0.00 M M 5.5 16 170 M M 1 8 20 190
29 89 48 69 11 0 4 0.00 M M 6.3 22 190 M M 1 38 28 190
30 85 51 68 9 0 3 0.00 M M 4.5 18 190 M M 1 38 26 190
================================================================================
SM 2302 1222 139 24 T M 165.6 M 15
================================================================================
AV 79.4 42.1 5.7 FASTST M M 1 MAX(MPH)
MISC ----> 29 190 40 190
================================================================================
NOTES:
# LAST OF SEVERAL OCCURRENCES
COLUMN 17 PEAK WIND IN M.P.H.
PRELIMINARY LOCAL CLIMATOLOGICAL DATA (WS FORM: F-6) , PAGE 2
STATION: SOUTH LAKE TAHOE CA
MONTH: JUNE
YEAR: 2021
LATITUDE: 38 53 N
LONGITUDE: 119 60 W
[TEMPERATURE DATA] [PRECIPITATION DATA] SYMBOLS USED IN COLUMN 16
AVERAGE MONTHLY: 60.8 TOTAL FOR MONTH: T 1 = FOG OR MIST
DPTR FM NORMAL: 5.7 DPTR FM NORMAL: -0.55 2 = FOG REDUCING VISIBILITY
HIGHEST: 91 ON 28,17 GRTST 24HR T ON 9- 9 TO 1/4 MILE OR LESS
LOWEST: 28 ON 10 3 = THUNDER
SNOW, ICE PELLETS, HAIL 4 = ICE PELLETS
TOTAL MONTH: M 5 = HAIL
GRTST 24HR M ON M 6 = FREEZING RAIN OR DRIZZLE
GRTST DEPTH: M ON M 7 = DUSTSTORM OR SANDSTORM:
VSBY 1/2 MILE OR LESS
8 = SMOKE OR HAZE
[NO. OF DAYS WITH] [WEATHER - DAYS WITH] 9 = BLOWING SNOW
X = TORNADO
MAX 32 OR BELOW: 0 0.01 INCH OR MORE: 0
MAX 90 OR ABOVE: 4 0.10 INCH OR MORE: 0
MIN 32 OR BELOW: 2 0.50 INCH OR MORE: 0
MIN 0 OR BELOW: 0 1.00 INCH OR MORE: 0
[HDD (BASE 65) ]
TOTAL THIS MO. 139 CLEAR (SCALE 0-3) 29
DPTR FM NORMAL -162 PTCLDY (SCALE 4-7) 1
TOTAL FM JUL 1 6903 CLOUDY (SCALE 8-10) 0
DPTR FM NORMAL -695
[CDD (BASE 65) ]
TOTAL THIS MO. 24
DPTR FM NORMAL 22 [PRESSURE DATA]
TOTAL FM JAN 1 24 HIGHEST SLP M ON M
DPTR FM NORMAL 22 LOWEST SLP 29.85 ON 28
[REMARKS]
THE AVERAGE TEMPERATURE FOR JUNE 2021 AT THE SOUTH LAKE TAHOE AIRPORT
WAS 60.8 DEGREES WHICH IS 5.7 DEGREES ABOVE NORMAL. THE HIGHEST
TEMPERATURE FOR JUNE WAS 91 WHICH OCCURRED ON THE 17TH AND THE 28TH.
THE LOWEST TEMPERATURE FOR THE MONTH WAS 28 WHICH OCCURRED ON THE 10TH.
FOR JUNE 2021, A TRACE OF PRECIPITATION WAS RECORDED AT THE
SOUTH LAKE TAHOE AIRPORT. THIS IS 0.02 INCHES BELOW NORMAL.
THE AVERAGE WIND SPEED FOR JUNE 2021 WAS 5.7 MPH. THE PEAK WIND
GUST FOR THE MONTH WAS 40 MPH FROM THE SOUTH ON THE 9TH.
#FINAL-06-21#