000
CXUS54 KJAN 012038
CLMTVR
CLIMATE REPORT
NATIONAL WEATHER SERVICE JACKSON MS
338 PM CDT MON MAY 01 2023
...................................
...THE VICKSBURG CLIMATE SUMMARY FOR THE MONTH OF APRIL 2023...
CLIMATE NORMAL PERIOD: 1991 TO 2020
CLIMATE RECORD PERIOD: 1948 TO 2023
WEATHER OBSERVED NORMAL DEPART LAST YEAR`S
VALUE DATE(S) VALUE FROM VALUE
NORMAL
..............................................................
TEMPERATURE (F)
RECORD
HIGH 92 04/19/2006
04/28/2002
04/25/1999
LOW 28 04/04/1987
04/15/1950
HIGHEST 86 04/04 MM MM 88
04/05
LOWEST 45 04/17 MM MM 41
AVG. MAXIMUM 75.3 76.9 -1.6 79.8
AVG. MINIMUM 54.9 55.5 -0.6 56.0
MEAN 65.1 66.2 -1.1 67.9
DAYS MAX >= 90 0 0.4 -0.4 0
DAYS MAX <= 32 0 0.0 0.0 0
DAYS MIN <= 32 0 0.0 0.0 0
DAYS MIN <= 0 0 0.0 0.0 0
PRECIPITATION (INCHES)
RECORD
MAXIMUM 17.16 1991
MINIMUM 0.59 1981
TOTALS 4.99 5.96 -0.97 4.29
DAILY AVG. 0.17 0.20 -0.03 0.14
DAYS >= .01 14 8.4 5.6 8
DAYS >= .10 10 5.4 4.6 6
DAYS >= .50 4 3.1 0.9 3
DAYS >= 1.00 0 1.7 -1.7 1
GREATEST
24 HR. TOTAL 1.37 04/06 TO 04/07 1.92
SNOWFALL (INCHES)
TOTALS 0.0
DEGREE DAYS
HEATING TOTAL 53 75 -22 40
SINCE 7/1 1620 2091 -471 MM
COOLING TOTAL 62 111 -49 137
SINCE 1/1 235 167 68 MM
..............................................................
WIND (MPH)
AVERAGE WIND SPEED 6.0
HIGHEST WIND SPEED/DIRECTION 23/170 DATE 04/04
HIGHEST GUST SPEED/DIRECTION 33/170 DATE 04/04
SKY COVER
POSSIBLE SUNSHINE (PERCENT) MM
AVERAGE SKY COVER 0.42
NUMBER OF DAYS FAIR 14
NUMBER OF DAYS PC 12
NUMBER OF DAYS CLOUDY 4
AVERAGE RH (PERCENT) 71
WEATHER CONDITIONS. NUMBER OF DAYS WITH
THUNDERSTORM 10 MIXED PRECIP 0
HEAVY RAIN 9 RAIN 10
LIGHT RAIN 16 FREEZING RAIN 0
LT FREEZING RAIN 0 HAIL 0
HEAVY SNOW 0 SNOW 0
LIGHT SNOW 0 SLEET 0
FOG 21 FOG W/VIS <= 1/4 MILE 3
HAZE 3
- INDICATES NEGATIVE NUMBERS.
R INDICATES RECORD WAS SET OR TIED.
MM INDICATES DATA IS MISSING.
T INDICATES TRACE AMOUNT.
$$