000
CXUS55 KBOI 011002
CF6TWF
PRELIMINARY LOCAL CLIMATOLOGICAL DATA (WS FORM: F-6)
STATION: TWIN FALLS ID
MONTH: FEBRUARY
YEAR: 2024
LATITUDE: 42 28 N
LONGITUDE: 114 29 W
TEMPERATURE IN F: :PCPN: SNOW: WIND :SUNSHINE: SKY :PK WND
================================================================================
1 2 3 4 5 6A 6B 7 8 9 10 11 12 13 14 15 16 17 18
12Z AVG MX 2MIN
DY MAX MIN AVG DEP HDD CDD WTR SNW DPTH SPD SPD DIR MIN PSBL S-S WX SPD DR
================================================================================
1 55 41 48 18 17 0 0.06 M M 8.6 23 160 M M 7 1 31 160
2 44 34 39 9 26 0 0.05 M M 13.9 24 280 M M 8 18 31 270
3 42 32 37 7 28 0 0.00 M M 15.0 26 270 M M 7 33 270
4 44 29 37 7 28 0 T M M 10.9 22 150 M M 5 28 150
5 53 33 43 13 22 0 0.01 M M 13.1 31 180 M M 7 44 170
6 46 35 41 10 24 0 0.08 M M 5.5 14 250 M M 10 1 19 250
7 43 30 37 6 28 0 T M M 12.5 21 280 M M 8 1 29 270
8 41 30 36 5 29 0 0.03 M M 9.7 17 250 M M 10 1 21 260
9 36 29 33 2 32 0 T M M 12.0 17 300 M M 9 18 26 270
10 36 24 30 -1 35 0 0.00 M M 11.0 18 270 M M 7 25 290
11 43 24 34 2 31 0 0.00 M M 8.7 15 210 M M 0 21 230
12 48 28 38 6 27 0 0.00 M M 6.4 13 210 M M 2 18 190
13 46 27 37 5 28 0 T M M 6.9 13 340 M M 5 1 18 30
14 47 30 39 7 26 0 0.05 M M 9.8 24 200 M M 6 34 190
15 49 35 42 9 23 0 0.16 M M 14.5 28 270 M M 9 18 37 290
16 42 26 34 1 31 0 0.10 M M 13.6 23 280 M M 8 1 38 290
17 39 21 30 -3 35 0 0.00 M M 13.1 25 80 M M 1 32 90
18 39 29 34 1 31 0 0.14 M M 5.1 13 80 M M 7 12 16 70
19 38 26 32 -2 33 0 0.10 M M 6.2 17 90 M M 2 1 20 110
20 55 29 42 8 23 0 0.08 M M 7.6 22 190 M M 3 3 32 190
21 47 32 40 6 25 0 T M M 8.0 14 310 M M 3 M M
22 50 33 42 7 23 0 0.00 M M 9.4 16 210 M M 3 20 210
23 51 31 41 6 24 0 0.00 M M 7.0 14 210 M M 0 18 210
24 57 33 45 10 20 0 0.00 M M 10.1 18 210 M M 0 24 210
25 61 38 50 14 15 0 0.00 M M 15.9 24 250 M M 0 34 240
26 48 26 37 1 28 0 0.10 M M 17.7 36 250 M M 7 12 55 240
27 32 20 26 -10 39 0 T M M 16.1 29 300 M M 6 1 47 290
28 50 27 39 2 26 0 0.00 M M 13.4 22 200 M M 4 27 200
29 59 33 46 9 19 0 0.00 M M 13.7 27 220 M M 7 46 210
================================================================================
SM 1341 865 776 0 0.96 M 315.4 M 151
================================================================================
AV 46.2 29.8 10.9 FASTST M M 5 MAX(MPH)
MISC ----> 36 250 55 240
================================================================================
NOTES:
# LAST OF SEVERAL OCCURRENCES
COLUMN 17 PEAK WIND IN M.P.H.
PRELIMINARY LOCAL CLIMATOLOGICAL DATA (WS FORM: F-6) , PAGE 2
STATION: TWIN FALLS ID
MONTH: FEBRUARY
YEAR: 2024
LATITUDE: 42 28 N
LONGITUDE: 114 29 W
[TEMPERATURE DATA] [PRECIPITATION DATA] SYMBOLS USED IN COLUMN 16
AVERAGE MONTHLY: 38.0 TOTAL FOR MONTH: 0.96 1 = FOG OR MIST
DPTR FM NORMAL: 5.2 DPTR FM NORMAL: 0.28 2 = FOG REDUCING VISIBILITY
HIGHEST: 61 ON 25 GRTST 24HR 0.18 ON 14-15 TO 1/4 MILE OR LESS
LOWEST: 20 ON 27 3 = THUNDER
SNOW, ICE PELLETS, HAIL 4 = ICE PELLETS
TOTAL MONTH: M 5 = HAIL
GRTST 24HR M ON M 6 = FREEZING RAIN OR DRIZZLE
GRTST DEPTH: M ON M 7 = DUSTSTORM OR SANDSTORM:
VSBY 1/2 MILE OR LESS
8 = SMOKE OR HAZE
[NO. OF DAYS WITH] [WEATHER - DAYS WITH] 9 = BLOWING SNOW
X = TORNADO
MAX 32 OR BELOW: 1 0.01 INCH OR MORE: 12
MAX 90 OR ABOVE: 0 0.10 INCH OR MORE: 5
MIN 32 OR BELOW: 20 0.50 INCH OR MORE: 0
MIN 0 OR BELOW: 0 1.00 INCH OR MORE: 0
[HDD (BASE 65) ]
TOTAL THIS MO. 776 CLEAR (SCALE 0-3) 9
DPTR FM NORMAL -126 PTCLDY (SCALE 4-7) 15
TOTAL FM JUL 1 4056 CLOUDY (SCALE 8-10) 5
DPTR FM NORMAL -665
[CDD (BASE 65) ]
TOTAL THIS MO. 0
DPTR FM NORMAL 0 [PRESSURE DATA]
TOTAL FM JAN 1 0 HIGHEST SLP 30.37 ON 23
DPTR FM NORMAL 0 LOWEST SLP 29.43 ON 7
[REMARKS]
#FINAL-02-24#