000
CXUS55 KSEW 011030
CF6UIL
PRELIMINARY LOCAL CLIMATOLOGICAL DATA (WS FORM: F-6)
STATION: QUILLAYUTE WA AIRPORT
MONTH: DECEMBER
YEAR: 2022
LATITUDE: 47 57 N
LONGITUDE: 124 33 W
TEMPERATURE IN F: :PCPN: SNOW: WIND :SUNSHINE: SKY :PK WND
================================================================================
1 2 3 4 5 6A 6B 7 8 9 10 11 12 13 14 15 16 17 18
12Z AVG MX 2MIN
DY MAX MIN AVG DEP HDD CDD WTR SNW DPTH SPD SPD DIR MIN PSBL S-S WX SPD DR
================================================================================
1 41 30 36 -6 29 0 0.05 M M 3.5 10 30 M M 6 12 15 40
2 41 33 37 -5 28 0 0.10 M M 7.9 16 100 M M 10 1 29 140
3 43 36 40 -2 25 0 0.02 M M 9.7 18 40 M M 5 26 30
4 41 33 37 -5 28 0 T M M 5.1 16 40 M M 6 24 60
5 42 25 34 -8 31 0 T M M 1.5 7 80 M M 6 9 360
6 44 36 40 -2 25 0 0.30 M M 1.5 7 180 M M 10 1 12 190
7 46 40 43 2 22 0 0.17 M M 7.7 20 150 M M 10 1 34 150
8 46 34 40 -1 25 0 0.67 M M 3.5 20 180 M M 7 12 39 140
9 46 32 39 -2 26 0 0.31 M M 9.2 23 140 M M 8 1 47 170
10 47 36 42 1 23 0 1.35 M M 5.8 18 140 M M 9 1 30 150
11 48 30 39 -2 26 0 0.07 M M 1.3 10 340 M M 6 12 15 340
12 46 30 38 -3 27 0 0.04 M M 1.6 8 80 M M 6 12 11 80
13 44 29 37 -4 28 0 0.00 M M 0.4 6 90 M M 8 1 7 80
14 44 29 37 -4 28 0 0.01 M M 1.2 7 50 M M 7 12 8 350
15 48 24 36 -5 29 0 0.00 M M 1.3 8 70 M M 1 12 10 90
16 47 27 37 -4 28 0 0.00 M M 1.4 8 80 M M 5 12 11 80
17 43 32 38 -3 27 0 0.10 M M 2.7 8 80 M M 10 12 12 230
18 41 32 37 -4 28 0 T M M 6.3 18 280 M M 9 29 280
19 36 30 33 -8 32 0 0.44 M M 4.0 10 270 M M 10 1 15 280
20 44 31 38 -3 27 0 1.20 M M 3.9 18 210 M M 9 16 34 210
21 32 20 26 -15 39 0 0.00 M M 10.5 22 50 M M 4 40 60
22 29 21 25 -16 40 0 0.10 M M 11.3 20 50 M M 6 16 29 70
23 50 29 40 -1 25 0 0.94 M M 7.1 16 140 M M 10 16 32 130
24 51 49 50 9 15 0 2.57 M M 11.8 23 180 M M 10 1 49 180
25 56 48 52 11 13 0 1.92 M M 8.8 18 180 M M 10 13 38 120
26 54 45 50 9 15 0 1.29 M M 11.7 26 180 M M 10 1 54 160
27 52 43 48 7 17 0 2.00 M M 13.7 23 260 M M 10 1 41 150
28 49 37 43 2 22 0 0.01 M M 5.5 16 260 M M 8 1 23 260
29 47 41 44 3 21 0 0.59 M M 6.5 13 110 M M 10 1 21 110
30 49 44 47 6 18 0 0.30 M M 10.2 17 260 M M 10 1 30 200
31 49 38 44 3 21 0 0.19 M M 3.9 14 240 M M 8 12 19 260
================================================================================
SM 1396 1044 788 0 14.74 M 180.5 M 244
================================================================================
AV 45.0 33.7 5.8 FASTST M M 8 MAX(MPH)
MISC ----> 26 180 54 160
================================================================================
NOTES:
# LAST OF SEVERAL OCCURRENCES
COLUMN 17 PEAK WIND IN M.P.H.
PRELIMINARY LOCAL CLIMATOLOGICAL DATA (WS FORM: F-6) , PAGE 2
STATION: QUILLAYUTE WA AIRPORT
MONTH: DECEMBER
YEAR: 2022
LATITUDE: 47 57 N
LONGITUDE: 124 33 W
[TEMPERATURE DATA] [PRECIPITATION DATA] SYMBOLS USED IN COLUMN 16
AVERAGE MONTHLY: 39.4 TOTAL FOR MONTH: 14.74 1 = FOG OR MIST
DPTR FM NORMAL: -1.6 DPTR FM NORMAL: 0.90 2 = FOG REDUCING VISIBILITY
HIGHEST: 56 ON 25 GRTST 24HR 2.78 ON 23-24 TO 1/4 MILE OR LESS
LOWEST: 20 ON 21 3 = THUNDER
SNOW, ICE PELLETS, HAIL 4 = ICE PELLETS
TOTAL MONTH: M 5 = HAIL
GRTST 24HR M ON M 6 = FREEZING RAIN OR DRIZZLE
GRTST DEPTH: M ON M 7 = DUSTSTORM OR SANDSTORM:
VSBY 1/2 MILE OR LESS
8 = SMOKE OR HAZE
[NO. OF DAYS WITH] [WEATHER - DAYS WITH] 9 = BLOWING SNOW
X = TORNADO
MAX 32 OR BELOW: 2 0.01 INCH OR MORE: 24
MAX 90 OR ABOVE: 0 0.10 INCH OR MORE: 18
MIN 32 OR BELOW: 16 0.50 INCH OR MORE: 9
MIN 0 OR BELOW: 0 1.00 INCH OR MORE: 6
[HDD (BASE 65) ]
TOTAL THIS MO. 788 CLEAR (SCALE 0-3) 1
DPTR FM NORMAL 44 PTCLDY (SCALE 4-7) 13
TOTAL FM JUL 1 2135 CLOUDY (SCALE 8-10) 17
DPTR FM NORMAL -249
[CDD (BASE 65) ]
TOTAL THIS MO. 0
DPTR FM NORMAL 0 [PRESSURE DATA]
TOTAL FM JAN 1 40 HIGHEST SLP 30.51 ON 15
DPTR FM NORMAL 18 LOWEST SLP 28.72 ON 27
[REMARKS]
#FINAL-12-22#