000
CXUS56 KEKA 052356
CF6UKI
PRELIMINARY LOCAL CLIMATOLOGICAL DATA (WS FORM: F-6)
STATION: UKIAH CA
MONTH: NOVEMBER
YEAR: 2022
LATITUDE: 39 7 N
LONGITUDE: 123 12 W
TEMPERATURE IN F: :PCPN: SNOW: WIND :SUNSHINE: SKY :PK WND
================================================================================
1 2 3 4 5 6A 6B 7 8 9 10 11 12 13 14 15 16 17 18
12Z AVG MX 2MIN
DY MAX MIN AVG DEP HDD CDD WTR SNW DPTH SPD SPD DIR MIN PSBL S-S WX SPD DR
================================================================================
1 57 41 49 -8 16 0 0.21 M M 5.0 21 300 M M 6 18 38 310
2 58 37 48 -9 17 0 0.01 M M 2.9 13 290 M M 6 12 20 360
3 62 31 47 -9 18 0 0.00 M M 1.6 9 330 M M 1 12 340
4 67 39 53 -3 12 0 0.00 M M 2.2 12 290 M M 7 17 290
5 60 47 54 -2 11 0 0.18 M M 2.8 9 160 M M 9 1 15 160
6 60 42 51 -4 14 0 0.43 M M 4.7 20 300 M M 6 1 30 310
7 52 43 48 -7 17 0 0.52 M M 3.9 20 270 M M 9 1 29 280
8 47 40 44 -11 21 0 0.77 M M 1.5 8 330 M M 9 18 12 350
9 56 37 47 -7 18 0 T M M 0.1 6 140 M M 6 12 7 140
10 60 35 48 -6 17 0 0.00 M M 0.7 6 270 M M 4 12 10 260
11 60 35 48 -6 17 0 0.01 M M 0.3 7 270 M M 5 12 9 40
12 59 36 48 -5 17 0 0.01 M M 2.4 15 320 M M 5 12 19 320
13 61 35 48 -5 17 0 0.00 M M 0.8 7 280 M M 4 28 10 350
14 60 32 46 -7 19 0 0.00 M M 0.5 7 270 M M 2 28 9 270
15 67 30 49 -3 16 0 0.00 M M 1.5 6 320 M M 0 8 10 280
16 68 30 49 -3 16 0 0.00 M M 0.3 6 280 M M 0 18 7 350
17 68 34 51 -1 14 0 0.00 M M 0.5 6 280 M M 0 18 8 360
18 70 36 53 2 12 0 0.00 M M 0.3 6 250 M M 0 1 8 110
19 65 28 47 -4 18 0 0.00 M M 0.6 7 270 M M 0 8 9 270
20 67 27 47 -4 18 0 0.00 M M 0.4 6 270 M M 0 8 9 290
21 66 29 48 -2 17 0 0.00 M M 0.4 7 280 M M 0 8 8 280
22 69 33 51 1 14 0 0.00 M M 1.2 10 360 M M 0 16 350
23 70 34 52 2 13 0 0.00 M M 1.1 7 190 M M 0 9 280
24 73 32 53 4 12 0 0.00 M M 0.7 7 280 M M 0 8 9 270
25 69 34 52 3 13 0 0.00 M M 1.2 12 150 M M 0 16 140
26 70 37 54 5 11 0 0.00 M M 1.2 7 280 M M 0 18 8 290
27 67 31 49 0 16 0 0.00 M M 0.1 5 270 M M 0 18 7 360
28 56 36 46 -2 19 0 T M M 4.0 17 320 M M 3 18 27 320
29 56 29 43 -5 22 0 0.00 M M 0.9 6 280 M M 0 1 7 340
30 55 29 42 -6 23 0 0.01 M M 3.7 15 160 M M 5 1 23 160
================================================================================
SM 1875 1039 485 0 2.15 M 47.5 M 87
================================================================================
AV 62.5 34.6 1.6 FASTST M M 3 MAX(MPH)
MISC ----> 21 300 38 310
================================================================================
NOTES:
# LAST OF SEVERAL OCCURRENCES
COLUMN 17 PEAK WIND IN M.P.H.
PRELIMINARY LOCAL CLIMATOLOGICAL DATA (WS FORM: F-6) , PAGE 2
STATION: UKIAH CA
MONTH: NOVEMBER
YEAR: 2022
LATITUDE: 39 7 N
LONGITUDE: 123 12 W
[TEMPERATURE DATA] [PRECIPITATION DATA] SYMBOLS USED IN COLUMN 16
AVERAGE MONTHLY: 48.6 TOTAL FOR MONTH: 2.15 1 = FOG OR MIST
DPTR FM NORMAL: -3.7 DPTR FM NORMAL: -1.39 2 = FOG REDUCING VISIBILITY
HIGHEST: 73 ON 24 GRTST 24HR 1.25 ON 7- 8 TO 1/4 MILE OR LESS
LOWEST: 27 ON 20 3 = THUNDER
SNOW, ICE PELLETS, HAIL 4 = ICE PELLETS
TOTAL MONTH: M 5 = HAIL
GRTST 24HR M ON M 6 = FREEZING RAIN OR DRIZZLE
GRTST DEPTH: M ON M 7 = DUSTSTORM OR SANDSTORM:
VSBY 1/2 MILE OR LESS
8 = SMOKE OR HAZE
[NO. OF DAYS WITH] [WEATHER - DAYS WITH] 9 = BLOWING SNOW
X = TORNADO
MAX 32 OR BELOW: 0 0.01 INCH OR MORE: 9
MAX 90 OR ABOVE: 0 0.10 INCH OR MORE: 5
MIN 32 OR BELOW: 11 0.50 INCH OR MORE: 2
MIN 0 OR BELOW: 0 1.00 INCH OR MORE: 0
[HDD (BASE 65) ]
TOTAL THIS MO. 485 CLEAR (SCALE 0-3) 17
DPTR FM NORMAL 102 PTCLDY (SCALE 4-7) 10
TOTAL FM JUL 1 576 CLOUDY (SCALE 8-10) 3
DPTR FM NORMAL 41
[CDD (BASE 65) ]
TOTAL THIS MO. 0
DPTR FM NORMAL 0 [PRESSURE DATA]
TOTAL FM JAN 1 1282 HIGHEST SLP 30.42 ON 16
DPTR FM NORMAL 277 LOWEST SLP 29.53 ON 8
[REMARKS]
#FINAL-11-22#