000
CXUS56 KEKA 012231
CF6UKI
PRELIMINARY LOCAL CLIMATOLOGICAL DATA (WS FORM: F-6)
STATION: UKIAH CA
MONTH: APRIL
YEAR: 2022
LATITUDE: 39 7 N
LONGITUDE: 123 12 W
TEMPERATURE IN F: :PCPN: SNOW: WIND :SUNSHINE: SKY :PK WND
================================================================================
1 2 3 4 5 6A 6B 7 8 9 10 11 12 13 14 15 16 17 18
12Z AVG MX 2MIN
DY MAX MIN AVG DEP HDD CDD WTR SNW DPTH SPD SPD DIR MIN PSBL S-S WX SPD DR
================================================================================
1 76 39 58 4 7 0 0.00 M M 3.9 15 350 M M 0 20 330
2 79 39 59 5 6 0 0.00 M M 2.8 14 310 M M 0 17 310
3 73 38 56 2 9 0 0.00 M M 5.9 18 320 M M 0 27 360
4 61 47 54 0 11 0 0.00 M M 5.6 15 320 M M 6 23 320
5 72 41 57 3 8 0 0.00 M M 4.0 13 330 M M 0 21 340
6 90 39 65 11 0 0 0.00 M M 1.3 10 330 M M 0 16 140
7 94 44 69 15 0 4 0.00 M M 1.2 14 310 M M 0 19 330
8 81 45 63 9 2 0 0.00 M M 5.3 16 300 M M 0 26 30
9 73 40 57 2 8 0 0.00 M M 5.0 16 300 M M 0 26 290
10 64 40 52 -3 13 0 0.00 M M 8.7 24 290 M M 0 37 320
11 54 39 47 -8 18 0 0.29 M M 10.5 24 330 M M 5 18 39 320
12 57 33 45 -10 20 0 T M M 4.5 20 300 M M 3 28 290
13 55 40 48 -7 17 0 0.30 M M 4.4 14 220 M M 10 1 20 210
14 57 43 50 -5 15 0 0.73 M M 6.5 14 330 M M 10 1 19 170
15 59 35 47 -9 18 0 0.04 M M 1.9 12 160 M M 8 1 18 190
16 64 41 53 -3 12 0 0.49 M M 5.8 18 330 M M 5 1 25 340
17 69 35 52 -4 13 0 0.00 M M 2.6 12 150 M M 1 1 21 140
18 58 37 48 -8 17 0 0.23 M M 5.0 16 140 M M 8 1 25 180
19 60 43 52 -4 13 0 0.01 M M 2.6 13 270 M M 5 1 17 270
20 56 41 49 -8 16 0 0.24 M M 6.6 16 140 M M 9 1 25 140
21 57 44 51 -6 14 0 0.38 M M 3.9 18 230 M M 8 2 27 210
22 64 43 54 -3 11 0 0.01 M M 3.4 15 300 M M 5 22 290
23 74 39 57 0 8 0 0.00 M M 3.0 15 310 M M 0 24 320
24 78 41 60 2 5 0 0.00 M M 2.6 16 340 M M 0 23 340
25 76 46 61 3 4 0 0.00 M M 5.7 16 350 M M 0 26 310
26 69 49 59 1 6 0 0.00 M M 9.0 15 300 M M 0 22 290
27 69 42 56 -2 9 0 0.00 M M 6.7 17 350 M M 0 27 360
28 65 43 54 -5 11 0 0.00 M M 8.5 17 310 M M 0 26 300
29 73 39 56 -3 9 0 0.00 M M 4.8 17 320 M M 0 23 320
30 67 46 57 -2 8 0 T M M 6.3 20 330 M M 3 30 320
================================================================================
SM 2044 1231 308 4 2.72 M 148.0 M 86
================================================================================
AV 68.1 41.0 4.9 FASTST M M 3 MAX(MPH)
MISC ----> # 24 290 39 320
================================================================================
NOTES:
# LAST OF SEVERAL OCCURRENCES
COLUMN 17 PEAK WIND IN M.P.H.
PRELIMINARY LOCAL CLIMATOLOGICAL DATA (WS FORM: F-6) , PAGE 2
STATION: UKIAH CA
MONTH: APRIL
YEAR: 2022
LATITUDE: 39 7 N
LONGITUDE: 123 12 W
[TEMPERATURE DATA] [PRECIPITATION DATA] SYMBOLS USED IN COLUMN 16
AVERAGE MONTHLY: 54.6 TOTAL FOR MONTH: 2.72 1 = FOG OR MIST
DPTR FM NORMAL: -1.3 DPTR FM NORMAL: 0.17 2 = FOG REDUCING VISIBILITY
HIGHEST: 94 ON 7 GRTST 24HR 0.98 ON 13-14 TO 1/4 MILE OR LESS
LOWEST: 33 ON 12 3 = THUNDER
SNOW, ICE PELLETS, HAIL 4 = ICE PELLETS
TOTAL MONTH: M 5 = HAIL
GRTST 24HR M ON M 6 = FREEZING RAIN OR DRIZZLE
GRTST DEPTH: M ON M 7 = DUSTSTORM OR SANDSTORM:
VSBY 1/2 MILE OR LESS
8 = SMOKE OR HAZE
[NO. OF DAYS WITH] [WEATHER - DAYS WITH] 9 = BLOWING SNOW
X = TORNADO
MAX 32 OR BELOW: 0 0.01 INCH OR MORE: 10
MAX 90 OR ABOVE: 2 0.10 INCH OR MORE: 7
MIN 32 OR BELOW: 0 0.50 INCH OR MORE: 1
MIN 0 OR BELOW: 0 1.00 INCH OR MORE: 0
[HDD (BASE 65) ]
TOTAL THIS MO. 308 CLEAR (SCALE 0-3) 19
DPTR FM NORMAL 30 PTCLDY (SCALE 4-7) 7
TOTAL FM JUL 1 2522 CLOUDY (SCALE 8-10) 4
DPTR FM NORMAL -208
[CDD (BASE 65) ]
TOTAL THIS MO. 4
DPTR FM NORMAL -3 [PRESSURE DATA]
TOTAL FM JAN 1 6 HIGHEST SLP 30.27 ON 23
DPTR FM NORMAL -2 LOWEST SLP 29.77 ON 11
[REMARKS]
#FINAL-04-22#