000
CXUS56 KEKA 071005
CF6UKI
PRELIMINARY LOCAL CLIMATOLOGICAL DATA (WS FORM: F-6)
STATION: UKIAH CA
MONTH: APRIL
YEAR: 2021
LATITUDE: 39 7 N
LONGITUDE: 123 12 W
TEMPERATURE IN F: :PCPN: SNOW: WIND :SUNSHINE: SKY :PK WND
================================================================================
1 2 3 4 5 6A 6B 7 8 9 10 11 12 13 14 15 16 17 18
12Z AVG MX 2MIN
DY MAX MIN AVG DEP HDD CDD WTR SNW DPTH SPD SPD DIR MIN PSBL S-S WX SPD DR
================================================================================
1 83 40 62 8 3 0 0.00 0.0 0 1.9 16 330 M M 0 20 360
2 78 38 58 4 7 0 0.00 0.0 0 4.7 16 130 M M 0 21 140
3 68 45 57 3 8 0 0.00 0.0 0 4.8 12 120 M M 4 14 130
4 70 45 58 4 7 0 0.00 0.0 0 4.3 13 350 M M 4 16 340
5 73 42 58 4 7 0 0.00 M M 2.5 15 340 M M 3 18 320
6 77 41 59 5 6 0 0.00 M M 2.9 12 270 M M 1 1 17 220
7 70 38 54 0 11 0 0.00 0.0 0 4.7 16 350 M M 1 19 350
8 74 37 56 2 9 0 0.00 M M 4.6 17 310 M M 0 25 300
9 73 42 58 3 7 0 0.00 M M 4.9 15 340 M M 0 21 340
10 76 40 58 3 7 0 0.00 M M 3.8 16 290 M M 0 23 290
11 81 39 60 5 5 0 0.00 M M 2.9 14 20 M M 0 17 30
12 83 43 63 8 2 0 0.00 0.0 0 2.1 16 260 M M 0 8 22 260
13 75 41 58 3 7 0 0.00 0.0 0 5.4 23 300 M M 0 30 310
14 74 37 56 1 9 0 0.00 0.0 0 2.9 21 290 M M 0 30 260
15 75 37 56 0 9 0 0.00 0.0 0 3.3 14 160 M M 0 18 140
16 80 39 60 4 5 0 0.00 0.0 0 4.0 15 280 M M 0 20 290
17 85 43 64 8 1 0 0.00 M M 3.5 20 310 M M 0 24 310
18 87 41 64 8 1 0 0.00 M M 3.9 21 300 M M 0 27 270
19 82 43 63 7 2 0 0.00 M M 5.3 21 330 M M 0 26 340
20 70 49 60 3 5 0 0.00 M M 7.7 16 320 M M 0 25 340
21 80 44 62 5 3 0 0.00 M M 3.2 13 300 M M 0 20 320
22 79 43 61 4 4 0 0.00 M M 4.7 18 340 M M 1 2 27 330
23 79 42 61 4 4 0 0.00 M M 4.5 17 360 M M 0 22 360
24 64 49 57 -1 8 0 T M M 5.3 15 260 M M 6 19 240
25 59 43 51 -7 14 0 0.29 M M 4.4 13 320 M M 7 18 18 320
26 64 37 51 -7 14 0 0.00 M M 3.3 17 320 M M 2 22 320
27 76 38 57 -1 8 0 0.00 M M 2.9 16 320 M M 0 21 310
28 87 42 65 6 0 0 0.00 M M 2.3 16 310 M M 0 21 310
29 90 45 68 9 0 3 0.00 M M 2.5 14 360 M M 0 20 360
30 85 44 65 6 0 0 0.00 M M 2.9 12 10 M M 0 17 10
================================================================================
SM 2297 1247 173 3 0.29 0.0 116.1 M 29
================================================================================
AV 76.6 41.6 3.9 FASTST M M 1 MAX(MPH)
MISC ----> 23 300 # 30 310
================================================================================
NOTES:
# LAST OF SEVERAL OCCURRENCES
COLUMN 17 PEAK WIND IN M.P.H.
PRELIMINARY LOCAL CLIMATOLOGICAL DATA (WS FORM: F-6) , PAGE 2
STATION: UKIAH CA
MONTH: APRIL
YEAR: 2021
LATITUDE: 39 7 N
LONGITUDE: 123 12 W
[TEMPERATURE DATA] [PRECIPITATION DATA] SYMBOLS USED IN COLUMN 16
AVERAGE MONTHLY: 59.1 TOTAL FOR MONTH: 0.29 1 = FOG OR MIST
DPTR FM NORMAL: 3.2 DPTR FM NORMAL: -2.26 2 = FOG REDUCING VISIBILITY
HIGHEST: 90 ON 29 GRTST 24HR 0.29 ON 25-25 TO 1/4 MILE OR LESS
LOWEST: 37 ON 26,15 3 = THUNDER
SNOW, ICE PELLETS, HAIL 4 = ICE PELLETS
TOTAL MONTH: 0.0 INCH 5 = HAIL
GRTST 24HR 0.0 6 = FREEZING RAIN OR DRIZZLE
GRTST DEPTH: 0 7 = DUSTSTORM OR SANDSTORM:
VSBY 1/2 MILE OR LESS
8 = SMOKE OR HAZE
[NO. OF DAYS WITH] [WEATHER - DAYS WITH] 9 = BLOWING SNOW
X = TORNADO
MAX 32 OR BELOW: 0 0.01 INCH OR MORE: 1
MAX 90 OR ABOVE: 1 0.10 INCH OR MORE: 1
MIN 32 OR BELOW: 0 0.50 INCH OR MORE: 0
MIN 0 OR BELOW: 0 1.00 INCH OR MORE: 0
[HDD (BASE 65) ]
TOTAL THIS MO. 173 CLEAR (SCALE 0-3) 26
DPTR FM NORMAL -105 PTCLDY (SCALE 4-7) 4
TOTAL FM JUL 1 2490 CLOUDY (SCALE 8-10) 0
DPTR FM NORMAL -240
[CDD (BASE 65) ]
TOTAL THIS MO. 3
DPTR FM NORMAL -4 [PRESSURE DATA]
TOTAL FM JAN 1 3 HIGHEST SLP M ON M
DPTR FM NORMAL -5 LOWEST SLP 29.74 ON 13
[REMARKS]
#FINAL-04-21#