000
CXUS54 KEWX 011110
CF6UVA
PRELIMINARY LOCAL CLIMATOLOGICAL DATA (WS FORM: F-6)
STATION: UVALDE
MONTH: JANUARY
YEAR: 2024
LATITUDE: 29 12 N
LONGITUDE: 99 44 W
TEMPERATURE IN F: :PCPN: SNOW: WIND :SUNSHINE: SKY :PK WND
================================================================================
1 2 3 4 5 6A 6B 7 8 9 10 11 12 13 14 15 16 17 18
12Z AVG MX 2MIN
DY MAX MIN AVG DEP HDD CDD WTR SNW DPTH SPD SPD DIR MIN PSBL S-S WX SPD DR
================================================================================
1 64 45 55 M 10 0 0.00 M M 4.9 9 10 M M 0 M M
2 51 45 48 M 17 0 0.00 M M 4.8 12 70 M M 10 16 80
3 58 38 48 M 17 0 0.00 M M 4.2 10 40 M M 5 M M
4 50 35 43 M 22 0 0.00 M M 6.5 12 140 M M 8 16 120
5 66 39 53 M 12 0 0.00 M M 7.9 21 270 M M 0 26 270
6 69 33 51 M 14 0 0.00 M M 4.8 21 310 M M 0 25 300
7 68 35 52 M 13 0 0.00 M M 9.9 20 140 M M 4 29 130
8 65 49 57 M 8 0 0.00 M M 15.4 30 310 M M 6 37 310
9 60 32 46 M 19 0 0.00 M M 9.9 18 320 M M 0 26 320
10 69 29 49 M 16 0 0.00 M M 3.6 9 170 M M 0 M M
11 77 35 56 M 9 0 0.00 M M 5.1 10 150 M M 0 12 200
12 64 36 50 M 15 0 0.00 M M 15.1 31 320 M M 1 41 320
13 67 31 49 M 16 0 0.00 M M 5.6 9 160 M M 0 18 160
14 45 30 38 M 27 0 0.00 M M 9.1 15 60 M M 8 16 60
15 33 23 28 M 37 0 0.00 M M 4.4 14 50 M M 8 20 50
16 37 18 28 M 37 0 0.00 M M 4.9 10 350 M M 0 17 20
17 46 16 31 M 34 0 0.00 M M 5.0 12 150 M M 0 16 180
18 73 26 50 M 15 0 0.00 M M 2.9 8 200 M M 0 M M
19 55 33 44 M 21 0 0.00 M M 7.6 14 40 M M 0 20 50
20 42 24 33 M 32 0 0.00 M M 5.8 9 120 M M 6 M M
21 40 34 37 M 28 0 0.00 M M 6.0 12 80 M M 9 24 90
22 64 40 52 M 13 0 0.00 M M 1.8 8 100 M M 6 M M
23 64 54 59 M 6 0 0.04 M M 3.0 13 150 M M 9 M M
24 66 53 60 M 5 0 0.00 M M 4.9 15 290 M M 6 22 290
25 73 42 58 M 7 0 0.00 M M 3.5 8 160 M M 0 M M
26 71 48 60 M 5 0 0.00 M M 4.2 8 190 M M 4 M M
27 67 45 56 M 9 0 0.00 M M 8.8 16 350 M M 1 24 350
28 69 37 53 M 12 0 0.00 M M 2.8 5 170 M M 0 M M
29 69 37 53 M 12 0 0.00 M M 4.8 9 170 M M 0 M M
30 70 41 56 M 9 0 0.00 M M 4.1 7 110 M M 0 M M
31 69 39 54 M 11 0 0.00 M M 4.8 9 120 M M 0 M M
================================================================================
SM 1881 1122 508 0 0.04 M 186.2 M 91
================================================================================
AV 60.7 36.2 6.0 FASTST M M 3 MAX(MPH)
MISC ----> 31 320 41 320
================================================================================
NOTES:
# LAST OF SEVERAL OCCURRENCES
COLUMN 17 PEAK WIND IN M.P.H.
PRELIMINARY LOCAL CLIMATOLOGICAL DATA (WS FORM: F-6) , PAGE 2
STATION: UVALDE
MONTH: JANUARY
YEAR: 2024
LATITUDE: 29 12 N
LONGITUDE: 99 44 W
[TEMPERATURE DATA] [PRECIPITATION DATA] SYMBOLS USED IN COLUMN 16
AVERAGE MONTHLY: 48.4 TOTAL FOR MONTH: 0.04 1 = FOG OR MIST
DPTR FM NORMAL: 0.0 DPTR FM NORMAL: M 2 = FOG REDUCING VISIBILITY
HIGHEST: 77 ON 11 GRTST 24HR 3.57 ON 21-22 TO 1/4 MILE OR LESS
LOWEST: 16 ON 17 3 = THUNDER
SNOW, ICE PELLETS, HAIL 4 = ICE PELLETS
TOTAL MONTH: M 5 = HAIL
GRTST 24HR M ON M 6 = FREEZING RAIN OR DRIZZLE
GRTST DEPTH: M ON M 7 = DUSTSTORM OR SANDSTORM:
VSBY 1/2 MILE OR LESS
8 = SMOKE OR HAZE
[NO. OF DAYS WITH] [WEATHER - DAYS WITH] 9 = BLOWING SNOW
X = TORNADO
MAX 32 OR BELOW: 0 0.01 INCH OR MORE: 1
MAX 90 OR ABOVE: 0 0.10 INCH OR MORE: 0
MIN 32 OR BELOW: 9 0.50 INCH OR MORE: 0
MIN 0 OR BELOW: 0 1.00 INCH OR MORE: 0
[HDD (BASE 65) ]
TOTAL THIS MO. 508 CLEAR (SCALE 0-3) 18
DPTR FM NORMAL M PTCLDY (SCALE 4-7) 8
TOTAL FM JUL 1 1005 CLOUDY (SCALE 8-10) 5
DPTR FM NORMAL M
[CDD (BASE 65) ]
TOTAL THIS MO. 0
DPTR FM NORMAL M [PRESSURE DATA]
TOTAL FM JAN 1 0 HIGHEST SLP M ON M
DPTR FM NORMAL M LOWEST SLP M ON M
[REMARKS]
#FINAL-01-24#