000
CXUS54 KCRP 011532
CF6VCT
PRELIMINARY LOCAL CLIMATOLOGICAL DATA (WS FORM: F-6)
STATION: VICTORIA
MONTH: DECEMBER
YEAR: 2022
LATITUDE: 28 51 N
LONGITUDE: 96 55 W
TEMPERATURE IN F: :PCPN: SNOW: WIND :SUNSHINE: SKY :PK WND
================================================================================
1 2 3 4 5 6A 6B 7 8 9 10 11 12 13 14 15 16 17 18
12Z AVG MX 2MIN
DY MAX MIN AVG DEP HDD CDD WTR SNW DPTH SPD SPD DIR MIN PSBL S-S WX SPD DR
================================================================================
1 61 43 52 -7 13 0 0.00 0.0 0 9.6 16 30 M M 8 1 22 30
2 74 58 66 8 0 1 0.11 0.0 0 4.4 14 200 M M 10 12 22 80
3 73 54 64 6 1 0 0.00 0.0 0 6.6 14 10 M M 9 12 19 10
4 68 52 60 2 5 0 0.00 0.0 0 5.2 12 20 M M 9 1 15 360
5 82 65 74 16 0 9 0.00 0.0 0 8.8 23 190 M M 6 128 29 190
6 82 65 74 16 0 9 0.00 0.0 0 11.3 22 170 M M 8 12 29 200
7 84 63 74 16 0 9 0.00 0.0 0 8.6 20 160 M M 8 12 27 140
8 83 69 76 19 0 11 0.00 0.0 0 9.8 17 170 M M 6 1 23 160
9 82 68 75 18 0 10 0.01 0.0 0 7.9 21 160 M M 8 12 27 160
10 82 65 74 17 0 9 T 0.0 0 8.2 22 150 M M 8 12 28 150
11 72 65 69 12 0 4 0.39 0.0 0 7.4 14 10 M M 10 13 19 320
12 77 65 71 14 0 6 0.13 0.0 0 10.4 24 150 M M 9 18 31 150
13 81 66 74 17 0 9 0.00 0.0 0 13.2 29 180 M M 8 18 39 200
14 74 44 59 3 6 0 0.01 0.0 0 10.4 23 340 M M 5 34 360
15 69 36 53 -3 12 0 0.00 0.0 0 5.9 10 120 M M 0 15 100
16 76 47 62 6 3 0 0.09 0.0 0 10.0 21 10 M M 5 1 29 360
17 57 37 47 -9 18 0 0.00 0.0 0 7.7 17 10 M M 6 24 360
18 55 37 46 -10 19 0 0.00 0.0 0 9.2 16 60 M M 8 22 70
19 55 47 51 -5 14 0 0.66 0.0 0 10.9 20 10 M M 10 138 27 10
20 59 46 53 -3 12 0 0.00 0.0 0 9.7 17 350 M M 10 1 22 350
21 52 40 46 -9 19 0 0.00 0.0 0 3.7 9 80 M M 5 1 14 50
22 69 22 46 -9 19 0 0.00 0.0 0 11.7 32 360 M M 8 1 48 360
23 35 17 26 -29 39 0 0.00 0.0 0 16.1 26 350 M M 0 40 360
24 43 19 31 -24 34 0 0.00 0.0 0 7.0 15 20 M M 0 23 10
25 52 20 36 -19 29 0 0.00 0.0 0 5.3 12 10 M M 0 16 50
26 67 25 46 -9 19 0 0.00 0.0 0 4.1 13 280 M M 1 17 280
27 61 31 46 -9 19 0 0.00 0.0 0 5.4 12 30 M M 0 16 20
28 78 37 58 3 7 0 0.00 0.0 0 10.9 29 170 M M 4 1 38 170
29 78 58 68 14 0 3 0.02 0.0 0 8.7 25 150 M M 9 128 34 150
30 75 49 62 8 3 0 0.00 0.0 0 6.2 16 30 M M 2 12 22 30
31 81 44 63 9 2 0 0.00 0.0 0 7.8 16 170 M M 0 12 20 170
================================================================================
SM 2137 1454 293 80 1.42 0.0 262.1 M 180
================================================================================
AV 68.9 46.9 8.5 FASTST M M 6 MAX(MPH)
MISC ----> 32 360 48 360
================================================================================
NOTES:
# LAST OF SEVERAL OCCURRENCES
COLUMN 17 PEAK WIND IN M.P.H.
PRELIMINARY LOCAL CLIMATOLOGICAL DATA (WS FORM: F-6) , PAGE 2
STATION: VICTORIA
MONTH: DECEMBER
YEAR: 2022
LATITUDE: 28 51 N
LONGITUDE: 96 55 W
[TEMPERATURE DATA] [PRECIPITATION DATA] SYMBOLS USED IN COLUMN 16
AVERAGE MONTHLY: 57.9 TOTAL FOR MONTH: 1.42 1 = FOG OR MIST
DPTR FM NORMAL: 1.7 DPTR FM NORMAL: -0.92 2 = FOG REDUCING VISIBILITY
HIGHEST: 84 ON 7 GRTST 24HR 0.66 ON 19-19 TO 1/4 MILE OR LESS
LOWEST: 17 ON 23 3 = THUNDER
SNOW, ICE PELLETS, HAIL 4 = ICE PELLETS
TOTAL MONTH: 0.0 INCH 5 = HAIL
GRTST 24HR 0.0 6 = FREEZING RAIN OR DRIZZLE
GRTST DEPTH: 0 7 = DUSTSTORM OR SANDSTORM:
VSBY 1/2 MILE OR LESS
8 = SMOKE OR HAZE
[NO. OF DAYS WITH] [WEATHER - DAYS WITH] 9 = BLOWING SNOW
X = TORNADO
MAX 32 OR BELOW: 0 0.01 INCH OR MORE: 8
MAX 90 OR ABOVE: 0 0.10 INCH OR MORE: 4
MIN 32 OR BELOW: 6 0.50 INCH OR MORE: 1
MIN 0 OR BELOW: 0 1.00 INCH OR MORE: 0
[HDD (BASE 65) ]
TOTAL THIS MO. 293 CLEAR (SCALE 0-3) 8
DPTR FM NORMAL -7 PTCLDY (SCALE 4-7) 13
TOTAL FM JUL 1 505 CLOUDY (SCALE 8-10) 10
DPTR FM NORMAL 38
[CDD (BASE 65) ]
TOTAL THIS MO. 80
DPTR FM NORMAL 51 [PRESSURE DATA]
TOTAL FM JAN 1 3817 HIGHEST SLP 30.73 ON 23
DPTR FM NORMAL 531 LOWEST SLP 29.65 ON 13
[REMARKS]
#FINAL-12-22#