000
CXUS55 KGJT 011010
CF6VEL
PRELIMINARY LOCAL CLIMATOLOGICAL DATA (WS FORM: F-6)
STATION: VERNAL UT
MONTH: NOVEMBER
YEAR: 2021
LATITUDE: 40 27 N
LONGITUDE: 109 31 W
TEMPERATURE IN F: :PCPN: SNOW: WIND :SUNSHINE: SKY :PK WND
================================================================================
1 2 3 4 5 6A 6B 7 8 9 10 11 12 13 14 15 16 17 18
12Z AVG MX 2MIN
DY MAX MIN AVG DEP HDD CDD WTR SNW DPTH SPD SPD DIR MIN PSBL S-S WX SPD DR
================================================================================
1 56 38 47 5 18 0 0.01 M M 2.6 9 320 M M 4 13 310
2 52 41 47 5 18 0 0.13 M M 1.4 8 290 M M 8 1 9 290
3 55 35 45 4 20 0 T M M 3.5 9 130 M M 2 12 150
4 56 31 44 3 21 0 0.00 M M 2.4 8 130 M M 0 11 130
5 61 32 47 7 18 0 0.00 M M 2.9 8 290 M M 0 10 70
6 61 32 47 7 18 0 0.00 M M 3.5 9 300 M M 0 10 300
7 65 33 49 10 16 0 T M M 4.1 20 260 M M 1 28 260
8 57 35 46 7 19 0 0.00 M M 4.6 12 40 M M 1 18 10
9 49 30 40 2 25 0 T M M 1.5 9 130 M M 5 11 140
10 56 29 43 5 22 0 0.01 M M 4.8 20 250 M M 3 26 260
11 53 27 40 3 25 0 0.00 M M 3.8 10 290 M M 2 12 290
12 57 29 43 6 22 0 0.00 M M 3.5 9 290 M M 1 11 130
13 55 29 42 6 23 0 0.00 M M 2.9 9 280 M M 0 12 120
14 52 29 41 5 24 0 0.00 M M 2.6 8 310 M M 0 9 340
15 58 32 45 10 20 0 0.00 M M 3.1 7 300 M M 0 9 170
16 61 32 47 12 18 0 0.00 M M 7.5 32 240 M M 0 43 230
17 44 22 33 -1 32 0 0.00 M M 6.6 18 60 M M 0 24 70
18 43 17 30 -4 35 0 0.00 M M 2.8 8 160 M M 0 12 130
19 52 28 40 7 25 0 0.00 M M 2.5 9 290 M M 6 10 290
20 51 28 40 7 25 0 T M M 5.8 20 20 M M 7 27 20
21 45 21 33 1 32 0 0.00 M M 4.1 10 210 M M 0 14 190
22 48 18 33 1 32 0 0.00 M M 2.5 8 290 M M 0 11 140
23 40 18 29 -2 36 0 0.00 M M 3.1 8 290 M M 1 9 110
24 46 18 32 1 33 0 0.00 M M 4.7 13 10 M M 3 20 100
25 40 15 28 -2 37 0 0.00 M M 3.5 8 300 M M 0 10 140
26 45 17 31 1 34 0 0.00 M M 2.0 7 260 M M 0 10 140
27 46 19 33 4 32 0 0.00 M M 2.9 10 290 M M 0 13 260
28 50 21 36 7 29 0 0.00 M M 3.5 8 290 M M 0 10 100
29 52 23 38 10 27 0 0.00 M M 3.4 9 300 M M 0 11 140
30 48 19 34 6 31 0 0.00 M M 2.8 9 260 M M 0 8 10 250
================================================================================
SM 1554 798 767 0 0.15 M 104.9 M 44
================================================================================
AV 51.8 26.6 3.5 FASTST M M 1 MAX(MPH)
MISC ----> 32 240 43 230
================================================================================
NOTES:
# LAST OF SEVERAL OCCURRENCES
COLUMN 17 PEAK WIND IN M.P.H.
PRELIMINARY LOCAL CLIMATOLOGICAL DATA (WS FORM: F-6) , PAGE 2
STATION: VERNAL UT
MONTH: NOVEMBER
YEAR: 2021
LATITUDE: 40 27 N
LONGITUDE: 109 31 W
[TEMPERATURE DATA] [PRECIPITATION DATA] SYMBOLS USED IN COLUMN 16
AVERAGE MONTHLY: 39.2 TOTAL FOR MONTH: 0.15 1 = FOG OR MIST
DPTR FM NORMAL: 4.2 DPTR FM NORMAL: -0.28 2 = FOG REDUCING VISIBILITY
HIGHEST: 65 ON 7 GRTST 24HR 0.14 ON 1- 2 TO 1/4 MILE OR LESS
LOWEST: 15 ON 25 3 = THUNDER
SNOW, ICE PELLETS, HAIL 4 = ICE PELLETS
TOTAL MONTH: M 5 = HAIL
GRTST 24HR M ON M 6 = FREEZING RAIN OR DRIZZLE
GRTST DEPTH: M ON M 7 = DUSTSTORM OR SANDSTORM:
VSBY 1/2 MILE OR LESS
8 = SMOKE OR HAZE
[NO. OF DAYS WITH] [WEATHER - DAYS WITH] 9 = BLOWING SNOW
X = TORNADO
MAX 32 OR BELOW: 0 0.01 INCH OR MORE: 3
MAX 90 OR ABOVE: 0 0.10 INCH OR MORE: 1
MIN 32 OR BELOW: 25 0.50 INCH OR MORE: 0
MIN 0 OR BELOW: 0 1.00 INCH OR MORE: 0
[HDD (BASE 65) ]
TOTAL THIS MO. 767 CLEAR (SCALE 0-3) 25
DPTR FM NORMAL -132 PTCLDY (SCALE 4-7) 4
TOTAL FM JUL 1 1388 CLOUDY (SCALE 8-10) 1
DPTR FM NORMAL -152
[CDD (BASE 65) ]
TOTAL THIS MO. 0
DPTR FM NORMAL 0 [PRESSURE DATA]
TOTAL FM JAN 1 960 HIGHEST SLP 30.76 ON 25
DPTR FM NORMAL 290 LOWEST SLP 29.78 ON 16
[REMARKS]
#FINAL-11-21#