000
CXUS55 KGJT 010910
CF6VEL
PRELIMINARY LOCAL CLIMATOLOGICAL DATA (WS FORM: F-6)
STATION: VERNAL UT
MONTH: JULY
YEAR: 2021
LATITUDE: 40 27 N
LONGITUDE: 109 31 W
TEMPERATURE IN F: :PCPN: SNOW: WIND :SUNSHINE: SKY :PK WND
================================================================================
1 2 3 4 5 6A 6B 7 8 9 10 11 12 13 14 15 16 17 18
12Z AVG MX 2MIN
DY MAX MIN AVG DEP HDD CDD WTR SNW DPTH SPD SPD DIR MIN PSBL S-S WX SPD DR
================================================================================
1 89 62 76 4 0 11 0.00 M M 5.4 16 290 M M 1 22 210
2 93 60 77 5 0 12 0.00 M M 4.8 20 320 M M 1 27 340
3 94 58 76 4 0 11 0.00 M M 6.5 26 350 M M 0 3 36 350
4 98 62 80 8 0 15 0.00 M M 7.6 26 340 M M 0 36 320
5 94 68 81 8 0 16 T M M 6.2 25 350 M M 1 36 350
6 96 58 77 4 0 12 0.00 M M 4.7 14 20 M M 1 22 30
7 98 59 79 6 0 14 0.00 M M 4.6 16 330 M M 0 21 330
8 102 66 84 11 0 19 0.00 M M 4.7 21 30 M M 0 27 30
9 104 64 84 10 0 19 0.00 M M 10.1 26 260 M M 0 37 240
10 94 64 79 5 0 14 0.00 M M 6.3 18 20 M M 0 24 20
11 97 59 78 4 0 13 0.00 M M 6.1 20 30 M M 0 28 20
12 100 58 79 5 0 14 T M M 5.4 40 40 M M 0 8 54 40
13 90 62 76 2 0 11 T M M 6.1 22 190 M M 0 3 31 210
14 89 62 76 2 0 11 T M M 5.6 17 270 M M 0 26 200
15 93 56 75 1 0 10 0.00 M M 6.4 31 320 M M 0 8 46 340
16 93 65 79 4 0 14 0.00 M M 3.9 20 330 M M 0 25 340
17 97 61 79 4 0 14 0.00 M M 3.1 12 300 M M 0 16 320
18 100 62 81 6 0 16 0.00 M M 3.9 16 10 M M 0 22 280
19 100 63 82 7 0 17 0.00 M M 7.3 29 200 M M 0 35 200
20 96 69 83 8 0 18 T M M 8.8 30 220 M M 1 3 43 220
21 95 72 84 9 0 19 T M M 7.4 26 350 M M 3 36 10
22 97 66 82 7 0 17 0.01 M M 6.8 26 300 M M 3 3 32 290
23 92 67 80 5 0 15 0.00 M M 4.9 17 340 M M 1 26 330
24 97 65 81 6 0 16 0.00 M M 4.9 13 120 M M 0 20 110
25 94 66 80 5 0 15 0.00 M M 5.6 18 240 M M 0 26 230
26 96 62 79 4 0 14 0.00 M M 4.2 15 210 M M 0 18 220
27 96 65 81 6 0 16 0.00 M M 5.4 22 250 M M 0 31 220
28 96 64 80 5 0 15 0.46 M M 5.7 25 80 M M 3 13 37 90
29 90 64 77 2 0 12 0.39 M M 3.8 29 220 M M 2 13 40 160
30 84 63 74 -1 0 9 1.21 M M 3.3 12 360 M M 3 13 15 40
31 86 65 76 1 0 11 0.00 M M 6.0 24 70 M M 2 8 36 70
================================================================================
SM 2940 1957 0 440 2.07 M 175.5 M 22
================================================================================
AV 94.8 63.1 5.7 FASTST M M 1 MAX(MPH)
MISC ----> 40 40 54 40
================================================================================
NOTES:
# LAST OF SEVERAL OCCURRENCES
COLUMN 17 PEAK WIND IN M.P.H.
PRELIMINARY LOCAL CLIMATOLOGICAL DATA (WS FORM: F-6) , PAGE 2
STATION: VERNAL UT
MONTH: JULY
YEAR: 2021
LATITUDE: 40 27 N
LONGITUDE: 109 31 W
[TEMPERATURE DATA] [PRECIPITATION DATA] SYMBOLS USED IN COLUMN 16
AVERAGE MONTHLY: 79.0 TOTAL FOR MONTH: 2.07 1 = FOG OR MIST
DPTR FM NORMAL: 5.0 DPTR FM NORMAL: 1.54 2 = FOG REDUCING VISIBILITY
HIGHEST: 104 ON 9 GRTST 24HR 1.58 ON 29-30 TO 1/4 MILE OR LESS
LOWEST: 56 ON 15 3 = THUNDER
SNOW, ICE PELLETS, HAIL 4 = ICE PELLETS
TOTAL MONTH: M 5 = HAIL
GRTST 24HR M ON M 6 = FREEZING RAIN OR DRIZZLE
GRTST DEPTH: M ON M 7 = DUSTSTORM OR SANDSTORM:
VSBY 1/2 MILE OR LESS
8 = SMOKE OR HAZE
[NO. OF DAYS WITH] [WEATHER - DAYS WITH] 9 = BLOWING SNOW
X = TORNADO
MAX 32 OR BELOW: 0 0.01 INCH OR MORE: 4
MAX 90 OR ABOVE: 27 0.10 INCH OR MORE: 3
MIN 32 OR BELOW: 0 0.50 INCH OR MORE: 1
MIN 0 OR BELOW: 0 1.00 INCH OR MORE: 1
[HDD (BASE 65) ]
TOTAL THIS MO. 0 CLEAR (SCALE 0-3) 31
DPTR FM NORMAL -1 PTCLDY (SCALE 4-7) 0
TOTAL FM JUL 1 0 CLOUDY (SCALE 8-10) 0
DPTR FM NORMAL 0
[CDD (BASE 65) ]
TOTAL THIS MO. 440
DPTR FM NORMAL 159 [PRESSURE DATA]
TOTAL FM JAN 1 685 HIGHEST SLP M ON M
DPTR FM NORMAL 270 LOWEST SLP 29.72 ON 8
[REMARKS]
#FINAL-07-21#