000
CXUS52 KTAE 010800
CF6VLD
PRELIMINARY LOCAL CLIMATOLOGICAL DATA (WS FORM: F-6)
STATION: VALDOSTA
MONTH: APRIL
YEAR: 2022
LATITUDE: 30 46 N
LONGITUDE: 83 17 W
TEMPERATURE IN F: :PCPN: SNOW: WIND :SUNSHINE: SKY :PK WND
================================================================================
1 2 3 4 5 6A 6B 7 8 9 10 11 12 13 14 15 16 17 18
12Z AVG MX 2MIN
DY MAX MIN AVG DEP HDD CDD WTR SNW DPTH SPD SPD DIR MIN PSBL S-S WX SPD DR
================================================================================
1 80 54 67 4 0 2 0.00 0.0 M 2.5 16 360 M M 0 19 10
2 65 49 57 -6 8 0 0.02 0.0 0 1.3 9 170 M M 2 1 12 10
3 79 47 63 0 2 0 0.00 0.0 M 2.6 18 10 M M 0 1 23 30
4 83 47 65 1 0 0 0.00 M M 1.5 15 160 M M 0 1 25 170
5 85 56 71 7 0 6 1.05 0.0 0 8.1 22 190 M M 5 13 34 200
6 83 65 74 10 0 9 1.53 0.0 M 5.8 20 40 M M 9 123 30 50
7 79 54 67 3 0 2 0.01 0.0 M 2.0 12 210 M M 5 138 16 210
8 72 47 60 -4 5 0 0.00 0.0 0 3.6 12 230 M M 1 28 260
9 64 41 53 -12 12 0 0.00 0.0 0 3.8 23 270 M M 1 35 270
10 78 41 60 -5 5 0 0.00 0.0 0 1.2 8 20 M M 0 13 310
11 82 45 64 -1 1 0 0.00 0.0 0 3.7 14 150 M M 0 19 160
12 84 55 70 5 0 5 0.00 0.0 0 4.0 13 180 M M 1 21 210
13 85 58 72 6 0 7 0.00 0.0 0 6.1 18 170 M M 0 24 170
14 81 61 71 5 0 6 0.00 0.0 0 2.7 16 170 M M 2 1 18 170
15 86 60 73 7 0 8 0.00 0.0 0 6.3 16 120 M M 1 1 22 100
16 81 58 70 4 0 5 T M M 0.7 8 10 M M 4 1 13 220
17 87 63 75 9 0 10 0.13 0.0 M 2.9 14 170 M M 5 123 19 160
18 82 62 72 5 0 7 0.01 M M 3.0 10 350 M M 3 1 20 300
19 73 47 60 -7 5 0 0.00 M M 6.7 17 10 M M 0 23 10
20 80 43 62 -5 3 0 0.00 0.0 M 6.3 16 130 M M 1 22 140
21 81 56 69 1 0 4 0.00 0.0 0 5.8 15 140 M M 2 22 110
22 83 57 70 2 0 5 0.00 0.0 0 5.2 14 100 M M 0 20 50
23 83 55 69 1 0 4 0.00 0.0 0 5.5 15 160 M M 3 12 26 140
24 86 56 71 3 0 6 0.00 0.0 0 4.7 14 150 M M 1 19 180
25 87 58 73 5 0 8 0.00 0.0 0 2.5 12 180 M M 1 1 16 160
26 89 61 75 6 0 10 T 0.0 M 1.8 9 190 M M 1 12 190
27 86 59 73 4 0 8 0.00 0.0 M 5.0 14 350 M M 1 19 10
28 83 60 72 3 0 7 0.00 0.0 M 6.2 15 70 M M 0 22 70
29 85 53 69 0 0 4 0.00 0.0 0 5.6 17 160 M M 1 22 150
30 86 62 74 4 0 9 0.00 0.0 0 4.6 13 170 M M 3 18 170
================================================================================
SM 2438 1630 41 132 2.75 0.0 121.7 M 53
================================================================================
AV 81.3 54.3 4.1 FASTST M M 2 MAX(MPH)
MISC ----> 23 270 35 270
================================================================================
NOTES:
# LAST OF SEVERAL OCCURRENCES
COLUMN 17 PEAK WIND IN M.P.H.
PRELIMINARY LOCAL CLIMATOLOGICAL DATA (WS FORM: F-6) , PAGE 2
STATION: VALDOSTA
MONTH: APRIL
YEAR: 2022
LATITUDE: 30 46 N
LONGITUDE: 83 17 W
[TEMPERATURE DATA] [PRECIPITATION DATA] SYMBOLS USED IN COLUMN 16
AVERAGE MONTHLY: 67.8 TOTAL FOR MONTH: 2.75 1 = FOG OR MIST
DPTR FM NORMAL: 1.6 DPTR FM NORMAL: -0.91 2 = FOG REDUCING VISIBILITY
HIGHEST: 89 ON 26 GRTST 24HR 1.54 ON 6- 7 TO 1/4 MILE OR LESS
LOWEST: 41 ON 10, 9 3 = THUNDER
SNOW, ICE PELLETS, HAIL 4 = ICE PELLETS
TOTAL MONTH: 0.0 INCH 5 = HAIL
GRTST 24HR 0.0 6 = FREEZING RAIN OR DRIZZLE
GRTST DEPTH: 0 7 = DUSTSTORM OR SANDSTORM:
VSBY 1/2 MILE OR LESS
8 = SMOKE OR HAZE
[NO. OF DAYS WITH] [WEATHER - DAYS WITH] 9 = BLOWING SNOW
X = TORNADO
MAX 32 OR BELOW: 0 0.01 INCH OR MORE: 6
MAX 90 OR ABOVE: 0 0.10 INCH OR MORE: 3
MIN 32 OR BELOW: 0 0.50 INCH OR MORE: 2
MIN 0 OR BELOW: 0 1.00 INCH OR MORE: 2
[HDD (BASE 65) ]
TOTAL THIS MO. 41 CLEAR (SCALE 0-3) 23
DPTR FM NORMAL -21 PTCLDY (SCALE 4-7) 6
TOTAL FM JUL 1 1199 CLOUDY (SCALE 8-10) 1
DPTR FM NORMAL -446
[CDD (BASE 65) ]
TOTAL THIS MO. 132
DPTR FM NORMAL 34 [PRESSURE DATA]
TOTAL FM JAN 1 265 HIGHEST SLP 30.42 ON 21
DPTR FM NORMAL 112 LOWEST SLP 29.72 ON 7
[REMARKS]
#FINAL-04-22#