000
CXUS56 KLOX 011155
CF6VNY
PRELIMINARY LOCAL CLIMATOLOGICAL DATA (WS FORM: F-6)
STATION: VAN NUYS AIRPORT CA
MONTH: JUNE
YEAR: 2022
LATITUDE: 34 13 N
LONGITUDE: 118 29 W
TEMPERATURE IN F: :PCPN: SNOW: WIND :SUNSHINE: SKY :PK WND
================================================================================
1 2 3 4 5 6A 6B 7 8 9 10 11 12 13 14 15 16 17 18
12Z AVG MX 2MIN
DY MAX MIN AVG DEP HDD CDD WTR SNW DPTH SPD SPD DIR MIN PSBL S-S WX SPD DR
================================================================================
1 96 60 78 9 0 13 0.00 M M 4.5 15 130 M M 0 18 130
2 88 60 74 5 0 9 0.00 M M 5.2 14 140 M M 2 18 21 140
3 81 60 71 1 0 6 0.00 M M 6.1 15 150 M M 5 8 19 150
4 77 60 69 -1 0 4 0.00 M M 6.5 15 150 M M 5 19 150
5 84 60 72 2 0 7 0.00 M M 4.9 15 160 M M 1 18 150
6 85 64 75 5 0 10 0.00 M M 6.0 16 160 M M 3 23 150
7 88 62 75 5 0 10 0.00 M M 6.5 14 140 M M 1 18 19 140
8 93 63 78 8 0 13 0.00 M M 4.9 13 150 M M 2 18 16 130
9 95 64 80 10 0 15 0.00 M M 5.1 14 140 M M 2 18 21 90
10 101 66 84 13 0 19 0.00 M M 5.4 14 150 M M 0 8 17 150
11 95 67 81 10 0 16 0.00 M M 5.3 16 140 M M 0 20 120
12 88 64 76 5 0 11 0.00 M M 7.9 17 140 M M 0 8 21 150
13 82 63 73 2 0 8 0.00 M M 7.5 20 160 M M 3 22 120
14 87 62 75 3 0 10 0.00 M M 5.3 14 150 M M 1 19 120
15 95 63 79 7 0 14 0.00 M M 5.5 14 110 M M 1 8 18 120
16 91 64 78 6 0 13 0.00 M M 6.4 15 130 M M 5 18 19 150
17 81 62 72 0 0 7 0.00 M M 7.4 18 150 M M 5 22 150
18 80 59 70 -2 0 5 0.00 M M 4.9 15 160 M M 2 19 150
19 87 60 74 1 0 9 0.00 M M 7.3 21 340 M M 0 28 350
20 100 62 81 8 0 16 0.00 M M 5.1 16 160 M M 0 21 160
21 92 67 80 7 0 15 0.00 M M 5.7 16 170 M M 0 23 130
22 98 70 84 11 0 19 T M M 4.4 12 170 M M 3 3 17 120
23 101 70 86 12 0 21 0.00 M M 4.4 17 150 M M 0 22 160
24 102 66 84 10 0 19 0.00 M M 4.9 17 120 M M 0 29 160
25 99 64 82 8 0 17 0.00 M M 4.6 15 150 M M 0 21 150
26 101 67 84 10 0 19 0.00 M M 4.9 13 130 M M 0 18 140
27 104 67 86 11 0 21 0.00 M M 4.9 13 140 M M 0 17 160
28 100 72 86 11 0 21 0.00 M M 6.1 17 150 M M 0 21 150
29 96 69 83 8 0 18 0.00 M M 7.5 16 140 M M 0 21 150
30 94 68 81 6 0 16 0.00 M M 5.9 15 160 M M 0 8 21 140
================================================================================
SM 2761 1925 0 401 T M 171.0 M 41
================================================================================
AV 92.0 64.2 5.7 FASTST M M 1 MAX(MPH)
MISC ----> 21 340 29 160
================================================================================
NOTES:
# LAST OF SEVERAL OCCURRENCES
COLUMN 17 PEAK WIND IN M.P.H.
PRELIMINARY LOCAL CLIMATOLOGICAL DATA (WS FORM: F-6) , PAGE 2
STATION: VAN NUYS AIRPORT CA
MONTH: JUNE
YEAR: 2022
LATITUDE: 34 13 N
LONGITUDE: 118 29 W
[TEMPERATURE DATA] [PRECIPITATION DATA] SYMBOLS USED IN COLUMN 16
AVERAGE MONTHLY: 78.1 TOTAL FOR MONTH: T 1 = FOG OR MIST
DPTR FM NORMAL: 6.1 DPTR FM NORMAL: -0.07 2 = FOG REDUCING VISIBILITY
HIGHEST: 104 ON 27 GRTST 24HR T ON 22-22 TO 1/4 MILE OR LESS
LOWEST: 59 ON 18 3 = THUNDER
SNOW, ICE PELLETS, HAIL 4 = ICE PELLETS
TOTAL MONTH: M 5 = HAIL
GRTST 24HR M ON M 6 = FREEZING RAIN OR DRIZZLE
GRTST DEPTH: M ON M 7 = DUSTSTORM OR SANDSTORM:
VSBY 1/2 MILE OR LESS
8 = SMOKE OR HAZE
[NO. OF DAYS WITH] [WEATHER - DAYS WITH] 9 = BLOWING SNOW
X = TORNADO
MAX 32 OR BELOW: 0 0.01 INCH OR MORE: 0
MAX 90 OR ABOVE: 18 0.10 INCH OR MORE: 0
MIN 32 OR BELOW: 0 0.50 INCH OR MORE: 0
MIN 0 OR BELOW: 0 1.00 INCH OR MORE: 0
[HDD (BASE 65) ]
TOTAL THIS MO. 0 CLEAR (SCALE 0-3) 25
DPTR FM NORMAL -5 PTCLDY (SCALE 4-7) 5
TOTAL FM JUL 1 851 CLOUDY (SCALE 8-10) 0
DPTR FM NORMAL -372
[CDD (BASE 65) ]
TOTAL THIS MO. 401
DPTR FM NORMAL 186 [PRESSURE DATA]
TOTAL FM JAN 1 801 HIGHEST SLP 30.00 ON 30
DPTR FM NORMAL 362 LOWEST SLP 29.69 ON 16
[REMARKS]
#FINAL-06-22#