000
CXUS55 KLBF 011510
CF6VTN
PRELIMINARY LOCAL CLIMATOLOGICAL DATA (WS FORM: F-6)
STATION: VALENTINE
MONTH: DECEMBER
YEAR: 2021
LATITUDE: 42 52 N
LONGITUDE: 100 33 W
TEMPERATURE IN F: :PCPN: SNOW: WIND :SUNSHINE: SKY :PK WND
================================================================================
1 2 3 4 5 6A 6B 7 8 9 10 11 12 13 14 15 16 17 18
12Z AVG MX 2MIN
DY MAX MIN AVG DEP HDD CDD WTR SNW DPTH SPD SPD DIR MIN PSBL S-S WX SPD DR
================================================================================
1 69 31 50 20 15 0 0.00 0.0 0 10.0 24 280 M M 0 32 290
2 73 41 57 27 8 0 0.00 0.0 0 7.1 15 270 M M 0 19 320
3 52 32 42 13 23 0 0.00 0.0 0 7.0 15 320 M M 6 21 330
4 44 24 34 5 31 0 0.00 0.0 0 12.4 24 200 M M 6 128 36 200
5 46 26 36 7 29 0 T T 0 17.0 33 320 M M 5 48 310
6 27 2 15 -13 50 0 0.00 0.0 0 9.9 31 320 M M 3 42 330
7 37 15 26 -2 39 0 0.00 0.0 0 8.1 20 310 M M 5 27 320
8 61 20 41 13 24 0 0.00 0.0 0 11.2 29 200 M M 1 36 200
9 49 31 40 13 25 0 0.06 2.0 0 9.9 23 330 M M 4 1 31 340
10 33 23 28 1 37 0 0.53 6.7 3 12.0 20 30 M M 10 12 27 40
11 34 6 20 -7 45 0 0.00 0.0 7 13.3 22 270 M M 0 28 270
12 49 23 36 9 29 0 0.00 0.0 7 8.3 20 240 M M 0 23 240
13 47 20 34 8 31 0 0.00 0.0 4 5.3 14 240 M M 0 16 180
14 54 23 39 13 26 0 0.00 0.0 2 4.3 12 170 M M 0 13 180
15 52 22 37 11 28 0 0.09 2.2 3 14.9 41 320 M M 4 289 62 310
16 36 17 27 1 38 0 0.00 0.0 3 8.9 29 320 M M 2 9 42 320
17 35 13 24 -2 41 0 T T 1 11.4 24 320 M M 6 8 34 330
18 22 -1 11 -14 54 0 T T 1 6.3 20 320 M M 1 29 320
19 52 21 37 12 28 0 0.00 0.0 1 11.6 25 260 M M 0 35 270
20 34 18 26 1 39 0 0.00 0.0 1 9.4 22 10 M M 5 31 350
21 40 22 31 6 34 0 0.00 0.0 1 10.1 28 210 M M 0 8 36 210
22 56 18 37 12 28 0 0.00 0.0 1 6.8 17 230 M M 0 22 250
23 53 31 42 17 23 0 0.00 0.0 T 9.3 22 210 M M 0 30 200
24 50 26 38 13 27 0 0.00 0.0 T 10.3 22 330 M M 0 30 330
25 55 22 39 14 26 0 0.00 0.0 T 8.8 28 280 M M 1 39 260
26 41 18 30 6 35 0 0.00 0.0 T 10.3 29 250 M M 8 18 41 240
27 41 7 24 0 41 0 0.00 0.0 0 11.3 37 290 M M 2 50 270
28 37 1 19 -5 46 0 0.00 0.0 0 10.5 24 310 M M 2 36 320
29 38 9 24 0 41 0 0.00 0.0 0 8.9 25 210 M M 5 34 200
30 47 6 27 3 38 0 0.00 0.0 0 10.2 22 240 M M 1 29 250
31 24 -2 11 -13 54 0 0.03 0.3 T 12.6 22 360 M M 9 8 31 20
================================================================================
SM 1388 565 1033 0 0.71 11.2 307.4 M 86
================================================================================
AV 44.8 18.2 9.9 FASTST M M 3 MAX(MPH)
MISC ----> 41 320 62 310
================================================================================
NOTES:
# LAST OF SEVERAL OCCURRENCES
COLUMN 17 PEAK WIND IN M.P.H.
PRELIMINARY LOCAL CLIMATOLOGICAL DATA (WS FORM: F-6) , PAGE 2
STATION: VALENTINE
MONTH: DECEMBER
YEAR: 2021
LATITUDE: 42 52 N
LONGITUDE: 100 33 W
[TEMPERATURE DATA] [PRECIPITATION DATA] SYMBOLS USED IN COLUMN 16
AVERAGE MONTHLY: 31.5 TOTAL FOR MONTH: 0.71 1 = FOG OR MIST
DPTR FM NORMAL: 5.2 DPTR FM NORMAL: 0.28 2 = FOG REDUCING VISIBILITY
HIGHEST: 73 ON 2 GRTST 24HR 0.59 ON 9-10 TO 1/4 MILE OR LESS
LOWEST: -2 ON 31 3 = THUNDER
SNOW, ICE PELLETS, HAIL 4 = ICE PELLETS
TOTAL MONTH: 11.2 INCHES 5 = HAIL
GRTST 24HR 6.7 ON 10-10 6 = FREEZING RAIN OR DRIZZLE
GRTST DEPTH: 7 ON 12,11 7 = DUSTSTORM OR SANDSTORM:
VSBY 1/2 MILE OR LESS
8 = SMOKE OR HAZE
[NO. OF DAYS WITH] [WEATHER - DAYS WITH] 9 = BLOWING SNOW
X = TORNADO
MAX 32 OR BELOW: 3 0.01 INCH OR MORE: 4
MAX 90 OR ABOVE: 0 0.10 INCH OR MORE: 1
MIN 32 OR BELOW: 30 0.50 INCH OR MORE: 1
MIN 0 OR BELOW: 2 1.00 INCH OR MORE: 0
[HDD (BASE 65) ]
TOTAL THIS MO. 1033 CLEAR (SCALE 0-3) 19
DPTR FM NORMAL -168 PTCLDY (SCALE 4-7) 10
TOTAL FM JUL 1 2067 CLOUDY (SCALE 8-10) 2
DPTR FM NORMAL -634
[CDD (BASE 65) ]
TOTAL THIS MO. 0
DPTR FM NORMAL 0 [PRESSURE DATA]
TOTAL FM JAN 1 1284 HIGHEST SLP 30.54 ON 18
DPTR FM NORMAL 358 LOWEST SLP 29.22 ON 15
[REMARKS]
#FINAL-12-21#