000
CXUS55 KLBF 011410
CF6VTN
PRELIMINARY LOCAL CLIMATOLOGICAL DATA (WS FORM: F-6)
STATION: VALENTINE
MONTH: MAY
YEAR: 2021
LATITUDE: 42 52 N
LONGITUDE: 100 33 W
TEMPERATURE IN F: :PCPN: SNOW: WIND :SUNSHINE: SKY :PK WND
================================================================================
1 2 3 4 5 6A 6B 7 8 9 10 11 12 13 14 15 16 17 18
12Z AVG MX 2MIN
DY MAX MIN AVG DEP HDD CDD WTR SNW DPTH SPD SPD DIR MIN PSBL S-S WX SPD DR
================================================================================
1 91 47 69 17 0 4 T 0.0 0 9.2 21 310 M M 0 32 330
2 74 51 63 10 2 0 0.05 0.0 0 11.2 28 330 M M 0 1 34 360
3 62 34 48 -5 17 0 0.00 0.0 0 9.8 25 10 M M 0 38 10
4 68 24 46 -7 19 0 T 0.0 0 7.1 23 170 M M 5 32 160
5 67 38 53 -1 12 0 0.16 0.0 0 12.8 29 320 M M 3 40 320
6 70 31 51 -3 14 0 0.00 0.0 0 7.8 20 290 M M 2 18 27 290
7 71 34 53 -2 12 0 0.00 0.0 0 13.2 25 120 M M 0 33 120
8 54 42 48 -7 17 0 0.08 0.0 0 14.1 26 100 M M 9 138 39 110
9 56 37 47 -8 18 0 0.02 0.0 0 5.9 16 50 M M 8 1 21 60
10 60 39 50 -6 15 0 0.00 0.0 0 5.8 15 40 M M 8 20 70
11 63 27 45 -11 20 0 0.00 0.0 0 6.0 16 70 M M 0 28 140
12 69 35 52 -5 13 0 0.00 0.0 0 10.1 23 180 M M 5 30 180
13 76 44 60 3 5 0 0.07 0.0 0 8.6 30 210 M M 2 3 37 210
14 76 44 60 3 5 0 0.00 0.0 0 5.6 13 260 M M 3 12 17 250
15 80 41 61 3 4 0 0.08 0.0 0 5.6 18 220 M M 4 1 25 180
16 68 56 62 4 3 0 1.72 0.0 0 9.4 20 80 M M 9 138 25 80
17 66 56 61 2 4 0 0.05 0.0 0 9.3 20 130 M M 10 1 23 120
18 74 56 65 6 0 0 0.05 0.0 0 12.1 22 150 M M 7 18 27 170
19 82 59 71 12 0 6 0.00 0.0 0 12.7 22 160 M M 0 28 160
20 82 58 70 10 0 5 0.00 0.0 0 19.3 28 160 M M 3 41 140
21 83 64 74 14 0 9 0.05 0.0 0 17.1 31 180 M M 7 18 41 180
22 72 50 61 1 4 0 0.23 0.0 0 9.7 30 170 M M 9 138 40 180
23 84 54 69 8 0 4 0.24 0.0 0 15.4 43 270 M M 7 138 59 250
24 81 50 66 5 0 1 0.00 0.0 0 9.6 20 170 M M 1 24 190
25 81 53 67 5 0 2 0.00 0.0 0 9.4 17 350 M M 1 23 340
26 75 45 60 -2 5 0 0.68 0.0 0 13.7 28 80 M M 3 13 37 10
27 54 44 49 -13 16 0 0.02 0.0 0 11.1 21 330 M M 10 18 29 310
28 66 42 54 -9 11 0 0.00 0.0 0 9.8 21 150 M M 8 1 27 130
29 61 49 55 -8 10 0 0.00 0.0 0 12.4 26 160 M M 9 35 170
30 76 46 61 -2 4 0 0.00 0.0 0 5.6 16 40 M M 2 18 23 60
31 80 44 62 -2 3 0 0.00 0.0 0 5.1 12 200 M M 2 1 16 110
================================================================================
SM 2222 1394 233 31 3.50 0.0 314.5 M 137
================================================================================
AV 71.7 45.0 10.1 FASTST M M 4 MAX(MPH)
MISC ----> 43 270 59 250
================================================================================
NOTES:
# LAST OF SEVERAL OCCURRENCES
COLUMN 17 PEAK WIND IN M.P.H.
PRELIMINARY LOCAL CLIMATOLOGICAL DATA (WS FORM: F-6) , PAGE 2
STATION: VALENTINE
MONTH: MAY
YEAR: 2021
LATITUDE: 42 52 N
LONGITUDE: 100 33 W
[TEMPERATURE DATA] [PRECIPITATION DATA] SYMBOLS USED IN COLUMN 16
AVERAGE MONTHLY: 58.3 TOTAL FOR MONTH: 3.50 1 = FOG OR MIST
DPTR FM NORMAL: 0.2 DPTR FM NORMAL: -0.02 2 = FOG REDUCING VISIBILITY
HIGHEST: 91 ON 1 GRTST 24HR 1.80 ON 15-16 TO 1/4 MILE OR LESS
LOWEST: 24 ON 4 3 = THUNDER
SNOW, ICE PELLETS, HAIL 4 = ICE PELLETS
TOTAL MONTH: 0.0 INCH 5 = HAIL
GRTST 24HR 0.0 6 = FREEZING RAIN OR DRIZZLE
GRTST DEPTH: 0 7 = DUSTSTORM OR SANDSTORM:
VSBY 1/2 MILE OR LESS
8 = SMOKE OR HAZE
[NO. OF DAYS WITH] [WEATHER - DAYS WITH] 9 = BLOWING SNOW
X = TORNADO
MAX 32 OR BELOW: 0 0.01 INCH OR MORE: 14
MAX 90 OR ABOVE: 1 0.10 INCH OR MORE: 5
MIN 32 OR BELOW: 3 0.50 INCH OR MORE: 2
MIN 0 OR BELOW: 0 1.00 INCH OR MORE: 1
[HDD (BASE 65) ]
TOTAL THIS MO. 233 CLEAR (SCALE 0-3) 15
DPTR FM NORMAL -17 PTCLDY (SCALE 4-7) 10
TOTAL FM JUL 1 6236 CLOUDY (SCALE 8-10) 6
DPTR FM NORMAL -408
[CDD (BASE 65) ]
TOTAL THIS MO. 31
DPTR FM NORMAL -5 [PRESSURE DATA]
TOTAL FM JAN 1 34 HIGHEST SLP 30.36 ON 12
DPTR FM NORMAL -5 LOWEST SLP 29.46 ON 2
[REMARKS]
#FINAL-05-21#