000
CXUS55 KLKN 031440
CLSWMC
CLIMATE REPORT
NATIONAL WEATHER SERVICE ELKO, NV
640 AM PST WED MAR 03 2021
...................................
...THE WINNEMUCCA AIRPORT NV CLIMATE SUMMARY FOR THE SEASON, FROM
12/1/2020 TO 2/28/2021...
CLIMATE NORMAL PERIOD 1981 TO 2010
CLIMATE RECORD PERIOD 1877 TO 2021
WEATHER OBSERVED NORMAL DEPART LAST YEAR`S
VALUE DATE(S) VALUE FROM VALUE
NORMAL
..............................................................
TEMPERATURE (F)
RECORD
HIGH 74 02/28/1986
02/19/1981
LOW -37 12/22/1990
HIGHEST 61 01/13 65 -4 67
LOWEST 6 12/08 -9 15 2
12/29
AVG. MAXIMUM 45.8 43.3 2.5 48.6
AVG. MINIMUM 21.6 19.5 2.1 22.4
MEAN 33.6 31.4 2.2 35.5
DAYS MAX >= 90 0 0.0 0.0 0
DAYS MAX <= 32 1 10.2 -9.2 2
DAYS MIN <= 32 81 80.3 0.7 MM
DAYS MIN <= 0 0 4.3 -4.3 MM
PRECIPITATION (INCHES)
RECORD
MAXIMUM 7.84 1890
MINIMUM 0.51 1977
TOTALS 3.08 2.46 0.62 2.25
DAILY AVG. 0.03 0.03 0.00 0.03
DAYS >= .01 26 24.0 2.0 23
DAYS >= .10 12 8.7 3.3 9
DAYS >= .50 1 0.5 0.5 0
DAYS >= 1.00 0 0.0 0.0 0
SNOWFALL (INCHES)
RECORDS
TOTAL 68.0 1890
TOTALS 12.6 12.5 0.1 5.9
DAYS >= 1.0 6 4.6 1.4 2
GREATEST
SNOW DEPTH 3R 12/14 2
DEGREE DAYS
HEATING TOTAL 2805 3021 -216 2664
COOLING TOTAL 0 0 0 0
..............................................................
WIND (MPH)
AVERAGE WIND SPEED 7.1
HIGHEST WIND SPEED/DIRECTION 33/350 DATE 01/04
HIGHEST GUST SPEED/DIRECTION 44/340 DATE 02/26
AVERAGE RH (PERCENT) 61
WEATHER CONDITIONS. NUMBER OF DAYS WITH
THUNDERSTORM 0 MIXED PRECIP 0
HEAVY RAIN 1 RAIN 1
LIGHT RAIN 10 FREEZING RAIN 0
LT FREEZING RAIN 0 HAIL 0
HEAVY SNOW 0 SNOW 1
LIGHT SNOW 25 SLEET 0
FOG 19 FOG W/VIS <= 1/4 MILE 2
HAZE 4
- INDICATES NEGATIVE NUMBERS.
R INDICATES RECORD WAS SET OR TIED.
MM INDICATES DATA IS MISSING.
T INDICATES TRACE AMOUNT.
&&
=====================================================================
...WARMER THAN NORMAL METEOROLOGICAL WINTER IN WINNEMUCCA...
...WETTER THAN NORMAL METEORLOGICAL WINTER IN WINNEMUCCA...
...A LITTLE SNOWIER FOR METEORLOGICAL WINTER IN WINNEMUCCA...
THE AVERAGE TEMPERATURE IN WINNEMUCCA DURING METEOROLOGICAL WINTER
(DEC-FEB) 2021 WAS 33.6 DEGREES...WHICH IS 2.2 DEGREES ABOVE THE
NORMAL 31.4 DEGREES. THE TOTAL PRECIPITATION WAS 3.08 INCHES...WHICH
IS 0.62 INCHES ABOVE OR 125 PERCENT OF THE NORMAL OF 2.46 INCHES.
THE TOTAL SNOWFALL WAS 12.6 INCHES...WHICH IS 0.1 INCHES ABOVE OR 101
PERCENT OF THE 1981-2010 CLIMATOLOGICAL NORMAL OF 12.5 INCHES.
THE PERIOD OF RECORD FOR THE WINNEMUCCA AREA BEGAN IN 1877.
$$