000
CXUS55 KRIW 011010
CF6WRL
PRELIMINARY LOCAL CLIMATOLOGICAL DATA (WS FORM: F-6)
STATION: WORLAND WY
MONTH: MARCH
YEAR: 2022
LATITUDE: 43 58 N
LONGITUDE: 107 57 W
TEMPERATURE IN F: :PCPN: SNOW: WIND :SUNSHINE: SKY :PK WND
================================================================================
1 2 3 4 5 6A 6B 7 8 9 10 11 12 13 14 15 16 17 18
12Z AVG MX 2MIN
DY MAX MIN AVG DEP HDD CDD WTR SNW DPTH SPD SPD DIR MIN PSBL S-S WX SPD DR
================================================================================
1 64 24 44 15 21 0 0.00 M M 4.9 16 350 M M 1 20 350
2 64 28 46 16 19 0 0.00 M M 5.6 14 130 M M 1 17 130
3 67 26 47 17 18 0 0.00 M M 7.1 16 200 M M 0 23 140
4 46 28 37 6 28 0 0.28 M M 7.8 17 330 M M 5 1 21 320
5 30 15 23 -8 42 0 T M M 8.1 20 340 M M 9 1 26 320
6 29 8 19 -13 46 0 T M M 5.7 18 340 M M 6 23 340
7 33 0 17 -15 48 0 0.00 M M 3.9 10 180 M M 0 1 13 180
8 23 11 17 -16 48 0 0.09 M M 8.4 17 320 M M 9 128 21 320
9 14 -6 4 -30 61 0 0.02 M M 8.6 15 310 M M 8 18 19 310
10 16 -19 -1 -35 66 0 T M M 4.5 13 160 M M 0 15 130
11 28 -13 8 -27 57 0 T M M 5.1 13 170 M M 2 15 170
12 48 3 26 -9 39 0 0.00 M M 3.0 12 130 M M 0 14 130
13 50 19 35 -1 30 0 0.00 M M 5.9 25 350 M M 2 36 350
14 50 26 38 2 27 0 0.00 M M 5.1 10 210 M M 0 14 50
15 56 24 40 4 25 0 0.00 M M 3.7 9 220 M M 2 12 190
16 44 29 37 0 28 0 0.06 M M 7.3 23 340 M M 7 1 29 330
17 45 23 34 -3 31 0 0.00 M M 4.9 13 130 M M 1 16 130
18 51 21 36 -2 29 0 0.00 M M 4.4 9 170 M M 1 16 110
19 57 24 41 3 24 0 0.00 M M 5.1 15 150 M M 0 20 200
20 58 31 45 7 20 0 0.04 M M 12.1 33 330 M M 4 12 46 340
21 42 18 30 -9 35 0 0.00 M M 5.2 15 320 M M 3 21 320
22 51 26 39 0 26 0 0.00 M M 8.7 24 340 M M 6 34 340
23 59 21 40 0 25 0 0.00 M M 4.2 10 160 M M 0 14 140
24 67 28 48 8 17 0 0.00 M M 7.6 24 20 M M 1 35 20
25 59 25 42 2 23 0 T M M 4.6 13 310 M M 2 16 170
26 69 30 50 10 15 0 0.00 M M 4.8 15 100 M M 0 19 90
27 72 30 51 10 14 0 0.00 M M 3.5 10 190 M M 0 16 80
28 77 39 58 17 7 0 0.00 M M 7.4 25 230 M M 1 33 240
29 55 31 43 2 22 0 0.00 M M 19.1 38 320 M M 6 48 310
30 53 18 36 -5 29 0 0.00 M M 5.7 15 310 M M 0 20 310
31 51 20 36 -6 29 0 T M M 7.9 22 350 M M 4 31 330
================================================================================
SM 1528 588 949 0 0.49 M 199.9 M 81
================================================================================
AV 49.3 19.0 6.4 FASTST M M 3 MAX(MPH)
MISC ----> 38 320 48 310
================================================================================
NOTES:
# LAST OF SEVERAL OCCURRENCES
COLUMN 17 PEAK WIND IN M.P.H.
PRELIMINARY LOCAL CLIMATOLOGICAL DATA (WS FORM: F-6) , PAGE 2
STATION: WORLAND WY
MONTH: MARCH
YEAR: 2022
LATITUDE: 43 58 N
LONGITUDE: 107 57 W
[TEMPERATURE DATA] [PRECIPITATION DATA] SYMBOLS USED IN COLUMN 16
AVERAGE MONTHLY: 34.1 TOTAL FOR MONTH: 0.49 1 = FOG OR MIST
DPTR FM NORMAL: -2.3 DPTR FM NORMAL: 0.05 2 = FOG REDUCING VISIBILITY
HIGHEST: 77 ON 28 GRTST 24HR 0.28 ON 4- 4 TO 1/4 MILE OR LESS
LOWEST: -19 ON 10 3 = THUNDER
SNOW, ICE PELLETS, HAIL 4 = ICE PELLETS
TOTAL MONTH: M 5 = HAIL
GRTST 24HR M ON M 6 = FREEZING RAIN OR DRIZZLE
GRTST DEPTH: M ON M 7 = DUSTSTORM OR SANDSTORM:
VSBY 1/2 MILE OR LESS
8 = SMOKE OR HAZE
[NO. OF DAYS WITH] [WEATHER - DAYS WITH] 9 = BLOWING SNOW
X = TORNADO
MAX 32 OR BELOW: 6 0.01 INCH OR MORE: 5
MAX 90 OR ABOVE: 0 0.10 INCH OR MORE: 1
MIN 32 OR BELOW: 30 0.50 INCH OR MORE: 0
MIN 0 OR BELOW: 4 1.00 INCH OR MORE: 0
[HDD (BASE 65) ]
TOTAL THIS MO. 949 CLEAR (SCALE 0-3) 21
DPTR FM NORMAL 61 PTCLDY (SCALE 4-7) 7
TOTAL FM JUL 1 6491 CLOUDY (SCALE 8-10) 3
DPTR FM NORMAL -436
[CDD (BASE 65) ]
TOTAL THIS MO. 0
DPTR FM NORMAL 0 [PRESSURE DATA]
TOTAL FM JAN 1 0 HIGHEST SLP 30.49 ON 11
DPTR FM NORMAL 0 LOWEST SLP 29.44 ON 28
[REMARKS]
#FINAL-03-22#