000
CXUS56 KMTR 011100
CF6WVI
PRELIMINARY LOCAL CLIMATOLOGICAL DATA (WS FORM: F-6)
STATION: WATSONVILLE AIRPORT
MONTH: JANUARY
YEAR: 2022
LATITUDE: 36 55 N
LONGITUDE: 121 47 W
TEMPERATURE IN F: :PCPN: SNOW: WIND :SUNSHINE: SKY :PK WND
================================================================================
1 2 3 4 5 6A 6B 7 8 9 10 11 12 13 14 15 16 17 18
12Z AVG MX 2MIN
DY MAX MIN AVG DEP HDD CDD WTR SNW DPTH SPD SPD DIR MIN PSBL S-S WX SPD DR
================================================================================
1 56 32 44 -6 21 0 0.00 M M 3.6 13 130 M M 0 1 18 130
2 59 30 45 -5 20 0 0.00 M M 2.4 10 210 M M 1 14 200
3 54 41 48 -2 17 0 0.09 M M 1.8 9 220 M M 10 1 13 190
4 61 47 54 4 11 0 0.10 M M 0.9 9 270 M M 8 12 12 280
5 61 46 54 4 11 0 0.00 M M 1.3 10 220 M M 7 12 12 220
6 64 45 55 5 10 0 0.00 M M 3.0 9 210 M M 2 12 11 210
7 55 45 50 0 15 0 0.02 M M 1.3 8 240 M M 9 1 9 240
8 62 40 51 1 14 0 0.00 M M 4.1 10 100 M M 3 12 15 40
9 68 38 53 3 12 0 0.00 M M 2.7 13 230 M M 0 18 240
10 69 41 55 5 10 0 0.00 M M 3.5 8 110 M M 0 M M
11 M M M M M M M M M 4.6 5 330 M M 0 M M
12 71 38 55 5 10 0 0.00 M M 3.0 9 100 M M 0 12 90
13 63 42 53 2 12 0 0.00 M M 2.4 8 340 M M 0 12 340
14 65 38 52 1 13 0 0.00 M M 3.7 10 80 M M 0 15 80
15 65 42 54 3 11 0 T M M 3.2 10 130 M M 2 13 270
16 69 47 58 7 7 0 T M M 2.5 9 130 M M 8 12 340
17 62 44 53 2 12 0 0.01 M M 2.8 8 250 M M 7 1 12 270
18 59 45 52 1 13 0 0.00 M M 2.2 7 200 M M 3 18 10 220
19 62 41 52 1 13 0 0.00 M M 2.2 8 230 M M 3 12 11 150
20 67 38 53 2 12 0 0.00 M M 2.0 10 110 M M 0 14 140
21 71 39 55 4 10 0 0.00 M M 3.9 14 360 M M 0 1 24 10
22 67 36 52 1 13 0 0.00 M M 4.0 10 140 M M 0 14 120
23 67 35 51 0 14 0 0.00 M M 2.6 9 220 M M 0 12 220
24 61 34 48 -3 17 0 0.00 M M 3.1 7 350 M M 0 10 170
25 65 33 49 -2 16 0 0.00 M M 1.8 8 270 M M 0 10 270
26 67 34 51 0 14 0 0.00 M M 1.8 9 270 M M 0 13 240
27 71 36 54 3 11 0 0.00 M M 3.5 10 110 M M 0 14 120
28 72 37 55 4 10 0 0.00 M M 3.4 14 140 M M 0 16 130
29 67 38 53 2 12 0 0.00 M M 2.6 8 270 M M 0 11 280
30 62 33 48 -3 17 0 0.00 M M 3.8 12 240 M M 0 16 230
31 58 35 47 -4 18 0 0.00 M M 1.8 8 230 M M 0 1 10 230
================================================================================
SM 1920 1170 396 0 0.22 M 85.5 M 63
================================================================================
AV 64.0 39.0 2.8 FASTST M M 2 MAX(MPH)
MISC ----> # 14 360 24 10
================================================================================
NOTES:
# LAST OF SEVERAL OCCURRENCES
COLUMN 17 PEAK WIND IN M.P.H.
PRELIMINARY LOCAL CLIMATOLOGICAL DATA (WS FORM: F-6) , PAGE 2
STATION: WATSONVILLE AIRPORT
MONTH: JANUARY
YEAR: 2022
LATITUDE: 36 55 N
LONGITUDE: 121 47 W
[TEMPERATURE DATA] [PRECIPITATION DATA] SYMBOLS USED IN COLUMN 16
AVERAGE MONTHLY: 51.5 TOTAL FOR MONTH: 0.22 1 = FOG OR MIST
DPTR FM NORMAL: 0.8 DPTR FM NORMAL: -4.38 2 = FOG REDUCING VISIBILITY
HIGHEST: 72 ON 28 GRTST 24HR 0.10 ON 4- 4 TO 1/4 MILE OR LESS
LOWEST: 30 ON 2 3 = THUNDER
SNOW, ICE PELLETS, HAIL 4 = ICE PELLETS
TOTAL MONTH: M 5 = HAIL
GRTST 24HR M ON M 6 = FREEZING RAIN OR DRIZZLE
GRTST DEPTH: M ON M 7 = DUSTSTORM OR SANDSTORM:
VSBY 1/2 MILE OR LESS
8 = SMOKE OR HAZE
[NO. OF DAYS WITH] [WEATHER - DAYS WITH] 9 = BLOWING SNOW
X = TORNADO
MAX 32 OR BELOW: 0 0.01 INCH OR MORE: 4
MAX 90 OR ABOVE: 0 0.10 INCH OR MORE: 1
MIN 32 OR BELOW: 2 0.50 INCH OR MORE: 0
MIN 0 OR BELOW: 0 1.00 INCH OR MORE: 0
[HDD (BASE 65) ]
TOTAL THIS MO. 396 CLEAR (SCALE 0-3) 24
DPTR FM NORMAL -47 PTCLDY (SCALE 4-7) 3
TOTAL FM JUL 1 1394 CLOUDY (SCALE 8-10) 4
DPTR FM NORMAL -218
[CDD (BASE 65) ]
TOTAL THIS MO. 0
DPTR FM NORMAL 0 [PRESSURE DATA]
TOTAL FM JAN 1 0 HIGHEST SLP 30.43 ON 10
DPTR FM NORMAL 0 LOWEST SLP 29.95 ON 7
[REMARKS]
#FINAL-01-22#