000
CXAK56 PAJK 281310
CF6YAK
PRELIMINARY LOCAL CLIMATOLOGICAL DATA (WS FORM: F-6)
STATION: YAKUTAT
MONTH: MARCH
YEAR: 2024
LATITUDE: 59 31 N
LONGITUDE: 139 40 W
TEMPERATURE IN F: :PCPN: SNOW: WIND :SUNSHINE: SKY :PK WND
================================================================================
1 2 3 4 5 6A 6B 7 8 9 10 11 12 13 14 15 16 17 18
12Z AVG MX 2MIN
DY MAX MIN AVG DEP HDD CDD WTR SNW DPTH SPD SPD DIR MIN PSBL S-S WX SPD DR
================================================================================
1 31 13 22 -9 43 0 0.00 M M 6.6 18 60 M M 0 23 70
2 26 10 18 -13 47 0 0.00 M M 8.0 22 70 M M 1 27 70
3 33 7 20 -11 45 0 0.00 M M 3.3 18 70 M M 0 24 70
4 31 19 25 -6 40 0 0.00 M M 4.7 8 50 M M 9 11 60
5 34 27 31 0 34 0 0.16 M M 10.3 20 90 M M 10 1 28 90
6 37 32 35 4 30 0 0.09 M M 11.9 23 80 M M 10 1 30 80
7 44 30 37 6 28 0 0.16 M M 8.1 20 60 M M 7 1 25 70
8 44 31 38 7 27 0 1.01 M M 11.5 22 90 M M 9 1 30 80
9 40 30 35 4 30 0 0.38 M M 5.5 17 210 M M 7 1 24 210
10 37 31 34 3 31 0 0.40 M M 6.5 18 80 M M 10 128 24 70
11 40 31 36 5 29 0 0.08 M M 5.9 13 70 M M 8 1 18 110
12 40 28 34 3 31 0 0.29 M M 7.1 21 190 M M 10 12 29 180
13 36 29 33 2 32 0 0.92 M M 7.1 15 60 M M 10 1 M M
14 43 31 37 6 28 0 0.34 M M 10.6 30 230 M M 6 1 41 230
15 42 30 36 5 29 0 2.65 M M 7.6 22 110 M M 8 1 36 110
16 47 42 45 13 20 0 0.71 M M 12.1 21 120 M M 10 1 34 120
17 43 40 42 10 23 0 0.99 M M 8.3 17 120 M M 10 1 28 130
18 41 32 37 5 28 0 0.51 M M 6.8 15 90 M M 10 1 19 70
19 50 30 40 8 25 0 0.00 M M 2.3 10 330 M M 1 1 13 340
20 47 27 37 5 28 0 0.00 M M 2.1 12 300 M M 2 1 14 310
21 47 27 37 5 28 0 0.00 M M 1.9 9 230 M M 4 12 12 210
22 47 29 38 6 27 0 0.00 M M 2.1 13 220 M M 3 12 16 220
23 45 28 37 5 28 0 0.00 M M 2.2 9 220 M M 5 12 12 230
24 45 25 35 2 30 0 0.16 M M 5.8 15 130 M M 5 1 23 120
25 44 38 41 8 24 0 0.39 M M 9.0 16 90 M M 10 1 24 90
26 45 37 41 8 24 0 0.09 M M 3.5 9 100 M M 10 1 12 90
27 47 30 39 6 26 0 0.00 M M 2.9 8 320 M M 4 12 M M
================================================================================
SM 1106 764 815 0 9.33 M 173.7 M 179
================================================================================
AV 41.0 28.3 6.4 FASTST M M 7 MAX(MPH)
MISC ----> 30 230 41 230
================================================================================
NOTES:
# LAST OF SEVERAL OCCURRENCES
COLUMN 17 PEAK WIND IN M.P.H.
PRELIMINARY LOCAL CLIMATOLOGICAL DATA (WS FORM: F-6) , PAGE 2
STATION: YAKUTAT
MONTH: MARCH
YEAR: 2024
LATITUDE: 59 31 N
LONGITUDE: 139 40 W
[TEMPERATURE DATA] [PRECIPITATION DATA] SYMBOLS USED IN COLUMN 16
AVERAGE MONTHLY: 34.6 TOTAL FOR MONTH: 9.33 1 = FOG OR MIST
DPTR FM NORMAL: 3.0 DPTR FM NORMAL: 0.92 2 = FOG REDUCING VISIBILITY
HIGHEST: 50 ON 19 GRTST 24HR 3.05 ON 15-16 TO 1/4 MILE OR LESS
LOWEST: 7 ON 3 3 = THUNDER
SNOW, ICE PELLETS, HAIL 4 = ICE PELLETS
TOTAL MONTH: M 5 = HAIL
GRTST 24HR M ON M 6 = FREEZING RAIN OR DRIZZLE
GRTST DEPTH: M ON M 7 = DUSTSTORM OR SANDSTORM:
VSBY 1/2 MILE OR LESS
8 = SMOKE OR HAZE
[NO. OF DAYS WITH] [WEATHER - DAYS WITH] 9 = BLOWING SNOW
X = TORNADO
MAX 32 OR BELOW: 3 0.01 INCH OR MORE: 17
MAX 90 OR ABOVE: 0 0.10 INCH OR MORE: 14
MIN 32 OR BELOW: 23 0.50 INCH OR MORE: 6
MIN 0 OR BELOW: 0 1.00 INCH OR MORE: 2
[HDD (BASE 65) ]
TOTAL THIS MO. 815 CLEAR (SCALE 0-3) 6
DPTR FM NORMAL -87 PTCLDY (SCALE 4-7) 9
TOTAL FM JUL 1 6272 CLOUDY (SCALE 8-10) 12
DPTR FM NORMAL -526
[CDD (BASE 65) ]
TOTAL THIS MO. 0
DPTR FM NORMAL 0 [PRESSURE DATA]
TOTAL FM JAN 1 0 HIGHEST SLP M ON M
DPTR FM NORMAL 0 LOWEST SLP 29.03 ON 8
[REMARKS]