000
CXUS51 KCLE 041836
CLSYNG
CLIMATE REPORT
NATIONAL WEATHER SERVICE CLEVELAND, OH
136 PM EST MON MAR 04 2024
...................................
...THE YOUNGSTOWN OH CLIMATE SUMMARY FOR THE SEASON, FROM
12/1/2023 TO 2/29/2024...
CLIMATE NORMAL PERIOD 1991 TO 2020
CLIMATE RECORD PERIOD 1897 TO 2024
WEATHER OBSERVED NORMAL DEPART
VALUE DATE(S) VALUE FROM
NORMAL
................................................
TEMPERATURE (F)
RECORD
HIGH 76 12/03/1982
LOW -22 01/19/1994
HIGHEST 64 02/09
02/27
LOWEST 0 01/15
AVG. MAXIMUM 43.2 36.8 6.4
AVG. MINIMUM 28.9 21.8 7.1
MEAN 36.0 29.3 6.7
DAYS MAX >= 90 0 0.0
DAYS MAX <= 32 14 34.9
DAYS MIN <= 32 58 75.3
DAYS MIN <= 0 1 3.3
PRECIPITATION (INCHES)
RECORD
MAXIMUM 15.88 1950
MINIMUM 3.84 1922
TOTALS 8.41 8.72 -0.31
DAYS >= .01 49 52.5
DAYS >= .10 22 23.4
DAYS >= .50 4 4.4
DAYS >= 1.00 1 0.8
SNOWFALL (INCHES)
RECORDS
TOTAL 103.7 2011
TOTALS 22.6 49.5
DAYS >= TRACE 39
DAYS >= 1.0 9 16.6
DEGREE DAYS
HEATING TOTAL 2612 3212 -600
COOLING TOTAL 0 0 0
................................................
WIND (MPH)
HIGHEST GUST SPEED/DIRECTION 56/130 DATE 01/12
SKY COVER
POSSIBLE SUNSHINE (PERCENT) MM
NUMBER OF DAYS FAIR 7
NUMBER OF DAYS PC 26
NUMBER OF DAYS CLOUDY 58
WEATHER CONDITIONS. NUMBER OF DAYS WITH
THUNDERSTORM 2 MIXED PRECIP 0
HEAVY RAIN 1 RAIN 4
LIGHT RAIN 40 FREEZING RAIN 0
LT FREEZING RAIN 4 HAIL 2
HEAVY SNOW 1 SNOW 8
LIGHT SNOW 37 SLEET 3
FOG 54 FOG W/VIS <= 1/4 MILE 12
HAZE 9
- INDICATES NEGATIVE NUMBERS.
R INDICATES RECORD WAS SET OR TIED.
MM INDICATES DATA IS MISSING.
T INDICATES TRACE AMOUNT.
$$