000
CXUS51 KPBZ 010830
CF6ZZV
PRELIMINARY LOCAL CLIMATOLOGICAL DATA (WS FORM: F-6)
STATION: ZANESVILLE OH
MONTH: DECEMBER
YEAR: 2022
LATITUDE: 39 56 N
LONGITUDE: 81 54 W
TEMPERATURE IN F: :PCPN: SNOW: WIND :SUNSHINE: SKY :PK WND
================================================================================
1 2 3 4 5 6A 6B 7 8 9 10 11 12 13 14 15 16 17 18
12Z AVG MX 2MIN
DY MAX MIN AVG DEP HDD CDD WTR SNW DPTH SPD SPD DIR MIN PSBL S-S WX SPD DR
================================================================================
1 36 21 29 -9 36 0 0.00 M M 5.9 22 270 M M 2 8 30 290
2 56 22 39 1 26 0 T M M 7.9 21 190 M M 7 30 190
3 56 25 41 3 24 0 0.16 M M 11.0 33 280 M M 5 1 54 280
4 39 19 29 -9 36 0 0.00 M M 3.4 10 200 M M 0 14 190
5 49 19 34 -3 31 0 T M M 3.9 10 160 M M 3 13 150
6 53 42 48 11 17 0 0.06 M M 2.6 8 150 M M 10 1 9 140
7 60 49 55 18 10 0 0.27 M M 4.7 9 300 M M 10 12 13 220
8 49 40 45 9 20 0 0.01 M M 3.9 10 60 M M 7 18 11 50
9 50 34 42 6 23 0 0.06 M M 6.4 13 100 M M 4 1 17 100
10 43 38 41 5 24 0 0.00 M M 2.2 9 20 M M 10 18 12 30
11 47 35 41 5 24 0 T M M 4.3 14 320 M M 9 1 17 330
12 40 35 38 3 27 0 0.00 M M 4.4 9 50 M M 10 12 50
13 43 31 37 2 28 0 0.00 M M 5.9 12 70 M M 5 15 70
14 43 30 37 2 28 0 0.03 M M 7.5 14 90 M M 5 17 110
15 50 37 44 9 21 0 0.65 M M 7.4 17 160 M M 9 1 24 160
16 40 34 37 3 28 0 0.04 M M 5.8 20 250 M M 10 1 26 260
17 35 30 33 -1 32 0 T M M 7.7 20 260 M M 10 1 25 250
18 30 25 28 -6 37 0 T M M 8.2 17 270 M M 10 1 24 250
19 31 19 25 -9 40 0 0.00 M M 5.1 14 280 M M 2 19 300
20 37 17 27 -7 38 0 0.00 M M 1.4 8 130 M M 4 10 130
21 44 18 31 -2 34 0 0.00 M M 2.4 8 60 M M 0 10 80
22 47 33 40 7 25 0 0.03 M M 5.7 12 170 M M 9 1 14 180
23 44 -5 20 -13 45 0 0.11 M M 19.2 31 260 M M 10 18 47 250
24 15 -1 7 -26 58 0 T M M 14.0 23 240 M M 10 8 36 250
25 16 11 14 -19 51 0 0.00 M M 6.7 12 250 M M 3 17 250
26 20 8 14 -18 51 0 T M M 5.5 12 180 M M 6 8 13 190
27 32 28 30 -2 35 0 0.00 M M 6.9 13 160 M M 9 14 160
28 47 23 35 3 30 0 0.00 M M 9.1 15 180 M M 0 20 190
29 59 34 47 15 18 0 0.00 M M 8.3 16 200 M M 6 21 200
30 67 49 58 26 7 0 T M M 8.0 15 150 M M 6 20 190
31 57 43 50 18 15 0 0.20 M M 7.6 16 160 M M 9 1 20 200
================================================================================
SM 1335 843 919 0 1.62 M 203.0 M 200
================================================================================
AV 43.1 27.2 6.5 FASTST M M 6 MAX(MPH)
MISC ----> 33 280 54 280
================================================================================
NOTES:
# LAST OF SEVERAL OCCURRENCES
COLUMN 17 PEAK WIND IN M.P.H.
PRELIMINARY LOCAL CLIMATOLOGICAL DATA (WS FORM: F-6) , PAGE 2
STATION: ZANESVILLE OH
MONTH: DECEMBER
YEAR: 2022
LATITUDE: 39 56 N
LONGITUDE: 81 54 W
[TEMPERATURE DATA] [PRECIPITATION DATA] SYMBOLS USED IN COLUMN 16
AVERAGE MONTHLY: 35.1 TOTAL FOR MONTH: 1.62 1 = FOG OR MIST
DPTR FM NORMAL: 0.4 DPTR FM NORMAL: -1.01 2 = FOG REDUCING VISIBILITY
HIGHEST: 67 ON 30 GRTST 24HR 0.68 ON 14-15 TO 1/4 MILE OR LESS
LOWEST: -5 ON 23 3 = THUNDER
SNOW, ICE PELLETS, HAIL 4 = ICE PELLETS
TOTAL MONTH: M 5 = HAIL
GRTST 24HR M ON M 6 = FREEZING RAIN OR DRIZZLE
GRTST DEPTH: M ON M 7 = DUSTSTORM OR SANDSTORM:
VSBY 1/2 MILE OR LESS
8 = SMOKE OR HAZE
[NO. OF DAYS WITH] [WEATHER - DAYS WITH] 9 = BLOWING SNOW
X = TORNADO
MAX 32 OR BELOW: 6 0.01 INCH OR MORE: 11
MAX 90 OR ABOVE: 0 0.10 INCH OR MORE: 5
MIN 32 OR BELOW: 18 0.50 INCH OR MORE: 1
MIN 0 OR BELOW: 2 1.00 INCH OR MORE: 0
[HDD (BASE 65) ]
TOTAL THIS MO. 919 CLEAR (SCALE 0-3) 7
DPTR FM NORMAL -22 PTCLDY (SCALE 4-7) 10
TOTAL FM JUL 1 1996 CLOUDY (SCALE 8-10) 14
DPTR FM NORMAL -18
[CDD (BASE 65) ]
TOTAL THIS MO. 0
DPTR FM NORMAL 0 [PRESSURE DATA]
TOTAL FM JAN 1 912 HIGHEST SLP 30.57 ON 1
DPTR FM NORMAL 0 LOWEST SLP 29.36 ON 23
[REMARKS]
#FINAL-12-22#