000
CXUS51 KPBZ 010730
CF6ZZV
PRELIMINARY LOCAL CLIMATOLOGICAL DATA (WS FORM: F-6)
STATION: ZANESVILLE OH
MONTH: APRIL
YEAR: 2022
LATITUDE: 39 56 N
LONGITUDE: 81 54 W
TEMPERATURE IN F: :PCPN: SNOW: WIND :SUNSHINE: SKY :PK WND
================================================================================
1 2 3 4 5 6A 6B 7 8 9 10 11 12 13 14 15 16 17 18
12Z AVG MX 2MIN
DY MAX MIN AVG DEP HDD CDD WTR SNW DPTH SPD SPD DIR MIN PSBL S-S WX SPD DR
================================================================================
1 44 33 39 -8 26 0 0.06 M M 9.4 22 300 M M 10 18 31 310
2 52 26 39 -9 26 0 T M M 2.9 17 290 M M 4 24 290
3 48 33 41 -7 24 0 0.00 M M 9.5 23 260 M M 9 32 270
4 51 29 40 -8 25 0 0.04 M M 4.8 14 150 M M 5 18 160
5 56 32 44 -5 21 0 0.33 M M 4.2 10 90 M M 5 1 13 70
6 61 47 54 5 11 0 0.88 M M 7.2 22 170 M M 9 1 28 190
7 58 42 50 0 15 0 0.19 M M 7.8 26 260 M M 5 12 34 260
8 50 33 42 -8 23 0 0.02 M M 8.1 21 250 M M 7 28 240
9 44 37 41 -9 24 0 0.05 M M 8.8 23 270 M M 10 18 30 270
10 57 35 46 -5 19 0 0.00 M M 6.4 17 280 M M 3 23 300
11 62 40 51 0 14 0 0.28 M M 7.7 16 210 M M 7 13 23 210
12 70 50 60 8 5 0 0.03 M M 6.0 17 330 M M 7 1 22 320
13 78 60 69 17 0 4 0.02 M M 11.5 25 190 M M 4 32 180
14 64 48 56 4 9 0 0.07 M M 11.3 24 290 M M 4 1 36 290
15 71 42 57 4 8 0 0.00 M M 11.4 25 200 M M 2 35 250
16 62 40 51 -2 14 0 0.17 M M 9.3 23 200 M M 8 1 35 200
17 51 30 41 -13 24 0 0.00 M M 7.6 13 60 M M 1 20 330
18 45 38 42 -12 23 0 0.58 M M 9.7 21 250 M M 8 1 29 250
19 45 34 40 -14 25 0 0.02 M M 10.8 17 280 M M 8 1 38 280
20 60 26 43 -12 22 0 0.00 M M 4.8 14 110 M M 0 17 100
21 65 48 57 2 8 0 0.11 M M 8.8 20 200 M M 7 8 30 220
22 73 42 58 3 7 0 0.00 M M 2.9 9 100 M M 3 12 13 60
23 86 51 69 13 0 4 0.00 M M 4.4 16 270 M M 1 22 270
24 84 55 70 14 0 5 0.00 M M 6.4 17 200 M M 0 24 240
25 82 56 69 13 0 4 0.53 M M 7.4 21 190 M M 6 12 26 290
26 56 42 49 -8 16 0 T M M 8.6 21 260 M M 9 26 260
27 53 34 44 -13 21 0 0.00 M M 9.7 21 320 M M 2 26 330
28 57 28 43 -14 22 0 0.00 M M 3.8 10 90 M M 0 14 40
29 66 38 52 -6 13 0 0.00 M M 5.1 12 80 M M 4 16 120
30 71 50 61 3 4 0 0.00 M M 6.1 14 150 M M 5 19 170
================================================================================
SM 1822 1199 449 17 3.38 M 222.4 M 153
================================================================================
AV 60.7 40.0 7.4 FASTST M M 5 MAX(MPH)
MISC ----> 26 260 38 280
================================================================================
NOTES:
# LAST OF SEVERAL OCCURRENCES
COLUMN 17 PEAK WIND IN M.P.H.
PRELIMINARY LOCAL CLIMATOLOGICAL DATA (WS FORM: F-6) , PAGE 2
STATION: ZANESVILLE OH
MONTH: APRIL
YEAR: 2022
LATITUDE: 39 56 N
LONGITUDE: 81 54 W
[TEMPERATURE DATA] [PRECIPITATION DATA] SYMBOLS USED IN COLUMN 16
AVERAGE MONTHLY: 50.4 TOTAL FOR MONTH: 3.38 1 = FOG OR MIST
DPTR FM NORMAL: -2.5 DPTR FM NORMAL: -0.48 2 = FOG REDUCING VISIBILITY
HIGHEST: 86 ON 23 GRTST 24HR 1.05 ON 6- 7 TO 1/4 MILE OR LESS
LOWEST: 26 ON 20, 2 3 = THUNDER
SNOW, ICE PELLETS, HAIL 4 = ICE PELLETS
TOTAL MONTH: M 5 = HAIL
GRTST 24HR M ON M 6 = FREEZING RAIN OR DRIZZLE
GRTST DEPTH: M ON M 7 = DUSTSTORM OR SANDSTORM:
VSBY 1/2 MILE OR LESS
8 = SMOKE OR HAZE
[NO. OF DAYS WITH] [WEATHER - DAYS WITH] 9 = BLOWING SNOW
X = TORNADO
MAX 32 OR BELOW: 0 0.01 INCH OR MORE: 16
MAX 90 OR ABOVE: 0 0.10 INCH OR MORE: 8
MIN 32 OR BELOW: 6 0.50 INCH OR MORE: 3
MIN 0 OR BELOW: 0 1.00 INCH OR MORE: 0
[HDD (BASE 65) ]
TOTAL THIS MO. 449 CLEAR (SCALE 0-3) 9
DPTR FM NORMAL 73 PTCLDY (SCALE 4-7) 15
TOTAL FM JUL 1 4837 CLOUDY (SCALE 8-10) 6
DPTR FM NORMAL -260
[CDD (BASE 65) ]
TOTAL THIS MO. 17
DPTR FM NORMAL 7 [PRESSURE DATA]
TOTAL FM JAN 1 17 HIGHEST SLP 30.50 ON 22
DPTR FM NORMAL 6 LOWEST SLP 29.54 ON 6
[REMARKS]
#FINAL-04-22#