000
CXUS51 KBTV 300700
CF61V4
PRELIMINARY LOCAL CLIMATOLOGICAL DATA (WS FORM: F-6)

                                          STATION:   ST. JOHNSBURY VT
                                          MONTH:     APRIL
                                          YEAR:      2016
                                          LATITUDE:   44 25 N
                                          LONGITUDE:  72  1 W

  TEMPERATURE IN F:       :PCPN:    SNOW:  WIND      :SUNSHINE: SKY     :PK WND
================================================================================
1   2   3   4   5  6A  6B    7    8   9   10  11  12  13   14  15   16   17  18
                                     12Z  AVG MX 2MIN
DY MAX MIN AVG DEP HDD CDD  WTR  SNW DPTH SPD SPD DIR MIN PSBL S-S WX    SPD DR
================================================================================

 1  66  43  55  17  10   0 0.27    M    0   M   M   M   M    M   0         M  M
 2  50  30  40   2  25   0 0.02    M    0   M   M   M   M    M   0         M  M
 3  31  17  24 -15  41   0 0.00  0.0    0   M   M   M   M    M   0         M  M
 4  29  13  21 -18  44   0 0.00  0.0    0   M   M   M   M    M   0         M  M
 5  32  11  22 -18  43   0 0.00  0.0    0   M   M   M   M    M   0         M  M
 6  41  11  26 -14  39   0 0.10    M    0   M   M   M   M    M   0         M  M
 7  58  33  46   5  19   0 0.43    M    0   M   M   M   M    M   0         M  M
 8  42  27  35  -6  30   0 0.29    M    0   M   M   M   M    M   0         M  M
 9  37  25  31 -11  34   0 0.00  0.0    0   M   M   M   M    M   0         M  M
10  39  21  30 -12  35   0 0.00  0.0    0   M   M   M   M    M   0         M  M
11  46  30  38  -4  27   0 0.16    M    0   M   M   M   M    M   0         M  M
12  48  31  40  -3  25   0 0.28    M    0   M   M   M   M    M   0         M  M
13  48  29  39  -4  26   0 0.00  0.0    0   M   M   M   M    M   0         M  M
14  55  25  40  -4  25   0 0.00  0.0    0   M   M   M   M    M   0         M  M
15  60  25  43  -1  22   0 0.00  0.0    0   M   M   M   M    M   0         M  M
16  66  27  47   2  18   0 0.00  0.0    0   M   M   M   M    M   0         M  M
17  76  30  53   8  12   0 0.00  0.0    0   M   M   M   M    M   0         M  M
18  68  35  52   6  13   0 0.15    M    0   M   M   M   M    M   0         M  M
19  57  41  49   3  16   0 0.26    M    0   M   M   M   M    M   0         M  M
20  58  33  46   0  19   0 0.00  0.0    0   M   M   M   M    M   0         M  M
21  75  29  52   5  13   0 0.00  0.0    0   M   M   M   M    M   0         M  M
22  73  46  60  13   5   0 0.02    M    0   M   M   M   M    M   0         M  M
23  57  31  44  -4  21   0 0.00  0.0    0   M   M   M   M    M   0         M  M
24  53  26  40  -8  25   0 0.00  0.0    0   M   M   M   M    M   0         M  M
25  55  25  40  -9  25   0 0.00  0.0    0   M   M   M   M    M   0         M  M
26  40  30  35 -14  30   0 0.34    M    0   M   M   M   M    M   0         M  M
27  51  26  39 -10  26   0 0.00  0.0    0   M   M   M   M    M   0         M  M
28  50  23  37 -13  28   0 0.00  0.0    0   M   M   M   M    M   0         M  M
29  60  24  42  -8  23   0 0.00  0.0    0   M   M   M   M    M   0         M  M
================================================================================
SM 1521  797       719   0  2.32     0.0     M          M        0
================================================================================
AV 52.4 27.5                                 M FASTST   M    M   0    MAX(MPH)
                                 MISC ---->     M   M                  M    M
================================================================================
NOTES:
# LAST OF SEVERAL OCCURRENCES

COLUMN 17 PEAK WIND IN M.P.H.

PRELIMINARY LOCAL CLIMATOLOGICAL DATA (WS FORM: F-6) , PAGE 2

                                          STATION:  ST. JOHNSBURY VT
                                          MONTH:    APRIL
                                          YEAR:     2016
                                          LATITUDE:   44 25 N
                                          LONGITUDE:  72  1 W

[TEMPERATURE DATA]      [PRECIPITATION DATA]       SYMBOLS USED IN COLUMN 16

AVERAGE MONTHLY: 40.0   TOTAL FOR MONTH:   2.32    1 = FOG OR MIST
DPTR FM NORMAL:  -4.2   DPTR FM NORMAL:   -0.44    2 = FOG REDUCING VISIBILITY
HIGHEST:    76 ON 17    GRTST 24HR  0.72 ON  7- 8      TO 1/4 MILE OR LESS
LOWEST:     11 ON  6, 5                            3 = THUNDER
                        SNOW, ICE PELLETS, HAIL    4 = ICE PELLETS
                        TOTAL MONTH:   0.0 INCH    5 = HAIL
                        GRTST 24HR     0.0         6 = FREEZING RAIN OR DRIZZLE
                        GRTST DEPTH:   0           7 = DUSTSTORM OR SANDSTORM:
                                                       VSBY 1/2 MILE OR LESS
                                                   8 = SMOKE OR HAZE
[NO. OF DAYS WITH]      [WEATHER - DAYS WITH]      9 = BLOWING SNOW
                                                   X = TORNADO
MAX 32 OR BELOW:   3    0.01 INCH OR MORE:  11
MAX 90 OR ABOVE:   0    0.10 INCH OR MORE:   9
MIN 32 OR BELOW:  23    0.50 INCH OR MORE:   0
MIN  0 OR BELOW:   0    1.00 INCH OR MORE:   0

[HDD (BASE 65) ]
TOTAL THIS MO.   719    CLEAR  (SCALE 0-3)  29
DPTR FM NORMAL   115    PTCLDY (SCALE 4-7)   0
TOTAL FM JUL 1  6531    CLOUDY (SCALE 8-10)  0
DPTR FM NORMAL  -873

[CDD (BASE 65) ]
TOTAL THIS MO.     0
DPTR FM NORMAL     0    [PRESSURE DATA]
TOTAL FM JAN 1     0    HIGHEST SLP M ON M
DPTR FM NORMAL     0    LOWEST  SLP M ON M

[REMARKS]
