000
CXUS51 KBTV 280700
CF61V4
PRELIMINARY LOCAL CLIMATOLOGICAL DATA (WS FORM: F-6)

                                          STATION:   ST. JOHNSBURY VT
                                          MONTH:     JULY
                                          YEAR:      2015
                                          LATITUDE:   44 25 N
                                          LONGITUDE:  72  1 W

  TEMPERATURE IN F:       :PCPN:    SNOW:  WIND      :SUNSHINE: SKY     :PK WND
================================================================================
1   2   3   4   5  6A  6B    7    8   9   10  11  12  13   14  15   16   17  18
                                     12Z  AVG MX 2MIN
DY MAX MIN AVG DEP HDD CDD  WTR  SNW DPTH SPD SPD DIR MIN PSBL S-S WX    SPD DR
================================================================================

 1  71  61  66  -3   0   1 0.61  0.0    0   M   M   M   M    M   0         M  M
 2  73  51  62  -7   3   0 0.00  0.0    0   M   M   M   M    M   0         M  M
 3  76  47  62  -7   3   0 0.00  0.0    0   M   M   M   M    M   0         M  M
 4  70  50  60 -10   5   0 0.01  0.0    0   M   M   M   M    M   0         M  M
 5  80  58  69  -1   0   4 0.00  0.0    0   M   M   M   M    M   0         M  M
 6  84  55  70   0   0   5 0.00  0.0    0   M   M   M   M    M   0         M  M
 7  82  58  70   0   0   5 0.00  0.0    0   M   M   M   M    M   0         M  M
 8  73  55  64  -6   1   0 0.07  0.0    0   M   M   M   M    M   0         M  M
 9  73  52  63  -7   2   0 0.11  0.0    0   M   M   M   M    M   0         M  M
10  82  59  71   1   0   6 0.00  0.0    0   M   M   M   M    M   0         M  M
11  85  54  70   0   0   5 0.00  0.0    0   M   M   M   M    M   0         M  M
12  86  60  73   3   0   8 0.00  0.0    0   M   M   M   M    M   0         M  M
13  85  63  74   4   0   9 0.00  0.0    0   M   M   M   M    M   0         M  M
14  81  62  72   2   0   7 0.14  0.0    0   M   M   M   M    M   0         M  M
15  69  51  60 -10   5   0 0.37  0.0    0   M   M   M   M    M   0         M  M
16  74  45  60 -10   5   0 0.00  0.0    0   M   M   M   M    M   0         M  M
17  77  47  62  -8   3   0 0.01    M    0   M   M   M   M    M   0         M  M
18  78  63  71   1   0   6 1.08  0.0    0   M   M   M   M    M   0         M  M
19  84  65  75   5   0  10 2.30  0.0    M   M   M   M   M    M   0         M  M
20  85  64  75   5   0  10 0.00  0.0    0   M   M   M   M    M   0         M  M
21  82  60  71   1   0   6 0.21  0.0    0   M   M   M   M    M   0         M  M
22  75  59  67  -3   0   2 0.00  0.0    0   M   M   M   M    M   0         M  M
23  75  58  67  -3   0   2 0.00  0.0    0   M   M   M   M    M   0         M  M
24  71  54  63  -7   2   0 0.29  0.0    0   M   M   M   M    M   0         M  M
25  78  56  67  -3   0   2 0.00  0.0    0   M   M   M   M    M   0         M  M
26  78  62  70   0   0   5 0.05  0.0    0   M   M   M   M    M   0         M  M
27  86  67  77   7   0  12 0.00  0.0    0   M   M   M   M    M   0         M  M
================================================================================
SM 2113 1536        29 105  5.25     0.0     M          M        0
================================================================================
AV 78.3 56.9                                 M FASTST   M    M   0    MAX(MPH)
                                 MISC ---->     M   M                  M    M
================================================================================
NOTES:
# LAST OF SEVERAL OCCURRENCES

COLUMN 17 PEAK WIND IN M.P.H.

PRELIMINARY LOCAL CLIMATOLOGICAL DATA (WS FORM: F-6) , PAGE 2

                                          STATION:  ST. JOHNSBURY VT
                                          MONTH:    JULY
                                          YEAR:     2015
                                          LATITUDE:   44 25 N
                                          LONGITUDE:  72  1 W

[TEMPERATURE DATA]      [PRECIPITATION DATA]       SYMBOLS USED IN COLUMN 16

AVERAGE MONTHLY: 67.6   TOTAL FOR MONTH:   5.25    1 = FOG OR MIST
DPTR FM NORMAL:  -2.3   DPTR FM NORMAL:    1.72    2 = FOG REDUCING VISIBILITY
HIGHEST:    86 ON 27,12 GRTST 24HR  2.71 ON 18-19      TO 1/4 MILE OR LESS
LOWEST:     45 ON 16                               3 = THUNDER
                        SNOW, ICE PELLETS, HAIL    4 = ICE PELLETS
                        TOTAL MONTH:   0.0 INCH    5 = HAIL
                        GRTST 24HR     0.0         6 = FREEZING RAIN OR DRIZZLE
                        GRTST DEPTH:   0           7 = DUSTSTORM OR SANDSTORM:
                                                       VSBY 1/2 MILE OR LESS
                                                   8 = SMOKE OR HAZE
[NO. OF DAYS WITH]      [WEATHER - DAYS WITH]      9 = BLOWING SNOW
                                                   X = TORNADO
MAX 32 OR BELOW:   0    0.01 INCH OR MORE:  12
MAX 90 OR ABOVE:   0    0.10 INCH OR MORE:   8
MIN 32 OR BELOW:   0    0.50 INCH OR MORE:   3
MIN  0 OR BELOW:   0    1.00 INCH OR MORE:   2

[HDD (BASE 65) ]
TOTAL THIS MO.    29    CLEAR  (SCALE 0-3)  27
DPTR FM NORMAL    19    PTCLDY (SCALE 4-7)   0
TOTAL FM JUL 1    29    CLOUDY (SCALE 8-10)  0
DPTR FM NORMAL    19

[CDD (BASE 65) ]
TOTAL THIS MO.   105
DPTR FM NORMAL   -45    [PRESSURE DATA]
TOTAL FM JAN 1   176    HIGHEST SLP M ON M
DPTR FM NORMAL   -82    LOWEST  SLP M ON M

[REMARKS]
