000
CXUS53 KUNR 280945
CF62WX
PRELIMINARY LOCAL CLIMATOLOGICAL DATA (WS FORM: F-6)

                                          STATION:   BUFFALO SD
                                          MONTH:     FEBRUARY
                                          YEAR:      2015
                                          LATITUDE:   45 35 N
                                          LONGITUDE: 103 33 W

  TEMPERATURE IN F:       :PCPN:    SNOW:  WIND      :SUNSHINE: SKY     :PK WND
================================================================================
1   2   3   4   5  6A  6B    7    8   9   10  11  12  13   14  15   16   17  18
                                     12Z  AVG MX 2MIN
DY MAX MIN AVG DEP HDD CDD  WTR  SNW DPTH SPD SPD DIR MIN PSBL S-S WX    SPD DR
================================================================================

 1  14  -4   5 -16  60   0 0.02    M    M  9.2 16 180   M    M   M        20 170
 2  28   6  17  -4  48   0 0.00    M    M 10.4 28 320   M    M   M        34 320
 3  30   8  19  -2  46   0 0.06    M    M 14.0 28 310   M    M   M        33 310
 4  20  -7   7 -15  58   0 0.00    M    M 10.4 24 330   M    M   M        29 320
 5  49  12  31   9  34   0 0.00    M    M  6.7 17 270   M    M   M        19 270
 6  66  33  50  28  15   0 0.00    M    M  7.3 18 230   M    M   M        24 220
 7  67  39  53  31  12   0 0.00    M    M 11.5 24 280   M    M   M        30 280
 8  60  34  47  25  18   0 0.00    M    M 13.0 28 310   M    M   M        34 310
 9  41  22  32  10  33   0 0.01    M    M  9.9 23 150   M    M   M        28 140
10  44  20  32  10  33   0 0.00    M    M 20.5 36 310   M    M   M        41 320
11  26  12  19  -4  46   0 0.00    M    M 12.6 21 320   M    M   M        26 320
12  54   9  32   9  33   0 0.00    M    M 14.2 31 290   M    M   M        36 320
13  58  30  44  21  21   0 0.00    M    M 12.2 29 310   M    M   M        35 310
14  30  12  21  -2  44   0 0.00    M    M 17.5 31 130   M    M   M        37 140
15  43  20  32   8  33   0 0.00    M    M 16.0 30 310   M    M   M        35 300
16  33  12  23  -1  42   0 0.01    M    M 16.7 32 340   M    M   M        40 350
17  17   0   9 -15  56   0 0.00    M    M 19.3 36 300   M    M   M        42 320
18  25  -2  12 -12  53   0 0.00    M    M  9.8 16 330   M    M   M        20 320
19  51  17  34  10  31   0 0.00    M    M 13.2 32 310   M    M   M        39 300
20  45  26  36  11  29   0 0.00    M    M 17.0 38 320   M    M   M        45 320
21  30   0  15 -10  50   0 0.00    M    M 17.9 30 320   M    M   M        36 330
22  16  -8   4 -21  61   0 0.00    M    M  8.8 17 290   M    M   M        21 290
23  41   2  22  -4  43   0 0.00    M    M 20.1 35 260   M    M   M        42 260
24  56  26  41  15  24   0 0.00    M    M 13.6 25 300   M    M   M        30 290
25  38   2  20  -6  45   0 0.03    M    M 17.2 36 330   M    M   M        42 330
26  12 -10   1 -25  64   0 0.00    M    M  7.8 17 320   M    M   M        19 320
27  27  -7  10 -17  55   0 0.00    M    M 10.1 22 170   M    M   M        29 150
================================================================================
SM 1021  304      1087   0  0.13    M    356.9          M        M
================================================================================
AV 37.8 11.3                              13.2 FASTST   M    M   4    MAX(MPH)
                                 MISC ---->  # 38 320               # 45  320
================================================================================
NOTES:
# LAST OF SEVERAL OCCURRENCES

COLUMN 17 PEAK WIND IN M.P.H.

PRELIMINARY LOCAL CLIMATOLOGICAL DATA (WS FORM: F-6) , PAGE 2

                                          STATION:  BUFFALO SD
                                          MONTH:    FEBRUARY
                                          YEAR:     2015
                                          LATITUDE:   45 35 N
                                          LONGITUDE: 103 33 W

[TEMPERATURE DATA]      [PRECIPITATION DATA]       SYMBOLS USED IN COLUMN 16

AVERAGE MONTHLY: 24.5   TOTAL FOR MONTH:   0.13    1 = FOG OR MIST
DPTR FM NORMAL:   1.0   DPTR FM NORMAL:   -0.14    2 = FOG REDUCING VISIBILITY
HIGHEST:    67 ON  7    GRTST 24HR  0.09 ON 31- 1      TO 1/4 MILE OR LESS
LOWEST:    -10 ON 26                               3 = THUNDER
                        SNOW, ICE PELLETS, HAIL    4 = ICE PELLETS
                        TOTAL MONTH:    M          5 = HAIL
                        GRTST 24HR    M  ON   M    6 = FREEZING RAIN OR DRIZZLE
                        GRTST DEPTH:  M  ON   M    7 = DUSTSTORM OR SANDSTORM:
                                                       VSBY 1/2 MILE OR LESS
                                                   8 = SMOKE OR HAZE
[NO. OF DAYS WITH]      [WEATHER - DAYS WITH]      9 = BLOWING SNOW
                                                   X = TORNADO
MAX 32 OR BELOW:  12    0.01 INCH OR MORE:   5
MAX 90 OR ABOVE:   0    0.10 INCH OR MORE:   0
MIN 32 OR BELOW:  24    0.50 INCH OR MORE:   0
MIN  0 OR BELOW:   8    1.00 INCH OR MORE:   0

[HDD (BASE 65) ]
TOTAL THIS MO.  1087    CLEAR  (SCALE 0-3)   0
DPTR FM NORMAL   -34    PTCLDY (SCALE 4-7)   0
TOTAL FM JUL 1  5406    CLOUDY (SCALE 8-10)  0
DPTR FM NORMAL  -354

[CDD (BASE 65) ]
TOTAL THIS MO.     0
DPTR FM NORMAL     0    [PRESSURE DATA]
TOTAL FM JAN 1     0    HIGHEST SLP M ON M
DPTR FM NORMAL     0    LOWEST  SLP 29.50 ON  7

[REMARKS]
