000
CXUS53 KUNR 210945
CF62WX
PRELIMINARY LOCAL CLIMATOLOGICAL DATA (WS FORM: F-6)

                                          STATION:   BUFFALO SD
                                          MONTH:     JULY
                                          YEAR:      2017
                                          LATITUDE:   45 35 N
                                          LONGITUDE: 103 33 W

  TEMPERATURE IN F:       :PCPN:    SNOW:  WIND      :SUNSHINE: SKY     :PK WND
================================================================================
1   2   3   4   5  6A  6B    7    8   9   10  11  12  13   14  15   16   17  18
                                     12Z  AVG MX 2MIN
DY MAX MIN AVG DEP HDD CDD  WTR  SNW DPTH SPD SPD DIR MIN PSBL S-S WX    SPD DR
================================================================================

 1  91  53  72   4   0   7 0.00    M    M 12.6 25 280   M    M   M        31 290
 2  92  56  74   6   0   9 0.00    M    M 13.9 38 320   M    M   M        50 300
 3  95  57  76   7   0  11 0.00    M    M  8.2 21 100   M    M   M        30 180
 4  98  62  80  11   0  15 0.00    M    M  7.1 22 320   M    M   M        26 320
 5 105  64  85  16   0  20 0.00    M    M 11.0 29 290   M    M   M        35 290
 6  93  67  80  10   0  15 0.00    M    M 11.2 20  30   M    M   M        23  50
 7  97  59  78   8   0  13 0.02    M    M  9.9 29  10   M    M   M        41 360
 8  97  57  77   7   0  12 0.00    M    M  8.4 16 170   M    M   M        23 150
 9 102  67  85  15   0  20 0.00    M    M 13.7 26  40   M    M   M        32  40
10  96  66  81  11   0  16 1.39    M    M 14.4 35 160   M    M   M        43 160
11  91  62  77   6   0  12 0.00    M    M 12.9 25 310   M    M   M        31 310
12  83  61  72   1   0   7 0.00    M    M 10.6 17  80   M    M   M        21  70
13  88  55  72   1   0   7 0.00    M    M 10.7 20 120   M    M   M        24 140
14 103  62  83  12   0  18 0.09    M    M 10.3 31 270   M    M   M        41 270
15  92  63  78   7   0  13 0.00    M    M 12.9 22  50   M    M   M        26  70
16 102  67  85  14   0  20 0.00    M    M 16.4 43 300   M    M   M        55 310
17  95  62  79   7   0  14 0.21    M    M 10.8 29  40   M    M   M        36  40
18  89  61  75   3   0  10 0.02    M    M  9.6 32 330   M    M   M        38 330
19  86  67  77   5   0  12 0.09    M    M 12.4 25  70   M    M   M        31  70
20 100  66  83  11   0  18    M    M    M 18.1 43 330   M    M   M        50 160
================================================================================
SM 1895 1234         0 269  1.82    M    235.1          M        M
================================================================================
AV 94.8 61.7                              11.8 FASTST   M    M   1    MAX(MPH)
                                 MISC ---->  # 43 300               # 55  310
================================================================================
NOTES:
# LAST OF SEVERAL OCCURRENCES

COLUMN 17 PEAK WIND IN M.P.H.

PRELIMINARY LOCAL CLIMATOLOGICAL DATA (WS FORM: F-6) , PAGE 2

                                          STATION:  BUFFALO SD
                                          MONTH:    JULY
                                          YEAR:     2017
                                          LATITUDE:   45 35 N
                                          LONGITUDE: 103 33 W

[TEMPERATURE DATA]      [PRECIPITATION DATA]       SYMBOLS USED IN COLUMN 16

AVERAGE MONTHLY: 78.2   TOTAL FOR MONTH:   1.82    1 = FOG OR MIST
DPTR FM NORMAL:   7.9   DPTR FM NORMAL:    0.44    2 = FOG REDUCING VISIBILITY
HIGHEST:   105 ON  5    GRTST 24HR  1.39 ON 10-10      TO 1/4 MILE OR LESS
LOWEST:     53 ON  1                               3 = THUNDER
                        SNOW, ICE PELLETS, HAIL    4 = ICE PELLETS
                        TOTAL MONTH:    M          5 = HAIL
                        GRTST 24HR    M  ON   M    6 = FREEZING RAIN OR DRIZZLE
                        GRTST DEPTH:  M  ON   M    7 = DUSTSTORM OR SANDSTORM:
                                                       VSBY 1/2 MILE OR LESS
                                                   8 = SMOKE OR HAZE
[NO. OF DAYS WITH]      [WEATHER - DAYS WITH]      9 = BLOWING SNOW
                                                   X = TORNADO
MAX 32 OR BELOW:   0    0.01 INCH OR MORE:   6
MAX 90 OR ABOVE:  16    0.10 INCH OR MORE:   2
MIN 32 OR BELOW:   0    0.50 INCH OR MORE:   1
MIN  0 OR BELOW:   0    1.00 INCH OR MORE:   1

[HDD (BASE 65) ]
TOTAL THIS MO.     0    CLEAR  (SCALE 0-3)   0
DPTR FM NORMAL   -20    PTCLDY (SCALE 4-7)   0
TOTAL FM JUL 1     0    CLOUDY (SCALE 8-10)  0
DPTR FM NORMAL   -20

[CDD (BASE 65) ]
TOTAL THIS MO.   269
DPTR FM NORMAL   148    [PRESSURE DATA]
TOTAL FM JAN 1   379    HIGHEST SLP 30.25 ON 15
DPTR FM NORMAL   190    LOWEST  SLP 29.50 ON 11

[REMARKS]
