000
CXUS55 KBOU 280800
CF633V
PRELIMINARY LOCAL CLIMATOLOGICAL DATA (WS FORM: F-6)

                                          STATION:   Walden
                                          MONTH:     SEPTEMBER
                                          YEAR:      2016
                                          LATITUDE:   40 45 N
                                          LONGITUDE: 106 16 W

  TEMPERATURE IN F:       :PCPN:    SNOW:  WIND      :SUNSHINE: SKY     :PK WND
================================================================================
1   2   3   4   5  6A  6B    7    8   9   10  11  12  13   14  15   16   17  18
                                     12Z  AVG MX 2MIN
DY MAX MIN AVG DEP HDD CDD  WTR  SNW DPTH SPD SPD DIR MIN PSBL S-S WX    SPD DR
================================================================================

 1  46  36  41   M  24   0    M    M    M  4.7  8 130   M    M   0         M  M
 2   M   M   M   M   M   M    M    M    M   M   M   M   M    M   M         M  M
 3   M   M   M   M   M   M    M    M    M   M   M   M   M    M   M         M  M
 4   M   M   M   M   M   M    M    M    M   M   M   M   M    M   M         M  M
 5   M   M   M   M   M   M    M    M    M   M   M   M   M    M   M         M  M
 6  73  36  55   M  10   0    M    M    M 11.8 24 220   M    M   0        29 220
 7  72  34  53   M  12   0    M    M    M 10.6 24 250   M    M   0        32 240
 8  73  30  52   M  13   0    M    M    M 10.7 25 250   M    M   0        35 250
 9  64  28  46   M  19   0    M    M    M 10.0 22 260   M    M   0        32 270
10  73  19  46   M  19   0    M    M    M  8.2 22 250   M    M   0        30 250
11  75  32  54   M  11   0    M    M    M 12.0 28 260   M    M   0        36 240
12  70  41  56   M   9   0    M    M    M 11.2 23 240   M    M   0        32 210
13  66  36  51   M  14   0    M    M    M  8.0 25 260   M    M   0        35 120
14  66  32  49   M  16   0    M    M    M 10.1 24 190   M    M   0        36 180
15  55  30  43   M  22   0    M    M    M  7.7 18 250   M    M   0        28 230
16  61  23  42   M  23   0    M    M    M  5.3 10 350   M    M   0        16 240
17  64  25  45   M  20   0    M    M    M  8.7 21 250   M    M   0        28 250
18  70  41  56   M   9   0    M    M    M 11.7 22 250   M    M   0        28 250
19  75  36  56   M   9   0    M    M    M  8.9 17 200   M    M   0        27 240
20  73  34  54   M  11   0    M    M    M  6.1 12 200   M    M   0        16 210
21  64  45  55   M  10   0    M    M    M  6.7 18 210   M    M   0        22 210
22  73  41  57   M   8   0    M    M    M  8.0 20 190   M    M   0        30 190
23  59  34  47   M  18   0    M    M    M 11.0 23 330   M    M   0        30 210
24  50  32  41   M  24   0    M    M    M 11.6 22 210   M    M   0        28 190
25  57  30  44   M  21   0    M    M    M  5.5 12 340   M    M   0         M  M
26  66  23  45   M  20   0    M    M    M  5.6 13 340   M    M   0         M  M
27  72  28  50   M  15   0    M    M    M  5.6 14 330   M    M   0         M  M
================================================================================
SM 1517  746       357   0    M     M    199.7          M        0
================================================================================
AV 66.0 32.4                               8.7 FASTST   M    M   0    MAX(MPH)
                                 MISC ---->    28   M                 36    M
================================================================================
NOTES:
# LAST OF SEVERAL OCCURRENCES

COLUMN 17 PEAK WIND IN M.P.H.

PRELIMINARY LOCAL CLIMATOLOGICAL DATA (WS FORM: F-6) , PAGE 2

                                          STATION:  Walden
                                          MONTH:    SEPTEMBER
                                          YEAR:     2016
                                          LATITUDE:   40 45 N
                                          LONGITUDE: 106 16 W

[TEMPERATURE DATA]      [PRECIPITATION DATA]       SYMBOLS USED IN COLUMN 16

AVERAGE MONTHLY: 49.2   TOTAL FOR MONTH:      M    1 = FOG OR MIST
DPTR FM NORMAL:     M   DPTR FM NORMAL:       M    2 = FOG REDUCING VISIBILITY
HIGHEST:    75 ON 19,11 GRTST 24HR    M  ON   M        TO 1/4 MILE OR LESS
LOWEST:     19 ON 10                               3 = THUNDER
                        SNOW, ICE PELLETS, HAIL    4 = ICE PELLETS
                        TOTAL MONTH:    M          5 = HAIL
                        GRTST 24HR    M  ON   M    6 = FREEZING RAIN OR DRIZZLE
                        GRTST DEPTH:  M  ON   M    7 = DUSTSTORM OR SANDSTORM:
                                                       VSBY 1/2 MILE OR LESS
                                                   8 = SMOKE OR HAZE
[NO. OF DAYS WITH]      [WEATHER - DAYS WITH]      9 = BLOWING SNOW
                                                   X = TORNADO
MAX 32 OR BELOW:   0    0.01 INCH OR MORE:   0
MAX 90 OR ABOVE:   0    0.10 INCH OR MORE:   0
MIN 32 OR BELOW:  12    0.50 INCH OR MORE:   0
MIN  0 OR BELOW:   0    1.00 INCH OR MORE:   0

[HDD (BASE 65) ]
TOTAL THIS MO.   357    CLEAR  (SCALE 0-3)  23
DPTR FM NORMAL     M    PTCLDY (SCALE 4-7)   0
TOTAL FM JUL 1   820    CLOUDY (SCALE 8-10)  0
DPTR FM NORMAL     M

[CDD (BASE 65) ]
TOTAL THIS MO.     0
DPTR FM NORMAL     M    [PRESSURE DATA]
TOTAL FM JAN 1     1    HIGHEST SLP M ON M
DPTR FM NORMAL     M    LOWEST  SLP M ON M

[REMARKS]
