000
CXUS55 KBOU 281244
CF633V
PRELIMINARY LOCAL CLIMATOLOGICAL DATA (WS FORM: F-6)

                                          STATION:   Walden
                                          MONTH:     FEBRUARY
                                          YEAR:      2015
                                          LATITUDE:   40 45 N
                                          LONGITUDE: 106 16 W

  TEMPERATURE IN F:       :PCPN:    SNOW:  WIND      :SUNSHINE: SKY     :PK WND
================================================================================
1   2   3   4   5  6A  6B    7    8   9   10  11  12  13   14  15   16   17  18
                                     12Z  AVG MX 2MIN
DY MAX MIN AVG DEP HDD CDD  WTR  SNW DPTH SPD SPD DIR MIN PSBL S-S WX    SPD DR
================================================================================

 1  28   5  17   M  48   0    M    M    M  8.0 22 200   M    M   5        29 200
 2  34  27  31   M  34   0    M    M    M 13.9 23 210   M    M  10        28 210
 3  37  30  34   M  31   0    M    M    M 14.3 24 210   M    M   7        37 240
 4  34  30  32   M  33   0    M    M    M  7.2 17 260   M    M  10        17 270
 5  43  30  37   M  28   0    M    M    M 11.1 21 250   M    M   2        28 250
 6  50  34  42   M  23   0    M    M    M 14.6 25 210   M    M   0        32 210
 7  50  32  41   M  24   0    M    M    M 12.8 24 240   M    M   1        35 240
 8  43  27  35   M  30   0    M    M    M  9.0 16 240   M    M   2        22 210
 9  50  23  37   M  28   0    M    M    M 11.2 21 230   M    M   3        25 230
10  37  25  31   M  34   0    M    M    M  5.6 12 230   M    M   7         M  M
11  37  19  28   M  37   0    M    M    M  3.4 10 130   M    M   2         M  M
12  43  19  31   M  34   0    M    M    M  9.1 16 210   M    M   3        18 190
13  46  19  33   M  32   0    M    M    M  7.2 10 120   M    M   1         M  M
14  54  19  37   M  28   0    M    M    M  8.4 18 210   M    M   1        25 210
15  37  19  28   M  37   0    M    M    M  8.5 22 340   M    M   8        28 340
16  28   7  18   M  47   0    M    M    M  6.4 15 360   M    M   8        17 360
17  28  10  19   M  46   0    M    M    M  7.8 17 240   M    M   9        24 240
18  37  21  29   M  36   0    M    M    M  8.9 16 220   M    M   4        20 220
19  46  21  34   M  31   0    M    M    M 12.9 21 240   M    M   2        29 240
20  36  18  27   M  38   0    M    M    M  7.1 22 270   M    M   7        29 270
21  28  10  19   M  46   0    M    M    M  3.9 14  20   M    M  10         M  M
22  12   0   6   M  59   0    M    M    M  8.0 12  50   M    M  10         M  M
23  21  -9   6   M  59   0    M    M    M  3.3  9 130   M    M   1         M  M
24  28  -9  10   M  55   0    M    M    M  3.5 10 120   M    M   1         M  M
25  30  12  21   M  44   0    M    M    M  9.0 20 330   M    M  10        21 340
26  23   9  16   M  49   0    M    M    M  4.6 12 310   M    M  10         M  M
27  23  -9   7   M  58   0    M    M    M  2.5 12 130   M    M   3         M  M
================================================================================
SM  963  439      1049   0    M     M    222.2          M      137
================================================================================
AV 35.7 16.3                               8.2 FASTST   M    M   5    MAX(MPH)
                                 MISC ---->    25   M                 37    M
================================================================================
NOTES:
# LAST OF SEVERAL OCCURRENCES

COLUMN 17 PEAK WIND IN M.P.H.

PRELIMINARY LOCAL CLIMATOLOGICAL DATA (WS FORM: F-6) , PAGE 2

                                          STATION:  Walden
                                          MONTH:    FEBRUARY
                                          YEAR:     2015
                                          LATITUDE:   40 45 N
                                          LONGITUDE: 106 16 W

[TEMPERATURE DATA]      [PRECIPITATION DATA]       SYMBOLS USED IN COLUMN 16

AVERAGE MONTHLY: 26.0   TOTAL FOR MONTH:      M    1 = FOG OR MIST
DPTR FM NORMAL:     M   DPTR FM NORMAL:       M    2 = FOG REDUCING VISIBILITY
HIGHEST:    54 ON 14    GRTST 24HR    M  ON   M        TO 1/4 MILE OR LESS
LOWEST:     -9 ON 27,24                            3 = THUNDER
                        SNOW, ICE PELLETS, HAIL    4 = ICE PELLETS
                        TOTAL MONTH:    M          5 = HAIL
                        GRTST 24HR    M  ON   M    6 = FREEZING RAIN OR DRIZZLE
                        GRTST DEPTH:  M  ON   M    7 = DUSTSTORM OR SANDSTORM:
                                                       VSBY 1/2 MILE OR LESS
                                                   8 = SMOKE OR HAZE
[NO. OF DAYS WITH]      [WEATHER - DAYS WITH]      9 = BLOWING SNOW
                                                   X = TORNADO
MAX 32 OR BELOW:  10    0.01 INCH OR MORE:   0
MAX 90 OR ABOVE:   0    0.10 INCH OR MORE:   0
MIN 32 OR BELOW:  26    0.50 INCH OR MORE:   0
MIN  0 OR BELOW:   4    1.00 INCH OR MORE:   0

[HDD (BASE 65) ]
TOTAL THIS MO.  1049    CLEAR  (SCALE 0-3)  13
DPTR FM NORMAL     M    PTCLDY (SCALE 4-7)   7
TOTAL FM JUL 1  6467    CLOUDY (SCALE 8-10)  7
DPTR FM NORMAL     M

[CDD (BASE 65) ]
TOTAL THIS MO.     0
DPTR FM NORMAL     M    [PRESSURE DATA]
TOTAL FM JAN 1     0    HIGHEST SLP M ON M
DPTR FM NORMAL     M    LOWEST  SLP M ON M

[REMARKS]
