000
CXUS55 KABR 231400
CF68D3
PRELIMINARY LOCAL CLIMATOLOGICAL DATA (WS FORM: F-6)

                                          STATION:   SISSETON SD
                                          MONTH:     APRIL
                                          YEAR:      2014
                                          LATITUDE:   45 40 N
                                          LONGITUDE:  96 59 W

  TEMPERATURE IN F:       :PCPN:    SNOW:  WIND      :SUNSHINE: SKY     :PK WND
================================================================================
1   2   3   4   5  6A  6B    7    8   9   10  11  12  13   14  15   16   17  18
                                     12Z  AVG MX 2MIN
DY MAX MIN AVG DEP HDD CDD  WTR  SNW DPTH SPD SPD DIR MIN PSBL S-S WX    SPD DR
================================================================================

 1  27  10  19 -18  46   0 0.31  4.0   10 18.2 38 350   M    M   0        45 340
 2  34   5  20 -18  45   0 0.08  0.7    9  5.4 13 100   M    M   0        16  80
 3  34  28  31  -7  34   0 0.03    T    8  8.3 20  10   M    M   0 6      25  10
 4  34  22  28 -11  37   0 0.00  0.0    8 15.2 26 360   M    M   0        31 360
 5  57  23  40   1  25   0 0.00  0.0    6 11.0 23 210   M    M   0        28 210
 6  61  32  47   7  18   0 0.00  0.0    T  6.7 18 340   M    M   0        24 320
 7  57  31  44   4  21   0 0.07  0.0    0 11.5 33 340   M    M   0        40 340
 8  55  32  44   3  21   0 0.00  0.0    0 10.6 23  10   M    M   0        28  10
 9  78  41  60  19   5   0 0.00  0.0    0 21.7 36 350   M    M   0        47 340
10  60  40  50   8  15   0 0.00  0.0    0 14.9 30 300   M    M   0        37 330
11  66  30  48   6  17   0    T  0.0    0  7.3 18 320   M    M   0        24 320
12  63  39  51   8  14   0 0.00  0.0    0 11.0 31 360   M    M   0        37 360
13  43  25  34  -9  31   0 0.00  0.0    0 25.7 37  10   M    M   0        44  10
14  35  18  27 -17  38   0 0.02    T    0 13.3 30  10   M    M   0        34  10
15  36  14  25 -19  40   0 0.00  0.0    0 11.0 23 130   M    M   0        30 120
16  33  20  27 -18  38   0 0.14  1.7    0 16.8 26 130   M    M   0        31 120
17  45  18  32 -13  33   0 0.00  0.0    1  7.6 15 340   M    M   0        17 340
18  50  31  41  -5  24   0 0.00  0.0    0 20.7 33 140   M    M   0        41 150
19  70  43  57  11   8   0 0.00  0.0    0 12.5 29 240   M    M   0        38 230
20  75  33  54   7  11   0 0.00  0.0    0  9.1 26 330   M    M   0        33 310
21  60  33  47   0  18   0 0.00  0.0    0 14.9 30 340   M    M   0        36 350
22  64  30  47  -1  18   0 0.00  0.0    0  8.0 18 150   M    M   0        24 140
================================================================================
SM 1137  598       557   0  0.65     6.4 281.4          M        0
================================================================================
AV 51.7 27.2                              12.8 FASTST   M    M   0    MAX(MPH)
                                 MISC ---->  # 38 350               # 47  340
================================================================================
NOTES:
# LAST OF SEVERAL OCCURRENCES

COLUMN 17 PEAK WIND IN M.P.H.

PRELIMINARY LOCAL CLIMATOLOGICAL DATA (WS FORM: F-6) , PAGE 2

                                          STATION:  SISSETON SD
                                          MONTH:    APRIL
                                          YEAR:     2014
                                          LATITUDE:   45 40 N
                                          LONGITUDE:  96 59 W

[TEMPERATURE DATA]      [PRECIPITATION DATA]       SYMBOLS USED IN COLUMN 16

AVERAGE MONTHLY: 39.4   TOTAL FOR MONTH:   0.65    1 = FOG OR MIST
DPTR FM NORMAL:  -3.1   DPTR FM NORMAL:   -0.63    2 = FOG REDUCING VISIBILITY
HIGHEST:    78 ON  9    GRTST 24HR  0.49 ON 31- 1      TO 1/4 MILE OR LESS
LOWEST:      5 ON  2                               3 = THUNDER
                        SNOW, ICE PELLETS, HAIL    4 = ICE PELLETS
                        TOTAL MONTH:   6.4 INCHES  5 = HAIL
                        GRTST 24HR   4.0 ON  1- 1  6 = FREEZING RAIN OR DRIZZLE
                        GRTST DEPTH:  10 ON  1     7 = DUSTSTORM OR SANDSTORM:
                                                       VSBY 1/2 MILE OR LESS
                                                   8 = SMOKE OR HAZE
[NO. OF DAYS WITH]      [WEATHER - DAYS WITH]      9 = BLOWING SNOW
                                                   X = TORNADO
MAX 32 OR BELOW:   1    0.01 INCH OR MORE:   6
MAX 90 OR ABOVE:   0    0.10 INCH OR MORE:   2
MIN 32 OR BELOW:  16    0.50 INCH OR MORE:   0
MIN  0 OR BELOW:   0    1.00 INCH OR MORE:   0

[HDD (BASE 65) ]
TOTAL THIS MO.   557    CLEAR  (SCALE 0-3)  22
DPTR FM NORMAL    62    PTCLDY (SCALE 4-7)   0
TOTAL FM JUL 1  8573    CLOUDY (SCALE 8-10)  0
DPTR FM NORMAL   736

[CDD (BASE 65) ]
TOTAL THIS MO.     0
DPTR FM NORMAL     0    [PRESSURE DATA]
TOTAL FM JAN 1     0    HIGHEST SLP M ON M
DPTR FM NORMAL     0    LOWEST  SLP 29.49 ON  9

[REMARKS]
