000
CXUS55 KABR 261400
CF68D3
PRELIMINARY LOCAL CLIMATOLOGICAL DATA (WS FORM: F-6)

                                          STATION:   SISSETON SD
                                          MONTH:     MAY
                                          YEAR:      2015
                                          LATITUDE:   45 40 N
                                          LONGITUDE:  96 59 W

  TEMPERATURE IN F:       :PCPN:    SNOW:  WIND      :SUNSHINE: SKY     :PK WND
================================================================================
1   2   3   4   5  6A  6B    7    8   9   10  11  12  13   14  15   16   17  18
                                     12Z  AVG MX 2MIN
DY MAX MIN AVG DEP HDD CDD  WTR  SNW DPTH SPD SPD DIR MIN PSBL S-S WX    SPD DR
================================================================================

 1  76  50  63  11   2   0 0.01  0.0    0  7.3 16  30   M    M   0        20  30
 2  87  47  67  15   0   2 0.00  0.0    0 12.4 31 220   M    M   0        42 230
 3  71  43  57   4   8   0 0.00  0.0    0 14.7 32  40   M    M   0        38  20
 4  72  37  55   2  10   0 0.00  0.0    0  5.6 13  70   M    M   0        18  70
 5  79  33  56   2   9   0 0.00  0.0    0 13.6 29 170   M    M   0        35 140
 6  70  55  63   9   2   0 0.21  0.0    0 15.9 24 130   M    M   0        29 180
 7  71  46  59   5   6   0 0.10  0.0    0 16.1 26 340   M    M   0        34 360
 8  49  35  42 -13  23   0 0.00  0.0    0 14.6 22  20   M    M   0        27  10
 9  54  32  43 -12  22   0 0.00  0.0    0 13.2 20  10   M    M   0        25  10
10  46  41  44 -11  21   0 1.68  0.0    0 14.4 33  90   M    M   0        41  90
11  42  38  40 -16  25   0 0.20  0.0    0 20.8 32 360   M    M   0        39 350
12  57  35  46 -10  19   0 0.00  0.0    0 10.1 22 340   M    M   0        30 340
13  76  46  61   5   4   0 0.07  0.0    0 22.1 36 170   M    M   0        45 170
14  62  50  56  -1   9   0 0.20  0.0    0  9.5 25 170   M    M   0        29 180
15  59  50  55  -2  10   0 0.00  0.0    0  5.5 13 350   M    M   0        14 350
16  71  54  63   5   2   0 0.02  0.0    0 13.7 32 170   M    M   0        38 170
17  70  36  53  -5  12   0 0.91  0.0    0 18.0 40 310   M    M   0        50 320
18  40  32  36 -22  29   0 0.01    T    0 24.4 37 330   M    M   0        47 310
19  56  32  44 -14  21   0 0.00  0.0    0  8.7 18  40   M    M   0        24  30
20  69  32  51  -8  14   0 0.00  0.0    0  7.2 21 290   M    M   0        28 290
21  74  46  60   1   5   0 0.00  0.0    0 13.1 25 300   M    M   0        32 300
22  76  40  58  -1   7   0 0.00  0.0    0  4.6 20 260   M    M   0        26 260
23  71  48  60   0   5   0 0.00  0.0    0  9.2 20 160   M    M   0        27 270
24  65  53  59  -1   6   0 0.40  0.0    0  6.8 17 130   M    M   0        21 130
25  65  50  58  -2   7   0 0.45  0.0    0 15.7 33  40   M    M   0        39  50
================================================================================
SM 1628 1061       278   2  4.26    T    317.2          M        0
================================================================================
AV 65.1 42.4                              12.7 FASTST   M    M   0    MAX(MPH)
                                 MISC ---->  # 40 310               # 50  320
================================================================================
NOTES:
# LAST OF SEVERAL OCCURRENCES

COLUMN 17 PEAK WIND IN M.P.H.

PRELIMINARY LOCAL CLIMATOLOGICAL DATA (WS FORM: F-6) , PAGE 2

                                          STATION:  SISSETON SD
                                          MONTH:    MAY
                                          YEAR:     2015
                                          LATITUDE:   45 40 N
                                          LONGITUDE:  96 59 W

[TEMPERATURE DATA]      [PRECIPITATION DATA]       SYMBOLS USED IN COLUMN 16

AVERAGE MONTHLY: 53.8   TOTAL FOR MONTH:   4.26    1 = FOG OR MIST
DPTR FM NORMAL:  -2.5   DPTR FM NORMAL:    2.08    2 = FOG REDUCING VISIBILITY
HIGHEST:    87 ON  2    GRTST 24HR  1.79 ON 10-11      TO 1/4 MILE OR LESS
LOWEST:     32 ON 20,19                            3 = THUNDER
                        SNOW, ICE PELLETS, HAIL    4 = ICE PELLETS
                        TOTAL MONTH:    T          5 = HAIL
                        GRTST 24HR    T  ON 18-18  6 = FREEZING RAIN OR DRIZZLE
                        GRTST DEPTH:   0           7 = DUSTSTORM OR SANDSTORM:
                                                       VSBY 1/2 MILE OR LESS
                                                   8 = SMOKE OR HAZE
[NO. OF DAYS WITH]      [WEATHER - DAYS WITH]      9 = BLOWING SNOW
                                                   X = TORNADO
MAX 32 OR BELOW:   0    0.01 INCH OR MORE:  12
MAX 90 OR ABOVE:   0    0.10 INCH OR MORE:   8
MIN 32 OR BELOW:   4    0.50 INCH OR MORE:   2
MIN  0 OR BELOW:   0    1.00 INCH OR MORE:   1

[HDD (BASE 65) ]
TOTAL THIS MO.   278    CLEAR  (SCALE 0-3)  25
DPTR FM NORMAL    47    PTCLDY (SCALE 4-7)   0
TOTAL FM JUL 1  7983    CLOUDY (SCALE 8-10)  0
DPTR FM NORMAL  -207

[CDD (BASE 65) ]
TOTAL THIS MO.     2
DPTR FM NORMAL   -14    [PRESSURE DATA]
TOTAL FM JAN 1     2    HIGHEST SLP M ON M
DPTR FM NORMAL   -15    LOWEST  SLP 29.36 ON 17

[REMARKS]
