000
CXUS52 KTAE 220800
CF6AAF
PRELIMINARY LOCAL CLIMATOLOGICAL DATA (WS FORM: F-6)

                                          STATION:   APALACHICOLA
                                          MONTH:     JANUARY
                                          YEAR:      2018
                                          LATITUDE:   29 43 N
                                          LONGITUDE:  85  2 W

  TEMPERATURE IN F:       :PCPN:    SNOW:  WIND      :SUNSHINE: SKY     :PK WND
================================================================================
1   2   3   4   5  6A  6B    7    8   9   10  11  12  13   14  15   16   17  18
                                     12Z  AVG MX 2MIN
DY MAX MIN AVG DEP HDD CDD  WTR  SNW DPTH SPD SPD DIR MIN PSBL S-S WX    SPD DR
================================================================================

 1  45  33  39 -13  26   0 0.02  0.0    0 15.8 25  20   M    M   6 1      32  10
 2  47  28  38 -14  27   0 0.00  0.0    0 12.6 21  30   M    M   0        27  30
 3  51  31  41 -11  24   0 0.00  0.0    0  9.3 16 340   M    M   4        24 340
 4  48  26  37 -15  28   0 0.00  0.0    0  8.8 16 290   M    M   0        21 340
 5  50  26  38 -14  27   0 0.00  0.0    0  3.7 13  20   M    M   0        16  20
 6  53  29  41 -11  24   0 0.00  0.0    0  5.2 14  60   M    M   0        18  50
 7  55  32  44  -8  21   0 0.00  0.0    0  9.5 18  80   M    M   0        27  90
 8  60  47  54   2  11   0 0.02  0.0    0 10.3 20 100   M    M   4        24 100
 9  72  58  65  13   0   0 0.01  0.0    0  9.9 17  80   M    M   8 1      24 100
10  74  62  68  16   0   3 0.01  0.0    0 10.2 18  90   M    M   9 1      26  80
11  68  59  64  12   1   0 0.00  0.0    0  7.4 13 100   M    M  10 12     20 100
12  72  47  60   8   5   0 0.90  0.0    0 11.6 23 260   M    M   9 1      31 260
13  49  33  41 -11  24   0 0.00  0.0    0 11.1 18  20   M    M   4        24  20
14  52  29  41 -11  24   0 0.00  0.0    0  7.8 16  10   M    M   0        20 360
15  57  32  45  -7  20   0 0.00  0.0    0  5.2 13  50   M    M   0        15  60
16  62  33  48  -4  17   0 0.00  0.0    0  5.0 12 140   M    M   0        16 330
17  48  28  38 -14  27   0 0.00  0.0    0 12.8 23 330   M    M   4        29 320
18  49  22  36 -16  29   0 0.00  0.0    0  6.9 15 360   M    M   0        20 360
19  55  27  41 -11  24   0 0.00  0.0    0  4.6 12 180   M    M   0        13 190
20  63  33  48  -4  17   0 0.00  0.0    0  3.6 10 160   M    M   0        15 150
21  68  41  55   3  10   0 0.00  0.0    0  5.5 14 110   M    M   0        17 130
================================================================================
SM 1198  756       386   3  0.96     0.0 176.8          M       58
================================================================================
AV 57.1 36.0                               8.4 FASTST   M    M   3    MAX(MPH)
                                 MISC ---->  # 25  20               # 32   10
================================================================================
NOTES:
# LAST OF SEVERAL OCCURRENCES

COLUMN 17 PEAK WIND IN M.P.H.

PRELIMINARY LOCAL CLIMATOLOGICAL DATA (WS FORM: F-6) , PAGE 2

                                          STATION:  APALACHICOLA
                                          MONTH:    JANUARY
                                          YEAR:     2018
                                          LATITUDE:   29 43 N
                                          LONGITUDE:  85  2 W

[TEMPERATURE DATA]      [PRECIPITATION DATA]       SYMBOLS USED IN COLUMN 16

AVERAGE MONTHLY: 46.5   TOTAL FOR MONTH:   0.96    1 = FOG OR MIST
DPTR FM NORMAL:  -5.5   DPTR FM NORMAL:   -1.95    2 = FOG REDUCING VISIBILITY
HIGHEST:    74 ON 10    GRTST 24HR  0.90 ON 12-12      TO 1/4 MILE OR LESS
LOWEST:     22 ON 18                               3 = THUNDER
                        SNOW, ICE PELLETS, HAIL    4 = ICE PELLETS
                        TOTAL MONTH:   0.0 INCH    5 = HAIL
                        GRTST 24HR     0.0         6 = FREEZING RAIN OR DRIZZLE
                        GRTST DEPTH:   0           7 = DUSTSTORM OR SANDSTORM:
                                                       VSBY 1/2 MILE OR LESS
                                                   8 = SMOKE OR HAZE
[NO. OF DAYS WITH]      [WEATHER - DAYS WITH]      9 = BLOWING SNOW
                                                   X = TORNADO
MAX 32 OR BELOW:   0    0.01 INCH OR MORE:   5
MAX 90 OR ABOVE:   0    0.10 INCH OR MORE:   1
MIN 32 OR BELOW:  11    0.50 INCH OR MORE:   1
MIN  0 OR BELOW:   0    1.00 INCH OR MORE:   0

[HDD (BASE 65) ]
TOTAL THIS MO.   386    CLEAR  (SCALE 0-3)  12
DPTR FM NORMAL   113    PTCLDY (SCALE 4-7)   6
TOTAL FM JUL 1   744    CLOUDY (SCALE 8-10)  3
DPTR FM NORMAL   -24

[CDD (BASE 65) ]
TOTAL THIS MO.     3
DPTR FM NORMAL     3    [PRESSURE DATA]
TOTAL FM JAN 1     3    HIGHEST SLP M ON M
DPTR FM NORMAL     3    LOWEST  SLP 29.72 ON 12

[REMARKS]
