000
CXUS54 KSJT 291210
CF6ABI
PRELIMINARY LOCAL CLIMATOLOGICAL DATA (WS FORM: F-6)

                                          STATION:   ABILENE
                                          MONTH:     AUGUST
                                          YEAR:      2015
                                          LATITUDE:   32 25 N
                                          LONGITUDE:  99 41 W

  TEMPERATURE IN F:       :PCPN:    SNOW:  WIND      :SUNSHINE: SKY     :PK WND
================================================================================
1   2   3   4   5  6A  6B    7    8   9   10  11  12  13   14  15   16   17  18
                                     12Z  AVG MX 2MIN
DY MAX MIN AVG DEP HDD CDD  WTR  SNW DPTH SPD SPD DIR MIN PSBL S-S WX    SPD DR
================================================================================

 1  94  74  84   0   0  19 0.00  0.0    0  8.3 18 100   M    M   2        25  90
 2  98  75  87   3   0  22 0.00  0.0    0  9.0 20 130   M    M   2        22 130
 3  98  76  87   3   0  22 0.00  0.0    0  9.7 18 140   M    M   2        23 140
 4  98  74  86   2   0  21 0.00  0.0    0  9.7 17 130   M    M   2 8      23 160
 5 102  78  90   6   0  25 0.00  0.0    0 10.4 21 220   M    M   0        26 190
 6 102  79  91   7   0  26 0.00  0.0    0 12.1 22 210   M    M   0        25 210
 7 102  78  90   6   0  25 0.00  0.0    0 10.4 21 160   M    M   0        34 120
 8 103  74  89   5   0  24 0.00  0.0    0 11.9 20 160   M    M   0        31 180
 9 104  76  90   6   0  25 0.00  0.0    0 11.7 20 180   M    M   0        25 150
10 102  76  89   5   0  24 0.00  0.0    0  8.4 16 120   M    M   0        20 110
11 102  74  88   4   0  23 0.00  0.0    0  6.7 16  90   M    M   1        18  90
12 101  78  90   6   0  25 0.00  0.0    0  8.1 18  90   M    M   2        24  50
13 101  72  87   3   0  22 0.00  0.0    0  5.7 16 130   M    M   0        20 110
14 101  76  89   6   0  24 0.01  0.0    0  9.6 23 120   M    M   1 3      28 120
15  96  72  84   1   0  19 0.15  0.0    0  7.6 17 100   M    M   2 3      23 110
16  97  68  83   0   0  18 0.00  0.0    0  7.5 16  90   M    M   0        20  90
17  97  73  85   2   0  20 0.00  0.0    0  9.2 17 190   M    M   1        26 120
18  99  75  87   4   0  22 0.00  0.0    0 12.1 20 220   M    M   0        27 190
19  89  60  75  -8   0  10 0.45  0.0    0 13.6 26 360   M    M   5 1      33 360
20  82  62  72 -11   0   7    T  0.0    0  8.8 20 130   M    M   6        23 140
21  94  68  81  -1   0  16 0.00  0.0    0 13.5 23 170   M    M   3        33 140
22  99  74  87   5   0  22 0.00  0.0    0 13.6 23 200   M    M   0        29 190
23  97  72  85   3   0  20 0.00  0.0    0 10.4 24 340   M    M   1        29 330
24  96  67  82   0   0  17 0.00  0.0    0  6.8 15 120   M    M   3        18 110
25 102  70  86   4   0  21 0.01  0.0    0  6.8 39 110   M    M   2 1      46 110
26  96  66  81  -1   0  16 0.00  0.0    0  6.1 15 130   M    M   1        22 130
27  98  71  85   4   0  20 0.00  0.0    0  8.3 17 130   M    M   0        21 160
28  99  71  85   4   0  20 0.00  0.0    0 12.3 21 150   M    M   0        25 190
================================================================================
SM 2749 2029         0 575  0.62     0.0 268.3          M       36
================================================================================
AV 98.2 72.5                               9.6 FASTST   M    M   1    MAX(MPH)
                                 MISC ---->  # 39 110               # 46  110
================================================================================
NOTES:
# LAST OF SEVERAL OCCURRENCES

COLUMN 17 PEAK WIND IN M.P.H.

PRELIMINARY LOCAL CLIMATOLOGICAL DATA (WS FORM: F-6) , PAGE 2

                                          STATION:  ABILENE
                                          MONTH:    AUGUST
                                          YEAR:     2015
                                          LATITUDE:   32 25 N
                                          LONGITUDE:  99 41 W

[TEMPERATURE DATA]      [PRECIPITATION DATA]       SYMBOLS USED IN COLUMN 16

AVERAGE MONTHLY: 85.3   TOTAL FOR MONTH:   0.62    1 = FOG OR MIST
DPTR FM NORMAL:   2.2   DPTR FM NORMAL:   -1.70    2 = FOG REDUCING VISIBILITY
HIGHEST:   104 ON  9    GRTST 24HR  0.45 ON 19-19      TO 1/4 MILE OR LESS
LOWEST:     60 ON 19                               3 = THUNDER
                        SNOW, ICE PELLETS, HAIL    4 = ICE PELLETS
                        TOTAL MONTH:   0.0 INCH    5 = HAIL
                        GRTST 24HR     0.0         6 = FREEZING RAIN OR DRIZZLE
                        GRTST DEPTH:   0           7 = DUSTSTORM OR SANDSTORM:
                                                       VSBY 1/2 MILE OR LESS
                                                   8 = SMOKE OR HAZE
[NO. OF DAYS WITH]      [WEATHER - DAYS WITH]      9 = BLOWING SNOW
                                                   X = TORNADO
MAX 32 OR BELOW:   0    0.01 INCH OR MORE:   4
MAX 90 OR ABOVE:  26    0.10 INCH OR MORE:   2
MIN 32 OR BELOW:   0    0.50 INCH OR MORE:   0
MIN  0 OR BELOW:   0    1.00 INCH OR MORE:   0

[HDD (BASE 65) ]
TOTAL THIS MO.     0    CLEAR  (SCALE 0-3)  25
DPTR FM NORMAL     0    PTCLDY (SCALE 4-7)   3
TOTAL FM JUL 1     0    CLOUDY (SCALE 8-10)  0
DPTR FM NORMAL     0

[CDD (BASE 65) ]
TOTAL THIS MO.   575
DPTR FM NORMAL    69    [PRESSURE DATA]
TOTAL FM JAN 1  2036    HIGHEST SLP M ON M
DPTR FM NORMAL   137    LOWEST  SLP 29.61 ON 18

[REMARKS]
