000
CXUS55 KABQ 301000
CF6ABQ
PRELIMINARY LOCAL CLIMATOLOGICAL DATA (WS FORM: F-6)

                                          STATION:   ALBUQUERQUE  NM
                                          MONTH:     SEPTEMBER
                                          YEAR:      2014
                                          LATITUDE:   35  2 N
                                          LONGITUDE: 106 37 W

  TEMPERATURE IN F:       :PCPN:    SNOW:  WIND      :SUNSHINE: SKY     :PK WND
================================================================================
1   2   3   4   5  6A  6B    7    8   9   10  11  12  13   14  15   16   17  18
                                     12Z  AVG MX 2MIN
DY MAX MIN AVG DEP HDD CDD  WTR  SNW DPTH SPD SPD DIR MIN PSBL S-S WX    SPD DR
================================================================================

 1  93  63  78   4   0  13 0.00  0.0    0  5.6 15 250   M    M   1        21 250
 2  94  60  77   3   0  12 0.00  0.0    0  5.4 12 110   M    M   1        16 140
 3  93  63  78   4   0  13 0.00  0.0    0  4.3 16 200   M    M   3        22 220
 4  92  66  79   6   0  14 0.00  0.0    0  8.6 38 150   M    M   6 3      46 160
 5  85  62  74   1   0   9 0.00  0.0    0 11.4 32  90   M    M   5        37  90
 6  80  63  72  -1   0   7 0.00  0.0    0 19.0 30 110   M    M   4        35  90
 7  82  59  71  -1   0   6 0.00  0.0    0  7.5 17 100   M    M   2        22 110
 8  83  61  72   0   0   7 0.02  0.0    0  8.2 20 250   M    M   4        23 240
 9  88  67  78   6   0  13    T  0.0    0 11.0 24 250   M    M   7        30 260
10  85  66  76   4   0  11 0.00  0.0    0  9.1 18 340   M    M   5        24 350
11  86  62  74   3   0   9 0.00  0.0    0  5.9 16 170   M    M   3        22 170
12  71  51  61 -10   4   0 0.00  0.0    0 20.1 37  80   M    M   5        43  90
13  77  51  64  -6   1   0 0.00  0.0    0  7.3 29  90   M    M   5        34  90
14  82  61  72   2   0   7 0.00  0.0    0  8.0 21 190   M    M   4        27 210
15  88  62  75   5   0  10 0.42  0.0    0  8.1 36  70   M    M   5 3      42  70
16  72  61  67  -2   0   2 0.00  0.0    0  7.8 18  80   M    M   8        21  80
17  69  61  65  -4   0   0 0.11  0.0    0  3.0 10  10   M    M   9 1      13  10
18  81  58  70   1   0   5 0.00  0.0    0  6.9 18 190   M    M   5        21 200
19  82  64  73   5   0   8 0.00  0.0    0  5.3 13 190   M    M   6        16 240
20  91  63  77   9   0  12 0.00  0.0    0  9.5 25 130   M    M   3        34 120
21  82  64  73   6   0   8 0.00  0.0    0 16.0 26 110   M    M   7        32 120
22  81  65  73   6   0   8 0.01  0.0    0  7.6 17  90   M    M   7 3      20  80
23  81  58  70   3   0   5 0.00  0.0    0  5.6 12 230   M    M   3        16 220
24  85  62  74   8   0   9 0.00  0.0    0  6.8 23 120   M    M   3        26 120
25  84  61  73   7   0   8 0.16  0.0    0  6.7 30 120   M    M   4 3      35 120
26  79  57  68   3   0   3    T  0.0    0  6.6 15 220   M    M   3 3      20 190
27  79  59  69   4   0   4 0.00  0.0    0 10.0 22 200   M    M   4        28 190
28  81  61  71   6   0   6 0.00  0.0    0 11.2 25 180   M    M   5        33 170
29  77  57  67   3   0   2 0.01  0.0    0 11.6 47 190   M    M   4 3      62 190
================================================================================
SM 2403 1768         5 211  0.73     0.0 254.1          M      131
================================================================================
AV 82.9 61.0                               8.8 FASTST   M    M   5    MAX(MPH)
                                 MISC ---->  # 47 190               # 62  190
================================================================================
NOTES:
# LAST OF SEVERAL OCCURRENCES

COLUMN 17 PEAK WIND IN M.P.H.

PRELIMINARY LOCAL CLIMATOLOGICAL DATA (WS FORM: F-6) , PAGE 2

                                          STATION:  ALBUQUERQUE  NM
                                          MONTH:    SEPTEMBER
                                          YEAR:     2014
                                          LATITUDE:   35  2 N
                                          LONGITUDE: 106 37 W

[TEMPERATURE DATA]      [PRECIPITATION DATA]       SYMBOLS USED IN COLUMN 16

AVERAGE MONTHLY: 71.9   TOTAL FOR MONTH:   0.73    1 = FOG OR MIST
DPTR FM NORMAL:   2.4   DPTR FM NORMAL:   -0.31    2 = FOG REDUCING VISIBILITY
HIGHEST:    94 ON  2    GRTST 24HR  0.42 ON 15-15      TO 1/4 MILE OR LESS
LOWEST:     51 ON 13,12                            3 = THUNDER
                        SNOW, ICE PELLETS, HAIL    4 = ICE PELLETS
                        TOTAL MONTH:   0.0 INCH    5 = HAIL
                        GRTST 24HR     0.0         6 = FREEZING RAIN OR DRIZZLE
                        GRTST DEPTH:   0           7 = DUSTSTORM OR SANDSTORM:
                                                       VSBY 1/2 MILE OR LESS
                                                   8 = SMOKE OR HAZE
[NO. OF DAYS WITH]      [WEATHER - DAYS WITH]      9 = BLOWING SNOW
                                                   X = TORNADO
MAX 32 OR BELOW:   0    0.01 INCH OR MORE:   6
MAX 90 OR ABOVE:   5    0.10 INCH OR MORE:   3
MIN 32 OR BELOW:   0    0.50 INCH OR MORE:   0
MIN  0 OR BELOW:   0    1.00 INCH OR MORE:   0

[HDD (BASE 65) ]
TOTAL THIS MO.     5    CLEAR  (SCALE 0-3)   7
DPTR FM NORMAL   -18    PTCLDY (SCALE 4-7)  20
TOTAL FM JUL 1     5    CLOUDY (SCALE 8-10)  2
DPTR FM NORMAL   -18

[CDD (BASE 65) ]
TOTAL THIS MO.   211
DPTR FM NORMAL    56    [PRESSURE DATA]
TOTAL FM JAN 1  1441    HIGHEST SLP M ON M
DPTR FM NORMAL   129    LOWEST  SLP 29.67 ON M

[REMARKS]
