000
CXUS55 KABQ 201000
CF6ABQ
PRELIMINARY LOCAL CLIMATOLOGICAL DATA (WS FORM: F-6)

                                          STATION:   ALBUQUERQUE  NM
                                          MONTH:     JANUARY
                                          YEAR:      2018
                                          LATITUDE:   35  2 N
                                          LONGITUDE: 106 37 W

  TEMPERATURE IN F:       :PCPN:    SNOW:  WIND      :SUNSHINE: SKY     :PK WND
================================================================================
1   2   3   4   5  6A  6B    7    8   9   10  11  12  13   14  15   16   17  18
                                     12Z  AVG MX 2MIN
DY MAX MIN AVG DEP HDD CDD  WTR  SNW DPTH SPD SPD DIR MIN PSBL S-S WX    SPD DR
================================================================================

 1  48  19  34  -1  31   0 0.00  0.0    0  6.2 15 350   M    M   3        19 350
 2  55  24  40   5  25   0 0.00  0.0    0  4.6 20 350   M    M   4        25 340
 3  50  25  38   3  27   0 0.00  0.0    0  4.6 14 360   M    M   8        17 360
 4  52  31  42   6  23   0 0.00  0.0    0  2.5  9  10   M    M   7        10  10
 5  55  25  40   4  25   0 0.00  0.0    0  2.5  7  80   M    M   5         8  10
 6  56  27  42   6  23   0 0.00  0.0    0  4.5 14 170   M    M   7        17 160
 7  53  39  46  10  19   0    T  0.0    0 10.7 20 330   M    M   4        25 330
 8  53  26  40   4  25   0 0.00  0.0    0  4.8 10 320   M    M   7        13 290
 9  58  34  46  10  19   0 0.00  0.0    0  4.6 14 220   M    M   8        16 220
10  49  39  44   8  21   0 0.03  0.0    0  9.6 26 270   M    M   8        31 270
11  48  34  41   5  24   0 0.00  0.0    0 13.1 23 340   M    M   2        38 340
12  56  24  40   4  25   0 0.00  0.0    0  4.8 23 350   M    M   2        32 340
13  52  25  39   3  26   0 0.00  0.0    0  4.5 20  80   M    M   1        23  80
14  55  32  44   8  21   0 0.00  0.0    0  5.7 14 340   M    M   2 8      17  10
15  54  26  40   4  25   0 0.00  0.0    0 12.9 38 110   M    M   6        46 110
16  37  24  31  -5  34   0 0.00  0.0    0  8.1 33  80   M    M   5        40  80
17  41  16  29  -7  36   0 0.00  0.0    0  2.3  8 140   M    M   4         9 130
18  52  17  35  -1  30   0 0.00  0.0    0  2.9  9  10   M    M   4        10 340
19  56  26  41   4  24   0 0.00  0.0    0  4.5  9  80   M    M   7        11 160
================================================================================
SM  980  513       483   0  0.03     0.0 113.4          M       94
================================================================================
AV 51.6 27.0                               6.0 FASTST   M    M   5    MAX(MPH)
                                 MISC ---->  # 38 110               # 46  110
================================================================================
NOTES:
# LAST OF SEVERAL OCCURRENCES

COLUMN 17 PEAK WIND IN M.P.H.

PRELIMINARY LOCAL CLIMATOLOGICAL DATA (WS FORM: F-6) , PAGE 2

                                          STATION:  ALBUQUERQUE  NM
                                          MONTH:    JANUARY
                                          YEAR:     2018
                                          LATITUDE:   35  2 N
                                          LONGITUDE: 106 37 W

[TEMPERATURE DATA]      [PRECIPITATION DATA]       SYMBOLS USED IN COLUMN 16

AVERAGE MONTHLY: 39.3   TOTAL FOR MONTH:   0.03    1 = FOG OR MIST
DPTR FM NORMAL:   3.4   DPTR FM NORMAL:   -0.20    2 = FOG REDUCING VISIBILITY
HIGHEST:    58 ON  9    GRTST 24HR  0.03 ON 10-10      TO 1/4 MILE OR LESS
LOWEST:     16 ON 17                               3 = THUNDER
                        SNOW, ICE PELLETS, HAIL    4 = ICE PELLETS
                        TOTAL MONTH:   0.0 INCH    5 = HAIL
                        GRTST 24HR     0.0         6 = FREEZING RAIN OR DRIZZLE
                        GRTST DEPTH:   0           7 = DUSTSTORM OR SANDSTORM:
                                                       VSBY 1/2 MILE OR LESS
                                                   8 = SMOKE OR HAZE
[NO. OF DAYS WITH]      [WEATHER - DAYS WITH]      9 = BLOWING SNOW
                                                   X = TORNADO
MAX 32 OR BELOW:   0    0.01 INCH OR MORE:   1
MAX 90 OR ABOVE:   0    0.10 INCH OR MORE:   0
MIN 32 OR BELOW:  15    0.50 INCH OR MORE:   0
MIN  0 OR BELOW:   0    1.00 INCH OR MORE:   0

[HDD (BASE 65) ]
TOTAL THIS MO.   483    CLEAR  (SCALE 0-3)   4
DPTR FM NORMAL   -71    PTCLDY (SCALE 4-7)  15
TOTAL FM JUL 1  1806    CLOUDY (SCALE 8-10)  0
DPTR FM NORMAL  -505

[CDD (BASE 65) ]
TOTAL THIS MO.     0
DPTR FM NORMAL     0    [PRESSURE DATA]
TOTAL FM JAN 1     0    HIGHEST SLP M ON M
DPTR FM NORMAL     0    LOWEST  SLP 29.58 ON 10

[REMARKS]
