000
CXUS55 KABQ 231000
CF6ABQ
PRELIMINARY LOCAL CLIMATOLOGICAL DATA (WS FORM: F-6)

                                          STATION:   ALBUQUERQUE  NM
                                          MONTH:     NOVEMBER
                                          YEAR:      2014
                                          LATITUDE:   35  2 N
                                          LONGITUDE: 106 37 W

  TEMPERATURE IN F:       :PCPN:    SNOW:  WIND      :SUNSHINE: SKY     :PK WND
================================================================================
1   2   3   4   5  6A  6B    7    8   9   10  11  12  13   14  15   16   17  18
                                     12Z  AVG MX 2MIN
DY MAX MIN AVG DEP HDD CDD  WTR  SNW DPTH SPD SPD DIR MIN PSBL S-S WX    SPD DR
================================================================================

 1  69  51  60   9   5   0 0.00  0.0    0 10.4 26 170   M    M   6 3      32 180
 2  63  50  57   6   8   0 0.24  0.0    0  9.0 21 190   M    M   7 138    25 190
 3  57  42  50   0  15   0 0.00  0.0    0  5.5 13 270   M    M   5        16 270
 4  56  41  49  -1  16   0 0.00  0.0    0 12.2 29  80   M    M   4        33  80
 5  64  34  49  -1  16   0 0.00  0.0    0  8.0 15 360   M    M   1        19 300
 6  64  39  52   3  13   0 0.00  0.0    0  5.2 15  10   M    M   0        18 360
 7  67  37  52   3  13   0 0.00  0.0    0  4.8 14 310   M    M   2        18 300
 8  66  45  56   8   9   0 0.00  0.0    0  6.4 26  80   M    M   0        35  70
 9  64  39  52   4  13   0 0.00  0.0    0  5.5 14 170   M    M   5        18 190
10  72  41  57  10   8   0 0.00  0.0    0 11.9 25 250   M    M   2        32 240
11  70  41  56   9   9   0 0.00  0.0    0  8.0 23 230   M    M   0        29 240
12  50  24  37  -9  28   0 0.00  0.0    0 13.1 33  80   M    M   4        38  80
13  44  21  33 -13  32   0 0.00  0.0    0  5.1 23  70   M    M   6        28  70
14  57  32  45  -1  20   0 0.00  0.0    0  6.5 16 180   M    M   7        21 190
15  63  38  51   6  14   0 0.00  0.0    0 11.5 23 260   M    M   5        30 250
16  52  30  41  -4  24   0 0.01    T    0 13.8 28 320   M    M   5        38 330
17  45  24  35  -9  30   0 0.00  0.0    0  6.8 15 340   M    M   1        20 340
18  50  23  37  -7  28   0 0.00  0.0    0  5.8 15  10   M    M   0        17  10
19  52  26  39  -4  26   0 0.00  0.0    0  2.1  9 140   M    M   5        10 130
20  59  26  43   0  22   0 0.00  0.0    0  2.9  8  50   M    M   2         9 340
21  53  27  40  -2  25   0 0.00  0.0    0  3.2 10  20   M    M   5        11  10
22  59  29  44   2  21   0 0.00  0.0    0  6.3 16 240   M    M   5        23 240
================================================================================
SM 1296  760       395   0  0.25    T    164.0          M       77
================================================================================
AV 58.9 34.5                               7.5 FASTST   M    M   4    MAX(MPH)
                                 MISC ---->  # 33  80               # 38   80
================================================================================
NOTES:
# LAST OF SEVERAL OCCURRENCES

COLUMN 17 PEAK WIND IN M.P.H.

PRELIMINARY LOCAL CLIMATOLOGICAL DATA (WS FORM: F-6) , PAGE 2

                                          STATION:  ALBUQUERQUE  NM
                                          MONTH:    NOVEMBER
                                          YEAR:     2014
                                          LATITUDE:   35  2 N
                                          LONGITUDE: 106 37 W

[TEMPERATURE DATA]      [PRECIPITATION DATA]       SYMBOLS USED IN COLUMN 16

AVERAGE MONTHLY: 46.7   TOTAL FOR MONTH:   0.25    1 = FOG OR MIST
DPTR FM NORMAL:   0.1   DPTR FM NORMAL:   -0.18    2 = FOG REDUCING VISIBILITY
HIGHEST:    72 ON 10    GRTST 24HR  0.24 ON  1- 2      TO 1/4 MILE OR LESS
LOWEST:     21 ON 13                               3 = THUNDER
                        SNOW, ICE PELLETS, HAIL    4 = ICE PELLETS
                        TOTAL MONTH:    T          5 = HAIL
                        GRTST 24HR    T  ON 16-16  6 = FREEZING RAIN OR DRIZZLE
                        GRTST DEPTH:   0           7 = DUSTSTORM OR SANDSTORM:
                                                       VSBY 1/2 MILE OR LESS
                                                   8 = SMOKE OR HAZE
[NO. OF DAYS WITH]      [WEATHER - DAYS WITH]      9 = BLOWING SNOW
                                                   X = TORNADO
MAX 32 OR BELOW:   0    0.01 INCH OR MORE:   2
MAX 90 OR ABOVE:   0    0.10 INCH OR MORE:   1
MIN 32 OR BELOW:  10    0.50 INCH OR MORE:   0
MIN  0 OR BELOW:   0    1.00 INCH OR MORE:   0

[HDD (BASE 65) ]
TOTAL THIS MO.   395    CLEAR  (SCALE 0-3)   9
DPTR FM NORMAL   -11    PTCLDY (SCALE 4-7)  13
TOTAL FM JUL 1   508    CLOUDY (SCALE 8-10)  0
DPTR FM NORMAL  -164

[CDD (BASE 65) ]
TOTAL THIS MO.     0
DPTR FM NORMAL     0    [PRESSURE DATA]
TOTAL FM JAN 1  1444    HIGHEST SLP M ON M
DPTR FM NORMAL   122    LOWEST  SLP 29.54 ON 10

[REMARKS]
