000
CXUS52 KTAE 250800
CF6ABY
PRELIMINARY LOCAL CLIMATOLOGICAL DATA (WS FORM: F-6)

                                          STATION:   ALBANY
                                          MONTH:     APRIL
                                          YEAR:      2014
                                          LATITUDE:   31 31 N
                                          LONGITUDE:  84 11 W

  TEMPERATURE IN F:       :PCPN:    SNOW:  WIND      :SUNSHINE: SKY     :PK WND
================================================================================
1   2   3   4   5  6A  6B    7    8   9   10  11  12  13   14  15   16   17  18
                                     12Z  AVG MX 2MIN
DY MAX MIN AVG DEP HDD CDD  WTR  SNW DPTH SPD SPD DIR MIN PSBL S-S WX    SPD DR
================================================================================

 1  82  43  63   0   2   0 0.00  0.0    0  3.1 12 190   M    M   1 18     24  30
 2  83  46  65   2   0   0 0.00  0.0    0  4.6 17 220   M    M   0 18     30 230
 3  87  53  70   7   0   5 0.00  0.0    0  6.5 17 220   M    M   1 12     24 180
 4  83  58  71   7   0   6 0.00  0.0    0  6.6 15 270   M    M   5 18     18 100
 5  77  60  69   5   0   4 0.13  0.0    0  3.0  9 230   M    M   9 138    29  30
 6  65  56  61  -3   4   0 1.68  0.0    0  6.6 13 100   M    M   9 13     17  10
 7  71  65  68   4   0   3 2.09  0.0    0  8.1 18 320   M    M   9 13     23 310
 8  68  51  60  -4   5   0 0.03  0.0    0  7.2 17 310   M    M   4 1      21 260
 9  72  48  60  -5   5   0 0.00  0.0    0  5.7 16 300   M    M   2        25 300
10  77  42  60  -5   5   0    T  0.0    0  3.5 14 200   M    M   0 8      28  90
11  78  47  63  -2   2   0 0.00  0.0    0  2.9 15 210   M    M   1 18     22 170
12  83  51  67   2   0   2 0.00  0.0    0  2.9 12 160   M    M   2 18     16 160
13  83  59  71   5   0   6 0.00  0.0    0  5.3 14 170   M    M   2        18 150
14  84  65  75   9   0  10    T  0.0    0  8.8 18 180   M    M   4 13     24 180
15  69  44  57  -9   8   0 0.82  0.0    0 10.2 24 320   M    M   8 13     33 300
16  65  38  52 -14  13   0 0.00  0.0    0  9.4 22  60   M    M   0        28  60
17  69  48  59  -7   6   0    T  0.0    0 11.7 18  80   M    M   9        23  80
18  62  54  58  -9   7   0 1.24  0.0    0 11.3 22  50   M    M  10 1      28  50
19  60  53  57 -10   8   0 0.00  0.0    0  8.4 15  30   M    M  10 1      22  20
20  69  52  61  -6   4   0 0.00  0.0    0  6.4 13  40   M    M   8 1      21  50
21  79  48  64  -4   1   0 0.00  0.0    0  3.1 10  30   M    M   0 1      32  30
22  80  52  66  -2   0   1 0.11  0.0    0  3.6 16 340   M    M   4 123    21 340
23  84  57  71   3   0   6 0.00  0.0    0  3.1 10 320   M    M   3 128    15 320
24  85  58  72   4   0   7    T  0.0    0  3.0  9 230   M    M   6 1      17  30
================================================================================
SM 1815 1248        70  50  6.10     0.0 145.0          M      107
================================================================================
AV 75.6 52.0                               6.0 FASTST   M    M   4    MAX(MPH)
                                 MISC ---->  # 24 320               # 33  300
================================================================================
NOTES:
# LAST OF SEVERAL OCCURRENCES

COLUMN 17 PEAK WIND IN M.P.H.

PRELIMINARY LOCAL CLIMATOLOGICAL DATA (WS FORM: F-6) , PAGE 2

                                          STATION:  ALBANY
                                          MONTH:    APRIL
                                          YEAR:     2014
                                          LATITUDE:   31 31 N
                                          LONGITUDE:  84 11 W

[TEMPERATURE DATA]      [PRECIPITATION DATA]       SYMBOLS USED IN COLUMN 16

AVERAGE MONTHLY: 63.8   TOTAL FOR MONTH:   6.10    1 = FOG OR MIST
DPTR FM NORMAL:  -1.7   DPTR FM NORMAL:    2.94    2 = FOG REDUCING VISIBILITY
HIGHEST:    87 ON  3    GRTST 24HR  2.12 ON  7- 8      TO 1/4 MILE OR LESS
LOWEST:     38 ON 16                               3 = THUNDER
                        SNOW, ICE PELLETS, HAIL    4 = ICE PELLETS
                        TOTAL MONTH:   0.0 INCH    5 = HAIL
                        GRTST 24HR     0.0         6 = FREEZING RAIN OR DRIZZLE
                        GRTST DEPTH:   0           7 = DUSTSTORM OR SANDSTORM:
                                                       VSBY 1/2 MILE OR LESS
                                                   8 = SMOKE OR HAZE
[NO. OF DAYS WITH]      [WEATHER - DAYS WITH]      9 = BLOWING SNOW
                                                   X = TORNADO
MAX 32 OR BELOW:   0    0.01 INCH OR MORE:   7
MAX 90 OR ABOVE:   0    0.10 INCH OR MORE:   6
MIN 32 OR BELOW:   0    0.50 INCH OR MORE:   4
MIN  0 OR BELOW:   0    1.00 INCH OR MORE:   3

[HDD (BASE 65) ]
TOTAL THIS MO.    70    CLEAR  (SCALE 0-3)  11
DPTR FM NORMAL     9    PTCLDY (SCALE 4-7)   7
TOTAL FM JUL 1  1934    CLOUDY (SCALE 8-10)  6
DPTR FM NORMAL   104

[CDD (BASE 65) ]
TOTAL THIS MO.    50
DPTR FM NORMAL   -21    [PRESSURE DATA]
TOTAL FM JAN 1    57    HIGHEST SLP M ON M
DPTR FM NORMAL   -52    LOWEST  SLP 29.69 ON  7

[REMARKS]
