000
CXUS54 KFWD 260730
CF6ACT
PRELIMINARY LOCAL CLIMATOLOGICAL DATA (WS FORM: F-6)

                                          STATION:   WACO
                                          MONTH:     MARCH
                                          YEAR:      2015
                                          LATITUDE:   31 37 N
                                          LONGITUDE:  97 13 W

  TEMPERATURE IN F:       :PCPN:    SNOW:  WIND      :SUNSHINE: SKY     :PK WND
================================================================================
1   2   3   4   5  6A  6B    7    8   9   10  11  12  13   14  15   16   17  18
                                     12Z  AVG MX 2MIN
DY MAX MIN AVG DEP HDD CDD  WTR  SNW DPTH SPD SPD DIR MIN PSBL S-S WX    SPD DR
================================================================================

 1  40  33  37 -17  28   0 0.15  0.0    0 10.7 18  10   M    M  10 1      21 360
 2  41  36  39 -15  26   0 0.01  0.0    0  7.8 15 360   M    M  10 12     19  10
 3  53  40  47  -8  18   0 0.04  0.0    0  2.4  8 140   M    M  10 12      9 130
 4  56  32  44 -11  21   0 0.35    T    0 12.7 32 360   M    M  10 1268   40  10
 5  42  26  34 -21  31   0 0.25  0.7    1 16.1 26 350   M    M   3 146    35 340
 6  54  20  37 -19  28   0 0.00  0.0    0  3.5  8 170   M    M   0        11  10
 7  58  26  42 -14  23   0 0.00  0.0    0  4.5  M   M   M    M   7         M  M
 8  51  45  48  -8  17   0 0.13  0.0    0  7.1 14 120   M    M  10 1      17 170
 9  50  47  49  -7  16   0 1.01  0.0    0  7.9 17  50   M    M  10 1      20  60
10  59  49  54  -3  11   0 0.00  0.0    0  6.1 13 350   M    M  10 1      16 330
11  60  49  55  -2  10   0 0.00  0.0    0  6.0 16  30   M    M   8 1      19  30
12  69  47  58   1   7   0 0.00  0.0    0  8.7 16  10   M    M   7 1      20  10
13  71  50  61   4   4   0 0.00  0.0    0  8.9 18 330   M    M   7        24 320
14  73  48  61   3   4   0 0.00  0.0    0 11.4 25 340   M    M   6        32 350
15  69  48  59   1   6   0 0.00  0.0    0  4.6 14 340   M    M   7        17  30
16  76  46  61   3   4   0 0.00  0.0    0  6.2 15 190   M    M   1 1      18 190
17  76  60  68  10   0   3    T  0.0    0  7.5 15 200   M    M   7        18 200
18  74  57  66   7   0   1 0.19  0.0    0  4.6 12 340   M    M   9 1      13 280
19  78  56  67   8   0   2 0.00  0.0    0  6.3 16 170   M    M   5 12     18 170
20  68  55  62   3   3   0 0.47  0.0    0 10.3 20 330   M    M   8 1      26 330
21  60  54  57  -3   8   0 0.24  0.0    0  7.7 16  60   M    M  10 1      18  60
22  69  50  60   0   5   0    T  0.0    0  5.2 13 360   M    M   7 1      15 350
23  75  45  60   0   5   0 0.00  0.0    0  5.1 12 140   M    M   3 12     14 160
24  77  58  68   8   0   3 0.00  0.0    0 13.2 22 180   M    M   0        26 170
25  80  60  70  10   0   5    T  0.0    0 15.0 24 160   M    M   1        30 160
================================================================================
SM 1579 1137       275  14  2.84     0.7 199.5          M      166
================================================================================
AV 63.2 45.5                               8.0 FASTST   M    M   7    MAX(MPH)
                                 MISC ---->  # 32 360               # 40   10
================================================================================
NOTES:
# LAST OF SEVERAL OCCURRENCES

COLUMN 17 PEAK WIND IN M.P.H.

PRELIMINARY LOCAL CLIMATOLOGICAL DATA (WS FORM: F-6) , PAGE 2

                                          STATION:  WACO
                                          MONTH:    MARCH
                                          YEAR:     2015
                                          LATITUDE:   31 37 N
                                          LONGITUDE:  97 13 W

[TEMPERATURE DATA]      [PRECIPITATION DATA]       SYMBOLS USED IN COLUMN 16

AVERAGE MONTHLY: 54.3   TOTAL FOR MONTH:   2.84    1 = FOG OR MIST
DPTR FM NORMAL:  -3.0   DPTR FM NORMAL:    0.21    2 = FOG REDUCING VISIBILITY
HIGHEST:    80 ON 25    GRTST 24HR  1.01 ON  9- 9      TO 1/4 MILE OR LESS
LOWEST:     20 ON  6                               3 = THUNDER
                        SNOW, ICE PELLETS, HAIL    4 = ICE PELLETS
                        TOTAL MONTH:   0.7 INCH    5 = HAIL
                        GRTST 24HR   0.7 ON   M    6 = FREEZING RAIN OR DRIZZLE
                        GRTST DEPTH:   1 ON  5     7 = DUSTSTORM OR SANDSTORM:
                                                       VSBY 1/2 MILE OR LESS
                                                   8 = SMOKE OR HAZE
[NO. OF DAYS WITH]      [WEATHER - DAYS WITH]      9 = BLOWING SNOW
                                                   X = TORNADO
MAX 32 OR BELOW:   0    0.01 INCH OR MORE:  10
MAX 90 OR ABOVE:   0    0.10 INCH OR MORE:   8
MIN 32 OR BELOW:   4    0.50 INCH OR MORE:   1
MIN  0 OR BELOW:   0    1.00 INCH OR MORE:   1

[HDD (BASE 65) ]
TOTAL THIS MO.   275    CLEAR  (SCALE 0-3)   5
DPTR FM NORMAL    61    PTCLDY (SCALE 4-7)  10
TOTAL FM JUL 1  2229    CLOUDY (SCALE 8-10) 10
DPTR FM NORMAL   203

[CDD (BASE 65) ]
TOTAL THIS MO.    14
DPTR FM NORMAL   -11    [PRESSURE DATA]
TOTAL FM JAN 1    14    HIGHEST SLP M ON M
DPTR FM NORMAL   -20    LOWEST  SLP 29.71 ON 25

[REMARKS]
