000
CXUS54 KFWD 210730
CF6ACT
PRELIMINARY LOCAL CLIMATOLOGICAL DATA (WS FORM: F-6)

                                          STATION:   WACO
                                          MONTH:     FEBRUARY
                                          YEAR:      2017
                                          LATITUDE:   31 37 N
                                          LONGITUDE:  97 13 W

  TEMPERATURE IN F:       :PCPN:    SNOW:  WIND      :SUNSHINE: SKY     :PK WND
================================================================================
1   2   3   4   5  6A  6B    7    8   9   10  11  12  13   14  15   16   17  18
                                     12Z  AVG MX 2MIN
DY MAX MIN AVG DEP HDD CDD  WTR  SNW DPTH SPD SPD DIR MIN PSBL S-S WX    SPD DR
================================================================================

 1  80  47  64  16   1   0 0.00  0.0    0 12.4 21 310   M    M   0        29 310
 2  55  39  47  -1  18   0 0.00  0.0    0 12.2 22 350   M    M   3        26 340
 3  52  41  47  -2  18   0 0.00  0.0    0 10.1 17  40   M    M  10        22  40
 4  52  47  50   1  15   0    T  0.0    0  9.2 15 170   M    M  10 18     17 170
 5  75  51  63  14   2   0 0.00  0.0    0  9.5 23 200   M    M   8 18     29 200
 6  76  63  70  21   0   5 0.00  0.0    0 13.9 25 180   M    M   8 1      30 180
 7  83  50  67  18   0   2 0.00  0.0    0 11.0 23 290   M    M   1 1      30 260
 8  78  47  63  14   2   0 0.00  0.0    0 12.7 29 360   M    M   0        35 360
 9  63  37  50   0  15   0 0.00  0.0    0  7.6 16  10   M    M   0 8      19  10
10  76  48  62  12   3   0 0.00  0.0    0 15.1 26 190   M    M   3        31 180
11  84  63  74  24   0   9 0.00  0.0    0 14.5 23 210   M    M   5 1      29 190
12  75  62  69  19   0   4 0.00  0.0    0 12.4 22 360   M    M   4 1      27  10
13  75  56  66  16   0   1    T  0.0    0 12.4 24 170   M    M   9        30 160
14  67  44  56   6   9   0 2.09  0.0    0 16.0 25 300   M    M  10 13     34 310
15  60  37  49  -2  16   0 0.00  0.0    0  9.1 18 340   M    M   2        24 350
16  66  31  49  -2  16   0 0.00  0.0    0  7.2 15 220   M    M   0        18 170
17  73  46  60   9   5   0 0.00  0.0    0 13.4 24 160   M    M   2        28 160
18  82  58  70  19   0   5 0.00  0.0    0 10.8 20 210   M    M   2 1      25 170
19  80  62  71  19   0   6    T  0.0    0 14.7 23 140   M    M   8 138    29 140
20  70  55  63  11   2   0 0.96  0.0    0 10.5 31 270   M    M   6 13     43 270
================================================================================
SM 1422  984       122  32  3.05     0.0 234.7          M       91
================================================================================
AV 71.1 49.2                              11.7 FASTST   M    M   5    MAX(MPH)
                                 MISC ---->  # 31 270               # 43  270
================================================================================
NOTES:
# LAST OF SEVERAL OCCURRENCES

COLUMN 17 PEAK WIND IN M.P.H.

PRELIMINARY LOCAL CLIMATOLOGICAL DATA (WS FORM: F-6) , PAGE 2

                                          STATION:  WACO
                                          MONTH:    FEBRUARY
                                          YEAR:     2017
                                          LATITUDE:   31 37 N
                                          LONGITUDE:  97 13 W

[TEMPERATURE DATA]      [PRECIPITATION DATA]       SYMBOLS USED IN COLUMN 16

AVERAGE MONTHLY: 60.2   TOTAL FOR MONTH:   3.05    1 = FOG OR MIST
DPTR FM NORMAL:  10.2   DPTR FM NORMAL:    1.24    2 = FOG REDUCING VISIBILITY
HIGHEST:    84 ON 11    GRTST 24HR  2.09 ON 14-14      TO 1/4 MILE OR LESS
LOWEST:     31 ON 16                               3 = THUNDER
                        SNOW, ICE PELLETS, HAIL    4 = ICE PELLETS
                        TOTAL MONTH:   0.0 INCH    5 = HAIL
                        GRTST 24HR     0.0         6 = FREEZING RAIN OR DRIZZLE
                        GRTST DEPTH:   0           7 = DUSTSTORM OR SANDSTORM:
                                                       VSBY 1/2 MILE OR LESS
                                                   8 = SMOKE OR HAZE
[NO. OF DAYS WITH]      [WEATHER - DAYS WITH]      9 = BLOWING SNOW
                                                   X = TORNADO
MAX 32 OR BELOW:   0    0.01 INCH OR MORE:   2
MAX 90 OR ABOVE:   0    0.10 INCH OR MORE:   2
MIN 32 OR BELOW:   1    0.50 INCH OR MORE:   2
MIN  0 OR BELOW:   0    1.00 INCH OR MORE:   1

[HDD (BASE 65) ]
TOTAL THIS MO.   122    CLEAR  (SCALE 0-3)  10
DPTR FM NORMAL  -183    PTCLDY (SCALE 4-7)   5
TOTAL FM JUL 1  1124    CLOUDY (SCALE 8-10)  5
DPTR FM NORMAL  -589

[CDD (BASE 65) ]
TOTAL THIS MO.    32
DPTR FM NORMAL    32    [PRESSURE DATA]
TOTAL FM JAN 1    41    HIGHEST SLP M ON M
DPTR FM NORMAL    38    LOWEST  SLP 29.58 ON  8

[REMARKS]
