000
CXAK56 PADQ 290906
CF6ADQ

PRELIMINARY LOCAL CLIMATOLOGICAL DATA (WS FORM: F-6)

                                          STATION:   KODIAK
                                          MONTH:     05
                                          YEAR:      2015
                                          LATITUDE:   57 45 N
                                          LONGITUDE: 152 30 W

  TEMPERATURE IN F:       :PCPN:    SNOW:  WIND      :SUNSHINE: SKY     :PK WND
================================================================================
1   2   3   4   5  6A  6B    7     8   9   10  11  12  13   14  15   16  17  18
                                      12Z  AVG MX 2MIN
DY MAX MIN AVG DEP HDD CDD  WTR   SNW DPTH SPD SPD DIR MIN PSBL S-S WX   SPD DR
================================================================================

 1  47  34  41   0  24   0  0.23  0.0   0  3.9 12  300   M    M   M 1     15 320
 2  47  32  40  -2  25   0     T  0.0   0 10.3 22   70   M    M   M 1     25  70
 3  48  42  45   3  20   0  0.06  0.0   0  7.6 18   40   M    M   M 1     21  40
 4  52  37  45   3  20   0     T  0.0   0  6.9 15  140   M    M   M       18 120
 5  48  42  45   3  20   0  0.05  0.0   0 10.4 16  110   M    M   M 1     19 100
 6  46  42  44   2  21   0  1.13  0.0   0 11.1 17   70   M    M   M 1     21  80
 7  46  41  44   1  21   0  0.04  0.0   0  6.1 10   80   M    M   M 1     13  90
 8  50  39  45   2  20   0  0.69  0.0   0 15.2 28  300   M    M   M 1     39 280
 9  50  44  47   4  18   0  1.26  0.0   0 13.2 26   20   M    M   M 1     38  30
10  49  44  47   4  18   0  0.06  0.0   0 15.6 24   20   M    M   M 1     32  20
11  50  41  46   2  19   0     T  0.0   0 12.9 20   40   M    M   M 1     29  30
12  58  40  49   5  16   0  0.00  0.0   0  9.3 16  310   M    M   M       21 290
13  49  41  45   1  20   0  0.16  0.0   0 10.6 18  120   M    M   M 1     23 140
14  45  44  45   1  20   0  1.48  0.0   0 15.8 22   90   M    M   M 1     26  90
15  50  44  47   3  18   0  0.21  0.0   0 13.8 28  140   M    M   M 1     34 130
16  51  44  48   4  17   0  0.00  0.0   0 11.5 20  170   M    M   M 1     26 160
17  49  44  47   2  18   0     T  0.0   0 10.9 17  130   M    M   M 1     22 140
18  48  44  46   1  19   0  0.00  0.0   0  9.3 17  100   M    M   M 1     20 100
19  50  44  47   2  18   0  0.03  0.0   0 11.7 21  100   M    M   M 1     24 100
20  49  45  47   2  18   0  0.05  0.0   0 13.7 21  120   M    M   M 1     25 120
21  49  45  47   2  18   0     T  0.0   0  9.1 14  110   M    M   M 1     16 100
22  49  44  47   2  18   0  0.29  0.0   0  9.9 17  110   M    M   M 1     20 140
23  50  45  48   2  17   0  0.00  0.0   0 10.8 18  140   M    M   M       23 130
24  49  46  48   2  17   0  0.03  0.0   0 11.0 17  110   M    M   M 1     20 100
25  52  44  48   2  17   0  0.26  0.0   0  5.4 12  180   M    M   M 1     15 210
26  56  43  50   4  15   0     T  0.0   0  5.7 14   60   M    M   M       20  30
27  55  37  46   0  19   0  0.00  0.0   0  6.4 12  310   M    M   M       15  90
28  57  39  48   2  17   0  0.00  0.0   0  5.7 12  310   M    M   M       14 300
================================================================================
SM 1399 1171       528   0  6.03 0.0    283.8           M        M
================================================================================
AV 50.0 41.8                             10.1 FASTST  PSBL  %   M    MAX(MPH)
                                 MISC ---->  #  28  140                 39 280
================================================================================
NOTES:
# LAST OF SEVERAL OCCURRENCES

COLUMN 17 PEAK WIND IN M.P.H.

PRELIMINARY LOCAL CLIMATOLOGICAL DATA (WS FORM: F-6) , PAGE 2

                                          STATION:   KODIAK
                                          MONTH:     05
                                          YEAR:      2015
                                          LATITUDE:  57 45 N
                                          LONGITUDE: 152 30 W

[TEMPERATURE DATA]      [PRECIPITATION DATA]       SYMBOLS USED IN COLUMN 16

AVERAGE MONTHLY:45.9   TOTAL FOR MONTH: 6.03       1 = FOG
DPTR FM NORMAL:  1.9   DPTR FM NORMAL: 1.03       2 = FOG REDUCING VISIBILITY
HIGHEST:    58 ON 12    GRTST 24HR   1.48 ON 14        TO 1/4 MILE OR LESS
LOWEST:     32 ON  2                               3 = THUNDER
                        SNOW, ICE PELLETS, HAIL    4 = ICE PELLETS
                        TOTAL MONTH: 0.0         5 = HAIL
                        GRTST 24HR   0.0           6 = GLAZE OR RIME
                        GRTST DEPTH:    0          7 = BLOWING DUST OR SAND:
                                                       VSBY 1/2 MILE OR LESS
                                                   8 = SMOKE OR HAZE
[NO. OF DAYS WITH]      [WEATHER - DAYS WITH]      9 = BLOWING SNOW
                                                   X = TORNADO
MAX 32 OR BELOW:   0    0.01 INCH OR MORE:  16
MAX 70 OR ABOVE:   0    0.10 INCH OR MORE:   9
MIN 32 OR BELOW:   1    0.50 INCH OR MORE:   4
MIN  0 OR BELOW:   0    1.00 INCH OR MORE:   3

[HDD (BASE 65) ]
TOTAL THIS MO.   528    CLEAR  (SCALE 0-3)   M
DPTR FM NORMAL   -60    PTCLDY (SCALE 4-7)   M
SEASONAL TOTAL  7095    CLOUDY (SCALE 8-10)  M
DPTR FM NORMAL -1185

[CDD (BASE 65) ]
TOTAL THIS MO.     0
DPTR FM NORMAL     0    [PRESSURE DATA]
SEASONAL TOTAL     0    HIGHEST SLP     M
DPTR FM NORMAL     0    LOWEST  SLP     M

[REMARKS]
