000
CXAK56 PADQ 301208
CF6ADQ

PRELIMINARY LOCAL CLIMATOLOGICAL DATA (WS FORM: F-6)

                                          STATION:   KODIAK
                                          MONTH:     08
                                          YEAR:      2015
                                          LATITUDE:   57 45 N
                                          LONGITUDE: 152 30 W

  TEMPERATURE IN F:       :PCPN:    SNOW:  WIND      :SUNSHINE: SKY     :PK WND
================================================================================
1   2   3   4   5  6A  6B    7     8   9   10  11  12  13   14  15   16  17  18
                                      12Z  AVG MX 2MIN
DY MAX MIN AVG DEP HDD CDD  WTR   SNW DPTH SPD SPD DIR MIN PSBL S-S WX   SPD DR
================================================================================

 1  72  52  62   6   3   0  0.00  0.0   0  4.5  8   40   M    M   M       10  50
 2  74  51  63   7   2   0  0.00  0.0   0  5.5 12   40   M    M   M       13  30
 3  64  50  57   1   8   0  0.00  0.0   0  7.9 16   90   M    M   M       19 100
 4  59  55  57   1   8   0  0.86  0.0   0 11.4 20   60   M    M   M 1     23  60
 5  60  54  57   1   8   0  0.23  0.0   0  7.8 14   40   M    M   M 1     18 360
 6  73  57  65   9   0   0  0.00  0.0   0  9.1 15  300   M    M   M       21 310
 7  68  54  61   5   4   0  0.00  0.0   0  4.7 12  290   M    M   M 1     17 320
 8  62  55  59   3   6   0  0.07  0.0   0  4.9 15  150   M    M   M 1     18 150
 9  66  57  62   6   3   0     T  0.0   0  6.9 22  290   M    M   M       28 300
10  67  50  59   3   6   0  0.00  0.0   0  8.4 20  280   M    M   M       23 310
11  63  46  55  -1  10   0  0.00  0.0   0  5.6 10  100   M    M   M       12 310
12  67  49  58   2   7   0  0.00  0.0   0  5.3 12  120   M    M   M       14 100
13  63  53  58   2   7   0  0.00  0.0   0  6.5 14  300   M    M   M       16 300
14  61  51  56   0   9   0  0.00  0.0   0  4.8 13  170   M    M   M       15 190
15  58  53  56   0   9   0  0.20  0.0   0  5.4 10   60   M    M   M 1     14 200
16  61  54  58   3   7   0  0.01  0.0   0  2.4  7  300   M    M   M        9 330
17  62  54  58   3   7   0  0.48  0.0   0  6.4 23  280   M    M   M 1     27 280
18  70  54  62   7   3   0  0.00  0.0   0 13.6 32  260   M    M   M       38 260
19  70  51  61   6   4   0  0.00  0.0   0  8.2 17  290   M    M   M       22 310
20  64  45  55   0  10   0  0.00  0.0   0  6.3 13  320   M    M   M 1     15 310
21  66  53  60   5   5   0     T  0.0   0 11.5 21  290   M    M   M       30 300
22  68  57  63   8   2   0  0.00  0.0   0 20.1 36  290   M    M   M       53 280
23  69  54  62   7   3   0  0.00  0.0   0 14.6 30  290   M    M   M       37 290
24  72  51  62   7   3   0  0.00  0.0   0  8.9 23  290   M    M   M       34 300
25  66  50  58   3   7   0  0.00  0.0   0  5.5 10  120   M    M   M       13 310
26  70  52  61   7   4   0     T  0.0   0  6.1 22  270   M    M   M       24 270
27  67  56  62   8   3   0  0.00  0.0   0 22.6 49  280   M    M   M       65 280
28  64  53  59   5   6   0  0.00  0.0   0 21.6 47  280   M    M   M       60 280
29  56  48  52  -2  13   0  0.16  0.0   0  7.6 26  290   M    M   M 1     35 280
================================================================================
SM 1902 1519       167   0  2.01 0.0    254.1           M        M
================================================================================
AV 65.6 52.4                              8.8 FASTST  PSBL  %   M    MAX(MPH)
                                 MISC ---->     49  280                 65 280
================================================================================
NOTES:
# LAST OF SEVERAL OCCURRENCES

COLUMN 17 PEAK WIND IN M.P.H.

PRELIMINARY LOCAL CLIMATOLOGICAL DATA (WS FORM: F-6) , PAGE 2

                                          STATION:   KODIAK
                                          MONTH:     08
                                          YEAR:      2015
                                          LATITUDE:  57 45 N
                                          LONGITUDE: 152 30 W

[TEMPERATURE DATA]      [PRECIPITATION DATA]       SYMBOLS USED IN COLUMN 16

AVERAGE MONTHLY:59.0   TOTAL FOR MONTH: 2.01       1 = FOG
DPTR FM NORMAL:  3.6   DPTR FM NORMAL: -2.20       2 = FOG REDUCING VISIBILITY
HIGHEST:    74 ON  2    GRTST 24HR   0.86 ON  4        TO 1/4 MILE OR LESS
LOWEST:     45 ON 20                               3 = THUNDER
                        SNOW, ICE PELLETS, HAIL    4 = ICE PELLETS
                        TOTAL MONTH: 0.0         5 = HAIL
                        GRTST 24HR   0.0           6 = GLAZE OR RIME
                        GRTST DEPTH:    0          7 = BLOWING DUST OR SAND:
                                                       VSBY 1/2 MILE OR LESS
                                                   8 = SMOKE OR HAZE
[NO. OF DAYS WITH]      [WEATHER - DAYS WITH]      9 = BLOWING SNOW
                                                   X = TORNADO
MAX 32 OR BELOW:   0    0.01 INCH OR MORE:   7
MAX 70 OR ABOVE:   7    0.10 INCH OR MORE:   5
MIN 32 OR BELOW:   0    0.50 INCH OR MORE:   1
MIN  0 OR BELOW:   0    1.00 INCH OR MORE:   0

[HDD (BASE 65) ]
TOTAL THIS MO.   167    CLEAR  (SCALE 0-3)   M
DPTR FM NORMAL  -114    PTCLDY (SCALE 4-7)   M
SEASONAL TOTAL   394    CLOUDY (SCALE 8-10)  M
DPTR FM NORMAL  -213

[CDD (BASE 65) ]
TOTAL THIS MO.     0
DPTR FM NORMAL     0    [PRESSURE DATA]
SEASONAL TOTAL     1    HIGHEST SLP     M
DPTR FM NORMAL     1    LOWEST  SLP     M

[REMARKS]
