000
CXUS54 KLCH 301510
CF6AEX
PRELIMINARY LOCAL CLIMATOLOGICAL DATA (WS FORM: F-6)

                                          STATION:   ALEXANDRIA
                                          MONTH:     APRIL
                                          YEAR:      2016
                                          LATITUDE:   31 19 N
                                          LONGITUDE:  92 33 W

  TEMPERATURE IN F:       :PCPN:    SNOW:  WIND      :SUNSHINE: SKY     :PK WND
================================================================================
1   2   3   4   5  6A  6B    7    8   9   10  11  12  13   14  15   16   17  18
                                     12Z  AVG MX 2MIN
DY MAX MIN AVG DEP HDD CDD  WTR  SNW DPTH SPD SPD DIR MIN PSBL S-S WX    SPD DR
================================================================================

 1  68  49  59  -4   6   0 0.10    M    M  9.2 20  30   M    M   6        30  20
 2  67  45  56  -7   9   0 0.00  0.0    0  8.5 21 310   M    M   0        28 290
 3  74  41  58  -5   7   0 0.00  0.0    0  3.9 14 230   M    M   0        17 230
 4  81  48  65   2   0   0 0.00  0.0    0  3.7 12 260   M    M   0        16 280
 5  84  53  69   5   0   4 0.00  0.0    0  4.6 13 200   M    M   0        16 210
 6  76  56  66   2   0   1    T  0.0    0  9.1 22 230   M    M   2 18     29 230
 7  82  47  65   1   0   0 0.00  0.0    0  4.1 15 250   M    M   0        20 240
 8  78  49  64   0   1   0 0.00  0.0    0  6.0 17 340   M    M   0        23  20
 9  77  46  62  -2   3   0    T    M    0  4.8 13 140   M    M   1        18 150
10  81  52  67   2   0   2 0.00  0.0    0 12.4 23 160   M    M   4        31 170
11  79  64  72   7   0   7 0.10  0.0    0 10.1 23 180   M    M  10 1      29 180
12  69  61  65   0   0   0 0.02  0.0    0  7.6 14  40   M    M   8 1      18  50
13  75  55  65  -1   0   0 0.19  0.0    0  7.4 26 130   M    M   5 8      27 130
14  70  62  66   0   0   1 0.01  0.0    0  5.8 15  10   M    M   7 18     19  30
15  81  61  71   5   0   6 0.19  0.0    0  5.8 16 120   M    M   9 1      23 120
16  76  65  71   5   0   6 0.00  0.0    0 12.1 18 110   M    M  10        25 100
17  75  63  69   2   0   4 0.00  0.0    0 13.2 23 120   M    M   8        28 110
18  74  63  69   2   0   4 0.17  0.0    0  9.2 22 110   M    M   8 1      28 110
19  79  63  71   4   0   6 0.03  0.0    0  9.6 20 150   M    M   7 1      23 130
20  78  63  71   4   0   6 1.54  0.0    0  6.2 22 280   M    M   9 1      29 290
21  74  61  68   0   0   3 0.36  0.0    0  3.7 20 170   M    M   7 12     24 180
22  80  59  70   2   0   5 0.00  0.0    0  5.8 15 300   M    M   4 1      20 290
23  82  54  68   0   0   3 0.00  0.0    0  2.7 13  70   M    M   2 1      15  60
24  82  55  69   0   0   4 0.00  0.0    0  5.2 16 130   M    M   1 1      20 140
25  85  61  73   4   0   8 0.19  0.0    0  7.2 18 220   M    M   4 1      24 200
26  88  68  78   9   0  13    T  0.0    0  9.9 18 180   M    M   7 1      24 180
27  85  65  75   6   0  10 0.41  0.0    0  7.5 26 280   M    M   5 1      33 280
28  88  66  77   7   0  12 0.00  0.0    0  6.3 23 130   M    M   5 1      29 140
29  88  74  81  11   0  16    T  0.0    0 15.4 26 170   M    M   5 1      34 150
================================================================================
SM 2276 1669        26 121  3.31     0.0 217.0          M      134
================================================================================
AV 78.5 57.6                               7.5 FASTST   M    M   5    MAX(MPH)
                                 MISC ---->  # 26 130               # 34  150
================================================================================
NOTES:
# LAST OF SEVERAL OCCURRENCES

COLUMN 17 PEAK WIND IN M.P.H.

PRELIMINARY LOCAL CLIMATOLOGICAL DATA (WS FORM: F-6) , PAGE 2

                                          STATION:  ALEXANDRIA
                                          MONTH:    APRIL
                                          YEAR:     2016
                                          LATITUDE:   31 19 N
                                          LONGITUDE:  92 33 W

[TEMPERATURE DATA]      [PRECIPITATION DATA]       SYMBOLS USED IN COLUMN 16

AVERAGE MONTHLY: 68.0   TOTAL FOR MONTH:   3.31    1 = FOG OR MIST
DPTR FM NORMAL:   1.8   DPTR FM NORMAL:   -1.08    2 = FOG REDUCING VISIBILITY
HIGHEST:    88 ON 29,28 GRTST 24HR  1.63 ON 12-13      TO 1/4 MILE OR LESS
LOWEST:     41 ON  3                               3 = THUNDER
                        SNOW, ICE PELLETS, HAIL    4 = ICE PELLETS
                        TOTAL MONTH:   0.0 INCH    5 = HAIL
                        GRTST 24HR     0.0         6 = FREEZING RAIN OR DRIZZLE
                        GRTST DEPTH:   0           7 = DUSTSTORM OR SANDSTORM:
                                                       VSBY 1/2 MILE OR LESS
                                                   8 = SMOKE OR HAZE
[NO. OF DAYS WITH]      [WEATHER - DAYS WITH]      9 = BLOWING SNOW
                                                   X = TORNADO
MAX 32 OR BELOW:   0    0.01 INCH OR MORE:  12
MAX 90 OR ABOVE:   0    0.10 INCH OR MORE:   9
MIN 32 OR BELOW:   0    0.50 INCH OR MORE:   1
MIN  0 OR BELOW:   0    1.00 INCH OR MORE:   1

[HDD (BASE 65) ]
TOTAL THIS MO.    26    CLEAR  (SCALE 0-3)  10
DPTR FM NORMAL   -41    PTCLDY (SCALE 4-7)  15
TOTAL FM JUL 1  1325    CLOUDY (SCALE 8-10)  4
DPTR FM NORMAL  -622

[CDD (BASE 65) ]
TOTAL THIS MO.   121
DPTR FM NORMAL    21    [PRESSURE DATA]
TOTAL FM JAN 1   183    HIGHEST SLP M ON M
DPTR FM NORMAL    30    LOWEST  SLP 29.67 ON 27

[REMARKS]
