000
CXUS54 KLCH 260111
CF6AEX
PRELIMINARY LOCAL CLIMATOLOGICAL DATA (WS FORM: F-6)

                                          STATION:   ALEXANDRIA
                                          MONTH:     NOVEMBER
                                          YEAR:      2014
                                          LATITUDE:   31 19 N
                                          LONGITUDE:  92 33 W

  TEMPERATURE IN F:       :PCPN:    SNOW:  WIND      :SUNSHINE: SKY     :PK WND
================================================================================
1   2   3   4   5  6A  6B    7    8   9   10  11  12  13   14  15   16   17  18
                                     12Z  AVG MX 2MIN
DY MAX MIN AVG DEP HDD CDD  WTR  SNW DPTH SPD SPD DIR MIN PSBL S-S WX    SPD DR
================================================================================

 1  59  37  48 -14  17   0 0.00  0.0    0  6.8 15  20   M    M   0        21  10
 2  65  33  49 -13  16   0 0.00  0.0    0  3.3 12 120   M    M   0        15 110
 3  74  40  57  -5   8   0 0.00  0.0    0  6.5 15 130   M    M   0 1      20 130
 4  80  54  67   6   0   2 0.00  0.0    0  8.0 21 140   M    M   4 1      24 150
 5  76  63  70   9   0   5 0.29  0.0    0  5.6 10 100   M    M   2 1      17 100
 6  70  51  61   0   4   0 0.04  0.0    0  6.5 15 340   M    M   5 1      18 360
 7  63  41  52  -8  13   0 0.00  0.0    0  4.7 14  80   M    M   0        20  60
 8  69  35  52  -8  13   0 0.00  0.0    0  2.0 10 340   M    M   1 18     14 330
 9  68  40  54  -6  11   0 0.00  0.0    0  2.5  9 240   M    M   2 12     15 220
10  77  42  60   1   5   0 0.00  0.0    0  8.6 21 190   M    M   2 12     29 190
11  79  49  64   5   1   0 0.03    M    0  9.7 20 330   M    M   7 1      24 320
12  54  39  47 -12  18   0 0.00  0.0    0  9.2 15  30   M    M   6        20 350
13  47  36  42 -16  23   0 0.00    M    0 11.7 20  20   M    M   6        29 360
14  48  27  38 -20  27   0 0.00    M    0  6.8 15  30   M    M   3        21  30
15  53  32  43 -15  22   0 0.00  0.0    0  6.7 16 130   M    M   9        20 120
16  55  42  49  -8  16   0 2.25    M    0  7.8 17 340   M    M  10 13     24 320
17  49  32  41 -16  24   0 0.28    M    0 12.4 23 330   M    M   5 1      29 320
18  47  27  37 -19  28   0 0.00  0.0    0  4.2 12 340   M    M   0        15 340
19  62  26  44 -12  21   0 0.00  0.0    0  6.8 17 190   M    M   1        23 190
20  72  42  57   1   8   0 0.00  0.0    0  5.8 13 140   M    M   5 1      17 150
21  73  50  62   6   3   0    T  0.0    0  9.5 22 110   M    M   9        28 100
22  71  54  63   8   2   0 0.01  0.0    0 12.7 20 140   M    M   6 1      26 120
23  73  62  68  13   0   3 0.80  0.0    0 13.0 30 250   M    M   6 1      40 240
24  64  40  52  -2  13   0 0.00    M    0  8.4 22 310   M    M   0        29 310
================================================================================
SM 1548  994       293  10  3.70     0.0 179.2          M       89
================================================================================
AV 64.5 41.4                               7.5 FASTST   M    M   4    MAX(MPH)
                                 MISC ---->  # 30 250               # 40  240
================================================================================
NOTES:
# LAST OF SEVERAL OCCURRENCES

COLUMN 17 PEAK WIND IN M.P.H.

PRELIMINARY LOCAL CLIMATOLOGICAL DATA (WS FORM: F-6) , PAGE 2

                                          STATION:  ALEXANDRIA
                                          MONTH:    NOVEMBER
                                          YEAR:     2014
                                          LATITUDE:   31 19 N
                                          LONGITUDE:  92 33 W

[TEMPERATURE DATA]      [PRECIPITATION DATA]       SYMBOLS USED IN COLUMN 16

AVERAGE MONTHLY: 53.0   TOTAL FOR MONTH:   3.70    1 = FOG OR MIST
DPTR FM NORMAL:  -5.5   DPTR FM NORMAL:   -0.29    2 = FOG REDUCING VISIBILITY
HIGHEST:    80 ON  4    GRTST 24HR  2.53 ON 16-17      TO 1/4 MILE OR LESS
LOWEST:     26 ON 19                               3 = THUNDER
                        SNOW, ICE PELLETS, HAIL    4 = ICE PELLETS
                        TOTAL MONTH:   0.0 INCH    5 = HAIL
                        GRTST 24HR     0.0         6 = FREEZING RAIN OR DRIZZLE
                        GRTST DEPTH:   0           7 = DUSTSTORM OR SANDSTORM:
                                                       VSBY 1/2 MILE OR LESS
                                                   8 = SMOKE OR HAZE
[NO. OF DAYS WITH]      [WEATHER - DAYS WITH]      9 = BLOWING SNOW
                                                   X = TORNADO
MAX 32 OR BELOW:   0    0.01 INCH OR MORE:   7
MAX 90 OR ABOVE:   0    0.10 INCH OR MORE:   4
MIN 32 OR BELOW:   5    0.50 INCH OR MORE:   2
MIN  0 OR BELOW:   0    1.00 INCH OR MORE:   1

[HDD (BASE 65) ]
TOTAL THIS MO.   293    CLEAR  (SCALE 0-3)  11
DPTR FM NORMAL   112    PTCLDY (SCALE 4-7)  10
TOTAL FM JUL 1   328    CLOUDY (SCALE 8-10)  3
DPTR FM NORMAL    74

[CDD (BASE 65) ]
TOTAL THIS MO.    10
DPTR FM NORMAL   -14    [PRESSURE DATA]
TOTAL FM JAN 1  2480    HIGHEST SLP M ON M
DPTR FM NORMAL   -30    LOWEST  SLP 29.58 ON 23

[REMARKS]
