000
CXUS54 KFWD 220730
CF6AFW
PRELIMINARY LOCAL CLIMATOLOGICAL DATA (WS FORM: F-6)

                                          STATION:   FORT WORTH ALLIANCE
                                          MONTH:     JANUARY
                                          YEAR:      2018
                                          LATITUDE:   32 58 N
                                          LONGITUDE:  97 19 W

  TEMPERATURE IN F:       :PCPN:    SNOW:  WIND      :SUNSHINE: SKY     :PK WND
================================================================================
1   2   3   4   5  6A  6B    7    8   9   10  11  12  13   14  15   16   17  18
                                     12Z  AVG MX 2MIN
DY MAX MIN AVG DEP HDD CDD  WTR  SNW DPTH SPD SPD DIR MIN PSBL S-S WX    SPD DR
================================================================================

 1  28  14  21 -24  44   0 0.00  0.0    0 10.0 17  10   M    M   4        22  40
 2  25  18  22 -23  43   0 0.00  0.0    0  6.4 12 350   M    M   9        14  10
 3  50  11  31 -14  34   0 0.00  0.0    0  4.6 15 340   M    M   2        19 310
 4  50  17  34 -11  31   0 0.00  0.0    0  2.3  8  70   M    M   7        12  70
 5  63  24  44  -1  21   0 0.00  0.0    0  5.6 15 230   M    M   3        19 220
 6  64  34  49   4  16   0 0.00  0.0    0  7.3 17 160   M    M   6        25 150
 7  61  49  55  10  10   0 0.07  0.0    0 14.0 26 170   M    M   9 1      36 160
 8  61  34  48   3  17   0 0.00  0.0    0  7.4 16 360   M    M   1        21 350
 9  59  26  43  -2  22   0    T    M    0  5.6 15 130   M    M   5 18     18 150
10  61  45  53   8  12   0 0.00  0.0    0 12.9 24 160   M    M   7 18     33 160
11  58  28  43  -2  22   0    T    T    0 16.7 31 330   M    M   5        42 310
12  46  21  34 -11  31   0 0.00  0.0    0 10.2 21 340   M    M   1        28 340
13  47  25  36  -9  29   0 0.00  0.0    0  6.6 17 360   M    M   2        21  10
14  55  21  38  -7  27   0 0.00  0.0    0  5.3 15 180   M    M   4        20 160
15  60  27  44  -1  21   0    T    M    0 13.0 31  10   M    M   5        39  10
16  30  13  22 -23  43   0    T    M    0 15.5 26 360   M    M   4        33 360
17  36   4  20 -26  45   0 0.00  0.0    0  3.1  8 240   M    M   0         9  10
18  48  11  30 -16  35   0 0.00  0.0    0  6.5 14 170   M    M   2        18 170
19  59  31  45  -1  20   0 0.00  0.0    0 11.9 22 180   M    M   5        30 190
20  74  51  63  17   2   0 0.00  0.0    0 15.1 24 180   M    M   5 1      33 180
21  75  59  67  21   0   2    T  0.0    0 14.8 26 190   M    M   8 3      39 190
================================================================================
SM 1110  563       525   2  0.07    T    194.8          M       94
================================================================================
AV 52.9 26.8                               9.3 FASTST   M    M   4    MAX(MPH)
                                 MISC ---->  # 31 330               # 42  310
================================================================================
NOTES:
# LAST OF SEVERAL OCCURRENCES

COLUMN 17 PEAK WIND IN M.P.H.

PRELIMINARY LOCAL CLIMATOLOGICAL DATA (WS FORM: F-6) , PAGE 2

                                          STATION:  FORT WORTH ALLIANCE
                                          MONTH:    JANUARY
                                          YEAR:     2018
                                          LATITUDE:   32 58 N
                                          LONGITUDE:  97 19 W

[TEMPERATURE DATA]      [PRECIPITATION DATA]       SYMBOLS USED IN COLUMN 16

AVERAGE MONTHLY: 39.8   TOTAL FOR MONTH:   0.07    1 = FOG OR MIST
DPTR FM NORMAL:  -5.4   DPTR FM NORMAL:   -1.01    2 = FOG REDUCING VISIBILITY
HIGHEST:    75 ON 21    GRTST 24HR  0.07 ON  7- 7      TO 1/4 MILE OR LESS
LOWEST:      4 ON 17                               3 = THUNDER
                        SNOW, ICE PELLETS, HAIL    4 = ICE PELLETS
                        TOTAL MONTH:    T          5 = HAIL
                        GRTST 24HR    T  ON 11-11  6 = FREEZING RAIN OR DRIZZLE
                        GRTST DEPTH:   0           7 = DUSTSTORM OR SANDSTORM:
                                                       VSBY 1/2 MILE OR LESS
                                                   8 = SMOKE OR HAZE
[NO. OF DAYS WITH]      [WEATHER - DAYS WITH]      9 = BLOWING SNOW
                                                   X = TORNADO
MAX 32 OR BELOW:   3    0.01 INCH OR MORE:   1
MAX 90 OR ABOVE:   0    0.10 INCH OR MORE:   0
MIN 32 OR BELOW:  15    0.50 INCH OR MORE:   0
MIN  0 OR BELOW:   0    1.00 INCH OR MORE:   0

[HDD (BASE 65) ]
TOTAL THIS MO.   525    CLEAR  (SCALE 0-3)   6
DPTR FM NORMAL   110    PTCLDY (SCALE 4-7)  13
TOTAL FM JUL 1  1382    CLOUDY (SCALE 8-10)  2
DPTR FM NORMAL   -30

[CDD (BASE 65) ]
TOTAL THIS MO.     2
DPTR FM NORMAL     2    [PRESSURE DATA]
TOTAL FM JAN 1     2    HIGHEST SLP M ON M
DPTR FM NORMAL     2    LOWEST  SLP 29.64 ON 11

[REMARKS]
