000
CXUS54 KFWD 190730
CF6AFW
PRELIMINARY LOCAL CLIMATOLOGICAL DATA (WS FORM: F-6)

                                          STATION:   FORT WORTH ALLIANCE
                                          MONTH:     NOVEMBER
                                          YEAR:      2017
                                          LATITUDE:   32 58 N
                                          LONGITUDE:  97 19 W

  TEMPERATURE IN F:       :PCPN:    SNOW:  WIND      :SUNSHINE: SKY     :PK WND
================================================================================
1   2   3   4   5  6A  6B    7    8   9   10  11  12  13   14  15   16   17  18
                                     12Z  AVG MX 2MIN
DY MAX MIN AVG DEP HDD CDD  WTR  SNW DPTH SPD SPD DIR MIN PSBL S-S WX    SPD DR
================================================================================

 1  83  50  67   6   0   2 0.00  0.0    0  9.9 17 160   M    M   4        23 170
 2  95  63  79  18   0  14 0.00  0.0    0  9.3 18 220   M    M   1        26 220
 3  70  49  60   0   5   0 0.00  0.0    0  4.3 12 310   M    M   3 18     14 330
 4  89  51  70  10   0   5 0.00  0.0    0  9.0 20 190   M    M   6 1      27 190
 5  94  66  80  20   0  15 0.00  0.0    0 10.3 20 220   M    M   4        25 220
 6  72  54  63   4   2   0 0.00  0.0    0  7.6 14 360   M    M   7        17 320
 7  62  48  55  -4  10   0 0.00  0.0    0 12.0 22 360   M    M   9        26 360
 8  48  44  46 -12  19   0 0.77  0.0    0  9.4 21 360   M    M  10 1      27  10
 9  58  40  49  -9  16   0 0.00  0.0    0  3.5  8 130   M    M   7 1      10 340
10  64  35  50  -8  15   0 0.00  0.0    0  3.3 15 160   M    M   7 18     19 160
11  69  56  63   6   2   0 0.00  0.0    0  9.1 20 170   M    M  10        28 160
12  73  60  67  10   0   2    T  0.0    0  5.1 16  40   M    M  10        19  60
13  69  51  60   4   5   0 0.00  0.0    0  5.9 12 140   M    M  10 1      16 140
14  81  62  72  16   0   7 0.00  0.0    0 10.9 20 210   M    M   8 1      27 220
15  75  63  69  13   0   4 0.00  0.0    0  8.5 17  30   M    M   8        25 190
16  74  60  67  12   0   2 0.00  0.0    0  6.7 14 160   M    M   8 1      18 170
17  85  67  76  21   0  11 0.00  0.0    0 13.8 24 190   M    M   7        33 190
18  74  38  56   2   9   0 0.00    M    0 13.8 31 320   M    M   6        41 330
================================================================================
SM 1335  957        83  62  0.77     0.0 152.4          M      125
================================================================================
AV 74.2 53.2                               8.5 FASTST   M    M   7    MAX(MPH)
                                 MISC ---->  # 31 320               # 41  330
================================================================================
NOTES:
# LAST OF SEVERAL OCCURRENCES

COLUMN 17 PEAK WIND IN M.P.H.

PRELIMINARY LOCAL CLIMATOLOGICAL DATA (WS FORM: F-6) , PAGE 2

                                          STATION:  FORT WORTH ALLIANCE
                                          MONTH:    NOVEMBER
                                          YEAR:     2017
                                          LATITUDE:   32 58 N
                                          LONGITUDE:  97 19 W

[TEMPERATURE DATA]      [PRECIPITATION DATA]       SYMBOLS USED IN COLUMN 16

AVERAGE MONTHLY: 63.7   TOTAL FOR MONTH:   0.77    1 = FOG OR MIST
DPTR FM NORMAL:   5.9   DPTR FM NORMAL:   -0.87    2 = FOG REDUCING VISIBILITY
HIGHEST:    95 ON  2    GRTST 24HR  0.77 ON  8- 8      TO 1/4 MILE OR LESS
LOWEST:     35 ON 10                               3 = THUNDER
                        SNOW, ICE PELLETS, HAIL    4 = ICE PELLETS
                        TOTAL MONTH:   0.0 INCH    5 = HAIL
                        GRTST 24HR     0.0         6 = FREEZING RAIN OR DRIZZLE
                        GRTST DEPTH:   0           7 = DUSTSTORM OR SANDSTORM:
                                                       VSBY 1/2 MILE OR LESS
                                                   8 = SMOKE OR HAZE
[NO. OF DAYS WITH]      [WEATHER - DAYS WITH]      9 = BLOWING SNOW
                                                   X = TORNADO
MAX 32 OR BELOW:   0    0.01 INCH OR MORE:   1
MAX 90 OR ABOVE:   2    0.10 INCH OR MORE:   1
MIN 32 OR BELOW:   0    0.50 INCH OR MORE:   1
MIN  0 OR BELOW:   0    1.00 INCH OR MORE:   0

[HDD (BASE 65) ]
TOTAL THIS MO.    83    CLEAR  (SCALE 0-3)   1
DPTR FM NORMAL   -66    PTCLDY (SCALE 4-7)   9
TOTAL FM JUL 1   189    CLOUDY (SCALE 8-10)  8
DPTR FM NORMAL   -53

[CDD (BASE 65) ]
TOTAL THIS MO.    62
DPTR FM NORMAL    43    [PRESSURE DATA]
TOTAL FM JAN 1  2765    HIGHEST SLP M ON M
DPTR FM NORMAL   188    LOWEST  SLP 29.63 ON 18

[REMARKS]
