000
CXUS55 KCYS 211000
CF6AIA
PRELIMINARY LOCAL CLIMATOLOGICAL DATA (WS FORM: F-6)

                                          STATION:   ALLIANCE NEBRASKA AIRPORT
                                          MONTH:     JANUARY
                                          YEAR:      2017
                                          LATITUDE:   42  2 N
                                          LONGITUDE: 102 48 W

  TEMPERATURE IN F:       :PCPN:    SNOW:  WIND      :SUNSHINE: SKY     :PK WND
================================================================================
1   2   3   4   5  6A  6B    7    8   9   10  11  12  13   14  15   16   17  18
                                     12Z  AVG MX 2MIN
DY MAX MIN AVG DEP HDD CDD  WTR  SNW DPTH SPD SPD DIR MIN PSBL S-S WX    SPD DR
================================================================================

 1  37   2  20  -3  45   0 0.00    M    M  6.0 16 150   M    M   1 1      19 160
 2  21   7  14  -9  51   0    T    M    M 13.7 26 350   M    M   9 1      30 350
 3  10   5   8 -16  57   0    T    M    M  8.3 20 340   M    M   8 18     22 340
 4  10   1   6 -18  59   0    T    M    M  4.6 15 350   M    M  10 18     17 350
 5   6 -19  -6 -30  71   0 0.00    M    M 10.2 20 320   M    M   4 8      24 320
 6  18 -23  -2 -26  67   0 0.00    M    M  7.5 16 280   M    M   0        19 280
 7  17 -19  -1 -25  66   0 0.00    M    M  8.0 20 170   M    M   0        26 160
 8  40   6  23  -1  42   0    T    M    M  9.4 23 170   M    M   3        28 170
 9  47  27  37  13  28   0    T    M    M 12.1 23 160   M    M   2        29 160
10  45  22  34  10  31   0 0.00    M    M 14.4 25 260   M    M   1        34 260
11  40   5  23  -1  42   0    T    M    M 10.6 29  10   M    M   7 18     35  10
12  20   0  10 -14  55   0 0.00    M    M  7.4 20  20   M    M   3        22  10
13  31  11  21  -3  44   0 0.00    M    M  8.1 17 170   M    M   2        22 170
14  45   7  26   2  39   0 0.00    M    M  4.2 13 160   M    M   0        16 150
15  41   8  25   1  40   0    T    M    M  2.4  8 290   M    M   2         9 280
16  39  12  26   2  39   0 0.00    M    M  9.8 22 350   M    M   7        28 360
17  46   6  26   2  39   0 0.00    M    M  7.5 17 240   M    M   0        20 240
18  52  13  33   9  32   0 0.00    M    M  6.0 14 260   M    M   0        17 260
19  53  11  32   8  33   0 0.00    M    M  4.3 12 250   M    M   0        13 270
20  42  16  29   5  36   0 0.02    M    M  8.6 17 300   M    M   3        22 300
================================================================================
SM  660   98       916   0  0.02    M    163.1          M       62
================================================================================
AV 33.0  4.9                               8.2 FASTST   M    M   3    MAX(MPH)
                                 MISC ---->  # 29  10               # 35   10
================================================================================
NOTES:
# LAST OF SEVERAL OCCURRENCES

COLUMN 17 PEAK WIND IN M.P.H.

PRELIMINARY LOCAL CLIMATOLOGICAL DATA (WS FORM: F-6) , PAGE 2

                                          STATION:  ALLIANCE NEBRASKA AIRPORT
                                          MONTH:    JANUARY
                                          YEAR:     2017
                                          LATITUDE:   42  2 N
                                          LONGITUDE: 102 48 W

[TEMPERATURE DATA]      [PRECIPITATION DATA]       SYMBOLS USED IN COLUMN 16

AVERAGE MONTHLY: 19.0   TOTAL FOR MONTH:   0.02    1 = FOG OR MIST
DPTR FM NORMAL:  -4.9   DPTR FM NORMAL:   -0.09    2 = FOG REDUCING VISIBILITY
HIGHEST:    53 ON 19    GRTST 24HR  0.02 ON 20-20      TO 1/4 MILE OR LESS
LOWEST:    -23 ON  6                               3 = THUNDER
                        SNOW, ICE PELLETS, HAIL    4 = ICE PELLETS
                        TOTAL MONTH:    M          5 = HAIL
                        GRTST 24HR    M  ON   M    6 = FREEZING RAIN OR DRIZZLE
                        GRTST DEPTH:  M  ON   M    7 = DUSTSTORM OR SANDSTORM:
                                                       VSBY 1/2 MILE OR LESS
                                                   8 = SMOKE OR HAZE
[NO. OF DAYS WITH]      [WEATHER - DAYS WITH]      9 = BLOWING SNOW
                                                   X = TORNADO
MAX 32 OR BELOW:   8    0.01 INCH OR MORE:   1
MAX 90 OR ABOVE:   0    0.10 INCH OR MORE:   0
MIN 32 OR BELOW:  20    0.50 INCH OR MORE:   0
MIN  0 OR BELOW:   4    1.00 INCH OR MORE:   0

[HDD (BASE 65) ]
TOTAL THIS MO.   916    CLEAR  (SCALE 0-3)  13
DPTR FM NORMAL    94    PTCLDY (SCALE 4-7)   4
TOTAL FM JUL 1  3524    CLOUDY (SCALE 8-10)  3
DPTR FM NORMAL  -380

[CDD (BASE 65) ]
TOTAL THIS MO.     0
DPTR FM NORMAL     0    [PRESSURE DATA]
TOTAL FM JAN 1     0    HIGHEST SLP M ON M
DPTR FM NORMAL     0    LOWEST  SLP  0.00 ON  8

[REMARKS]
