000
CXUS55 KCYS 011628 CCA
CF6AIA

PRELIMINARY LOCAL CLIMATOLOGICAL DATA (WS FORM: F-6)     ...CORRECTED...

                                          STATION:   ALLIANCE NEBRASKA AIRPORT
                                          MONTH:     JULY
                                          YEAR:      2015
                                          LATITUDE:   42  2 N
                                          LONGITUDE: 102 48 W

  TEMPERATURE IN F:       :PCPN:    SNOW:  WIND      :SUNSHINE: SKY     :PK WND
================================================================================
1   2   3   4   5  6A  6B    7    8   9   10  11  12  13   14  15   16   17  18
                                     12Z  AVG MX 2MIN
DY MAX MIN AVG DEP HDD CDD  WTR  SNW DPTH SPD SPD DIR MIN PSBL S-S WX    SPD DR
================================================================================

 1  90  58  74   4   0   9 0.00    M    M  8.2 17  30   M    M   0 3      23  20
 2  80  57  69  -1   0   4 0.71    M    M  9.6 41  10   M    M   2 13     54  10
 3  83  56  70   0   0   5 0.00    M    M  5.1 12 110   M    M   2 1      16 170
 4  90  62  76   6   0  11 0.00    M    M 10.5 17 170   M    M   0        26 180
 5  93  62  78   7   0  13 0.27    M    M 11.1 30 300   M    M   3 13     36 300
 6  71  57  64  -7   1   0 0.00    M    M 11.2 22  20   M    M   9 18     26  20
 7  71  51  61 -10   4   0 0.00    M    M 11.7 21 170   M    M   8 18     26 150
 8  62  54  58 -13   7   0 0.41    M    M  5.9 13 160   M    M   9 1      19 180
 9  74  57  66  -6   0   1 0.00    M    M  9.3 20 160   M    M   7 1      24 160
10  82  58  70  -2   0   5    T    M    M  7.3 16 150   M    M   2 1      21 160
11  89  55  72   0   0   7 0.03    M    M  8.5 21 260   M    M   0 13     27 260
12  92  52  72   0   0   7 0.00    M    M 10.5 24 270   M    M   0        30 250
13  92  50  71  -1   0   6 0.00    M    M  4.8 16 220   M    M   0        20 220
14  91  58  75   3   0  10 0.00    M    M  8.0 23 210   M    M   0 3      31 210
15  84  60  72  -1   0   7 0.19    M    M  7.5 32 320   M    M   5 13     43 330
16  88  52  70  -3   0   5 0.00    M    M  9.0 18 150   M    M   0        24 150
17  89  56  73   0   0   8 0.27    M    M  7.7 28 320   M    M   0 13     37 320
18  81  53  67  -6   0   2 0.05    M    M  7.7 17 350   M    M   1        22 350
19  87  51  69  -4   0   4 0.00    M    M  7.6 18 250   M    M   0        23 270
20  83  50  67  -6   0   2 0.00    M    M  7.2 20  10   M    M   0        24  20
21  70  60  65  -8   0   0 0.26    M    M  8.8 21 190   M    M   6 1      26 200
22  88  56  72  -1   0   7 0.00    M    M  5.1 17 280   M    M   0 8      23 280
23  95  53  74   1   0   9 0.00    M    M  7.8 22 270   M    M   0        28 240
24  92  52  72  -1   0   7 0.00    M    M  8.1 15 150   M    M   0        19 150
25  93  59  76   3   0  11 0.00    M    M  6.3 18 350   M    M   0 3      23 350
26  94  59  77   4   0  12 0.01    M    M 12.7 35 200   M    M   0 13     44 200
27  92  54  73   0   0   8 0.20    M    M 11.8 33 200   M    M   0 123    41 190
28  82  46  64  -9   1   0 0.00    M    M 11.0 24 320   M    M   0        33 310
29  85  41  63 -10   2   0 0.00    M    M  8.4 18 190   M    M   0        24 160
30  90  54  72  -1   0   7 0.00    M    M  5.8 14  70   M    M   1        25  80
31  92  51  72  -1   0   7 0.14    M    M  6.0 25  80   M    M   0 3      32  80
================================================================================
SM 2645 1694        15 174  2.54    M    260.2          M       55
================================================================================
AV 85.3 54.6                               8.4 FASTST   M    M   2    MAX(MPH)
                                 MISC ---->    41  10                 54   10
================================================================================
NOTES:
# LAST OF SEVERAL OCCURRENCES

COLUMN 17 PEAK WIND IN M.P.H.

PRELIMINARY LOCAL CLIMATOLOGICAL DATA (WS FORM: F-6) , PAGE 2

                                          STATION:  ALLIANCE NEBRASKA AIRPORT
                                          MONTH:    JULY
                                          YEAR:     2015
                                          LATITUDE:   42  2 N
                                          LONGITUDE: 102 48 W

[TEMPERATURE DATA]      [PRECIPITATION DATA]       SYMBOLS USED IN COLUMN 16

AVERAGE MONTHLY: 70.0   TOTAL FOR MONTH:   2.54    1 = FOG OR MIST
DPTR FM NORMAL:  -2.2   DPTR FM NORMAL:    0.22    2 = FOG REDUCING VISIBILITY
HIGHEST:    95 ON 23    GRTST 24HR  0.71 ON  1- 2      TO 1/4 MILE OR LESS
LOWEST:     41 ON 29                               3 = THUNDER
                        SNOW, ICE PELLETS, HAIL    4 = ICE PELLETS
                        TOTAL MONTH:    M          5 = HAIL
                        GRTST 24HR    M  ON   M    6 = FREEZING RAIN OR DRIZZLE
                        GRTST DEPTH:  M  ON   M    7 = DUSTSTORM OR SANDSTORM:
                                                       VSBY 1/2 MILE OR LESS
                                                   8 = SMOKE OR HAZE
[NO. OF DAYS WITH]      [WEATHER - DAYS WITH]      9 = BLOWING SNOW
                                                   X = TORNADO
MAX 32 OR BELOW:   0    0.01 INCH OR MORE:  11
MAX 90 OR ABOVE:  13    0.10 INCH OR MORE:   8
MIN 32 OR BELOW:   0    0.50 INCH OR MORE:   1
MIN  0 OR BELOW:   0    1.00 INCH OR MORE:   0

[HDD (BASE 65) ]
TOTAL THIS MO.    15    CLEAR  (SCALE 0-3)  25
DPTR FM NORMAL     3    PTCLDY (SCALE 4-7)   3
TOTAL FM JUL 1    15    CLOUDY (SCALE 8-10)  3
DPTR FM NORMAL     3

[CDD (BASE 65) ]
TOTAL THIS MO.   174
DPTR FM NORMAL   -60    [PRESSURE DATA]
TOTAL FM JAN 1   278    HIGHEST SLP 30.26 ON 29
DPTR FM NORMAL   -54    LOWEST  SLP 29.53 ON 27

[REMARKS]

NEW RECORD LOW TEMPERATURE OF 46 DEGREES SET ON THE 28TH.  THE OLD RECORD WAS
 46 DEGREES LAST SET IN 1971 AND PREVIOUSLY.

NEW RECORD LOW TEMPERATURE OF 41 DEGREES SET ON THE 29TH.  THE OLD RECORD WAS
 41 DEGREES SET IN 1971.
#FINAL-07-15#
