000
CXUS53 KGRB 241245
CF6AIG
PRELIMINARY LOCAL CLIMATOLOGICAL DATA (WS FORM: F-6)

                                          STATION:   ANTIGO AWOS
                                          MONTH:     JANUARY
                                          YEAR:      2017
                                          LATITUDE:   45  9 N
                                          LONGITUDE:  89  8 W

  TEMPERATURE IN F:       :PCPN:    SNOW:  WIND      :SUNSHINE: SKY     :PK WND
================================================================================
1   2   3   4   5  6A  6B    7    8   9   10  11  12  13   14  15   16   17  18
                                     12Z  AVG MX 2MIN
DY MAX MIN AVG DEP HDD CDD  WTR  SNW DPTH SPD SPD DIR MIN PSBL S-S WX    SPD DR
================================================================================

 1  27  13  20   8  45   0 0.00  0.0    0  7.8 16 230   M    M   4        21 230
 2  30  22  26  14  39   0 0.00  0.0    0 10.4 16  90   M    M  10        21  80
 3  31   8  20   8  45   0 0.04    M    0 10.5 23 290   M    M  10 18     30 290
 4   8  -8   0 -12  65   0 0.00  0.0    0 17.2 24 300   M    M   3 8      30 300
 5  -3 -16  -9 -21  74   0 0.00  0.0    0 10.1 16 290   M    M   2        23 310
 6   0 -16  -8 -19  73   0 0.00  0.0    0  6.6 10 250   M    M   3         M  M
 7   4 -16  -6 -17  71   0 0.00  0.0    0  9.5 18 320   M    M   3        27 320
 8   8  -8   0 -11  65   0 0.00  0.0    0  6.0 14 160   M    M   7         M  M
 9  18   7  13   2  52   0 0.00  0.0    0  7.3 15 140   M    M   9 1       M  M
10  30  11  21  10  44   0 0.28    M    0 14.3 29 270   M    M  10 18     37 270
11  11   2   7  -4  58   0 0.00  0.0    0  8.8 20 260   M    M   7        25 260
12  13  -1   6  -5  59   0 0.00  0.0    0  9.8 22 260   M    M   6        29 270
13   4 -17  -6 -17  71   0 0.00  0.0    0  2.5 12 300   M    M   3         M  M
14  22   2  12   1  53   0 0.00  0.0    0  5.3  9 270   M    M   3         M  M
15  22 -13   5  -6  60   0 0.00  0.0    0  1.2  7 230   M    M   0         M  M
16  30  -4  13   2  52   0 0.06    M    0  1.6  6  90   M    M   3 1       M  M
17  34  25  30  19  35   0 0.09    M    0  5.7 13  50   M    M  10 12      M  M
18  36  18  27  16  38   0 0.00  0.0    0  6.8 14 240   M    M   5 12      M  M
19  32  26  29  18  36   0 0.00  0.0    0  4.9  7 170   M    M  10 12      M  M
20  34  29  32  21  33   0 0.05    M    0  4.7 10 110   M    M  10 1       M  M
21  34  31  33  22  32   0 0.00  0.0    0  5.4 10 100   M    M  10 12     17 110
22  36  32  34  23  31   0 0.00  0.0    0  2.6  8 340   M    M  10 12      M  M
23  36  32  34  23  31   0 0.00  0.0    0  2.7  6 300   M    M  10 1       M  M
================================================================================
SM  497  159      1162   0  0.52     0.0 161.7          M      148
================================================================================
AV 21.6  6.9                               7.0 FASTST   M    M   6    MAX(MPH)
                                 MISC ---->    29   M                 37    M
================================================================================
NOTES:
# LAST OF SEVERAL OCCURRENCES

COLUMN 17 PEAK WIND IN M.P.H.

PRELIMINARY LOCAL CLIMATOLOGICAL DATA (WS FORM: F-6) , PAGE 2

                                          STATION:  ANTIGO AWOS
                                          MONTH:    JANUARY
                                          YEAR:     2017
                                          LATITUDE:   45  9 N
                                          LONGITUDE:  89  8 W

[TEMPERATURE DATA]      [PRECIPITATION DATA]       SYMBOLS USED IN COLUMN 16

AVERAGE MONTHLY: 14.3   TOTAL FOR MONTH:   0.52    1 = FOG OR MIST
DPTR FM NORMAL:   3.0   DPTR FM NORMAL:   -0.05    2 = FOG REDUCING VISIBILITY
HIGHEST:    36 ON 23,22 GRTST 24HR  0.28 ON 10-10      TO 1/4 MILE OR LESS
LOWEST:    -17 ON 13                               3 = THUNDER
                        SNOW, ICE PELLETS, HAIL    4 = ICE PELLETS
                        TOTAL MONTH:   0.0 INCH    5 = HAIL
                        GRTST 24HR     0.0         6 = FREEZING RAIN OR DRIZZLE
                        GRTST DEPTH:   0           7 = DUSTSTORM OR SANDSTORM:
                                                       VSBY 1/2 MILE OR LESS
                                                   8 = SMOKE OR HAZE
[NO. OF DAYS WITH]      [WEATHER - DAYS WITH]      9 = BLOWING SNOW
                                                   X = TORNADO
MAX 32 OR BELOW:  17    0.01 INCH OR MORE:   5
MAX 90 OR ABOVE:   0    0.10 INCH OR MORE:   1
MIN 32 OR BELOW:  23    0.50 INCH OR MORE:   0
MIN  0 OR BELOW:   9    1.00 INCH OR MORE:   0

[HDD (BASE 65) ]
TOTAL THIS MO.  1162    CLEAR  (SCALE 0-3)   7
DPTR FM NORMAL   -76    PTCLDY (SCALE 4-7)   6
TOTAL FM JUL 1  4145    CLOUDY (SCALE 8-10) 10
DPTR FM NORMAL  -706

[CDD (BASE 65) ]
TOTAL THIS MO.     0
DPTR FM NORMAL     0    [PRESSURE DATA]
TOTAL FM JAN 1     0    HIGHEST SLP M ON M
DPTR FM NORMAL     0    LOWEST  SLP M ON M

[REMARKS]
