000
CXUS55 KBOU 281244
CF6AKO
PRELIMINARY LOCAL CLIMATOLOGICAL DATA (WS FORM: F-6)

                                          STATION:   AKRON CO
                                          MONTH:     FEBRUARY
                                          YEAR:      2015
                                          LATITUDE:   40 10 N
                                          LONGITUDE: 103 13 W

  TEMPERATURE IN F:       :PCPN:    SNOW:  WIND      :SUNSHINE: SKY     :PK WND
================================================================================
1   2   3   4   5  6A  6B    7    8   9   10  11  12  13   14  15   16   17  18
                                     12Z  AVG MX 2MIN
DY MAX MIN AVG DEP HDD CDD  WTR  SNW DPTH SPD SPD DIR MIN PSBL S-S WX    SPD DR
================================================================================

 1  23  11  17 -12  48   0    T    M    M 13.9 31 350   M    M   6 1      39 350
 2  53  16  35   6  30   0 0.00    M    M 12.3 22 290   M    M   3        28 280
 3  62  36  49  20  16   0 0.00    M    M 14.5 25 290   M    M   2        32 290
 4  40  16  28  -1  37   0 0.01    M    M 11.3 30  40   M    M   8 128    38  50
 5  60  23  42  13  23   0 0.00    M    M 11.1 17 250   M    M   0        21 210
 6  63  43  53  23  12   0 0.00    M    M 11.3 17 240   M    M   0        20 240
 7  72  36  54  24  11   0 0.00    M    M 11.2 24 300   M    M   0        29 300
 8  64  35  50  20  15   0 0.00    M    M 14.3 39 310   M    M   0        49 320
 9  67  31  49  19  16   0 0.00    M    M 11.8 22 310   M    M   0        29 170
10  58  32  45  15  20   0 0.00    M    M 13.4 26 330   M    M   2        33 310
11  48  25  37   7  28   0 0.00    M    M 10.3 16 350   M    M   2        20 350
12  60  21  41  11  24   0 0.00    M    M  9.5 18 350   M    M   1        23 320
13  61  31  46  15  19   0 0.00    M    M  8.1 15 270   M    M   1        17 260
14  62  24  43  12  22   0 0.00    M    M 13.5 26 130   M    M   0        32 110
15  31  20  26  -5  39   0 0.01    M    M  8.4 22  20   M    M   9 12     27  20
16  36  20  28  -3  37   0 0.02    M    M 11.0 31 350   M    M   7 12     36 340
17  32  16  24  -8  41   0    T    M    M 15.0 33 350   M    M   5 1      40 330
18  43  22  33   1  32   0 0.00    M    M  6.8 16 180   M    M   6        21 190
19  63  28  46  14  19   0 0.00    M    M 11.2 22 360   M    M   0        29 360
20  48  25  37   5  28   0 0.00    M    M  7.0 15 320   M    M   4        16 320
21  36  15  26  -7  39   0 0.03    M    M 11.1 25  70   M    M   7 1      32  60
22  15   8  12 -21  53   0 0.01    M    M  7.2 14 360   M    M  10 18     16 360
23  17   3  10 -23  55   0 0.00    M    M 12.2 25 270   M    M   1 1      30 270
24  41   8  25  -9  40   0 0.00    M    M 14.8 22 270   M    M   0        27 280
25  44  15  30  -4  35   0 0.01    M    M 16.9 38 360   M    M   8 12     46 360
26  15   8  12 -22  53   0    T    M    M  8.1 17 140   M    M  10 18     20 140
27  16   5  11 -24  54   0    T    M    M 16.7 29 150   M    M   9 18     36 150
================================================================================
SM 1230  573       846   0  0.09    M    312.9          M      101
================================================================================
AV 45.6 21.2                              11.6 FASTST   M    M   4    MAX(MPH)
                                 MISC ---->  # 39 310               # 49  320
================================================================================
NOTES:
# LAST OF SEVERAL OCCURRENCES

COLUMN 17 PEAK WIND IN M.P.H.

PRELIMINARY LOCAL CLIMATOLOGICAL DATA (WS FORM: F-6) , PAGE 2

                                          STATION:  AKRON CO
                                          MONTH:    FEBRUARY
                                          YEAR:     2015
                                          LATITUDE:   40 10 N
                                          LONGITUDE: 103 13 W

[TEMPERATURE DATA]      [PRECIPITATION DATA]       SYMBOLS USED IN COLUMN 16

AVERAGE MONTHLY: 33.4   TOTAL FOR MONTH:   0.09    1 = FOG OR MIST
DPTR FM NORMAL:   2.2   DPTR FM NORMAL:   -0.33    2 = FOG REDUCING VISIBILITY
HIGHEST:    72 ON  7    GRTST 24HR  0.04 ON 21-22      TO 1/4 MILE OR LESS
LOWEST:      3 ON 23                               3 = THUNDER
                        SNOW, ICE PELLETS, HAIL    4 = ICE PELLETS
                        TOTAL MONTH:    M          5 = HAIL
                        GRTST 24HR    M  ON   M    6 = FREEZING RAIN OR DRIZZLE
                        GRTST DEPTH:  M  ON   M    7 = DUSTSTORM OR SANDSTORM:
                                                       VSBY 1/2 MILE OR LESS
                                                   8 = SMOKE OR HAZE
[NO. OF DAYS WITH]      [WEATHER - DAYS WITH]      9 = BLOWING SNOW
                                                   X = TORNADO
MAX 32 OR BELOW:   7    0.01 INCH OR MORE:   6
MAX 90 OR ABOVE:   0    0.10 INCH OR MORE:   0
MIN 32 OR BELOW:  23    0.50 INCH OR MORE:   0
MIN  0 OR BELOW:   0    1.00 INCH OR MORE:   0

[HDD (BASE 65) ]
TOTAL THIS MO.   846    CLEAR  (SCALE 0-3)  14
DPTR FM NORMAL   -65    PTCLDY (SCALE 4-7)   8
TOTAL FM JUL 1  4454    CLOUDY (SCALE 8-10)  5
DPTR FM NORMAL  -167

[CDD (BASE 65) ]
TOTAL THIS MO.     0
DPTR FM NORMAL     0    [PRESSURE DATA]
TOTAL FM JAN 1     0    HIGHEST SLP M ON M
DPTR FM NORMAL     0    LOWEST  SLP 29.61 ON  7

[REMARKS]
