000
CXUS54 KCRP 221300
CF6ALI
PRELIMINARY LOCAL CLIMATOLOGICAL DATA (WS FORM: F-6)

                                          STATION:   ALICE
                                          MONTH:     NOVEMBER
                                          YEAR:      2017
                                          LATITUDE:   27 44 N
                                          LONGITUDE:  98  1 W

  TEMPERATURE IN F:       :PCPN:    SNOW:  WIND      :SUNSHINE: SKY     :PK WND
================================================================================
1   2   3   4   5  6A  6B    7    8   9   10  11  12  13   14  15   16   17  18
                                     12Z  AVG MX 2MIN
DY MAX MIN AVG DEP HDD CDD  WTR  SNW DPTH SPD SPD DIR MIN PSBL S-S WX    SPD DR
================================================================================

 1  85  59  72   1   0   7 0.00  0.0    0  6.2 14 170   M    M   5 1      17 230
 2  91  71  81  11   0  16 0.00  0.0    0  8.8 17 130   M    M   5 18     22 140
 3  92  73  83  13   0  18 0.00  0.0    0  8.9 18 130   M    M   7 1      24 150
 4  92  69  81  11   0  16 0.00  0.0    0  7.5 20 130   M    M   3 1      24 130
 5  95  71  83  13   0  18 0.00  0.0    0 11.8 20 190   M    M   2 1      25 200
 6  93  64  79  10   0  14 0.00  0.0    0 11.1 22 180   M    M   2 12     28 180
 7  92  63  78   9   0  13 0.00  0.0    0  7.9 18 200   M    M   4 12     24 190
 8  72  54  63  -5   2   0    T  0.0    0 12.5 18 360   M    M   9        26 350
 9  61  49  55 -13  10   0    T  0.0    0 10.0 17 340   M    M  10 1      22 350
10  72  55  64  -4   1   0 0.00  0.0    0  9.3 15  60   M    M  10        19  70
11  80  62  71   3   0   6 0.01  0.0    0  7.6 21 130   M    M  10 1      26 160
12  84  69  77  10   0  12 0.07  0.0    0  6.0 16  80   M    M  10 1      22  80
13  81  63  72   5   0   7 0.00  0.0    0  8.3 15  90   M    M   8 12     19 110
14  85  61  73   7   0   8 0.00  0.0    0  6.4 15 130   M    M   6 12     20 130
15  88  57  73   7   0   8 0.00  0.0    0  5.8 15 130   M    M   4 12     19 170
16  89  68  79  13   0  14 0.00  0.0    0  6.3 17 120   M    M   5 18     23 130
17  90  69  80  15   0  15 0.00  0.0    0 11.9 20 170   M    M   5 1      26 160
18  89  63  76  11   0  11 0.00  0.0    0 12.2 26  10   M    M   4        36  20
19  69  48  59  -6   6   0 0.00  0.0    0  9.8 24  30   M    M   0        33  30
20  69  45  57  -7   8   0    T    M    0  5.2 10  30   M    M   5 3      14  50
21  82  49  66   2   0   1 0.00  0.0    0  4.3 15 360   M    M   2 12     19 360
================================================================================
SM 1751 1282        27 184  0.08     0.0 177.8          M      116
================================================================================
AV 83.4 61.1                               8.5 FASTST   M    M   6    MAX(MPH)
                                 MISC ---->  # 26  10               # 36   20
================================================================================
NOTES:
# LAST OF SEVERAL OCCURRENCES

COLUMN 17 PEAK WIND IN M.P.H.

PRELIMINARY LOCAL CLIMATOLOGICAL DATA (WS FORM: F-6) , PAGE 2

                                          STATION:  ALICE
                                          MONTH:    NOVEMBER
                                          YEAR:     2017
                                          LATITUDE:   27 44 N
                                          LONGITUDE:  98  1 W

[TEMPERATURE DATA]      [PRECIPITATION DATA]       SYMBOLS USED IN COLUMN 16

AVERAGE MONTHLY: 72.2   TOTAL FOR MONTH:   0.08    1 = FOG OR MIST
DPTR FM NORMAL:   4.8   DPTR FM NORMAL:   -1.23    2 = FOG REDUCING VISIBILITY
HIGHEST:    95 ON  5    GRTST 24HR  0.59 ON 31- 1      TO 1/4 MILE OR LESS
LOWEST:     45 ON 20                               3 = THUNDER
                        SNOW, ICE PELLETS, HAIL    4 = ICE PELLETS
                        TOTAL MONTH:   0.0 INCH    5 = HAIL
                        GRTST 24HR     0.0         6 = FREEZING RAIN OR DRIZZLE
                        GRTST DEPTH:   0           7 = DUSTSTORM OR SANDSTORM:
                                                       VSBY 1/2 MILE OR LESS
                                                   8 = SMOKE OR HAZE
[NO. OF DAYS WITH]      [WEATHER - DAYS WITH]      9 = BLOWING SNOW
                                                   X = TORNADO
MAX 32 OR BELOW:   0    0.01 INCH OR MORE:   2
MAX 90 OR ABOVE:   7    0.10 INCH OR MORE:   0
MIN 32 OR BELOW:   0    0.50 INCH OR MORE:   0
MIN  0 OR BELOW:   0    1.00 INCH OR MORE:   0

[HDD (BASE 65) ]
TOTAL THIS MO.    27    CLEAR  (SCALE 0-3)   5
DPTR FM NORMAL   -12    PTCLDY (SCALE 4-7)  11
TOTAL FM JUL 1    49    CLOUDY (SCALE 8-10)  5
DPTR FM NORMAL     4

[CDD (BASE 65) ]
TOTAL THIS MO.   184
DPTR FM NORMAL    95    [PRESSURE DATA]
TOTAL FM JAN 1  4107    HIGHEST SLP M ON M
DPTR FM NORMAL   471    LOWEST  SLP 29.78 ON 21

[REMARKS]
