000
CXUS54 KAMA 311015
CF6AMA
PRELIMINARY LOCAL CLIMATOLOGICAL DATA (WS FORM: F-6)

                                          STATION:   AMARILLO
                                          MONTH:     AUGUST
                                          YEAR:      2015
                                          LATITUDE:   35 13 N
                                          LONGITUDE: 101 42 W

  TEMPERATURE IN F:       :PCPN:    SNOW:  WIND      :SUNSHINE: SKY     :PK WND
================================================================================
1   2   3   4   5  6A  6B    7    8   9   10  11  12  13   14  15   16   17  18
                                     12Z  AVG MX 2MIN
DY MAX MIN AVG DEP HDD CDD  WTR  SNW DPTH SPD SPD DIR MIN PSBL S-S WX    SPD DR
================================================================================

 1  84  64  74  -4   0   9 0.85  0.0    0 11.5 20 150   M    M   5 13     24 150
 2  90  66  78   0   0  13 0.84  0.0    0 11.0 22 190   M    M   2 13     29 190
 3  86  66  76  -2   0  11 0.22  0.0    0 11.9 25  10   M    M   2 13     31 360
 4  89  65  77  -1   0  12 0.02  0.0    0 10.8 21 310   M    M   3 3      31 320
 5  95  70  83   5   0  18 0.00  0.0    0  8.5 22 230   M    M   0        28 230
 6  97  68  83   5   0  18 0.00  0.0    0 11.8 21 190   M    M   0        26 190
 7  96  71  84   6   0  19 0.00  0.0    0 11.9 23 140   M    M   0        29 140
 8  94  68  81   3   0  16 0.00  0.0    0 12.5 22 230   M    M   0        29 230
 9  94  71  83   5   0  18    T  0.0    0 10.8 32 240   M    M   1 3      42 240
10  88  68  78   0   0  13 0.00  0.0    0  9.0 21 100   M    M   1 3      26 110
11  88  66  77   0   0  12 0.25  0.0    0 10.3 20 300   M    M   4 138    24 300
12  90  67  79   2   0  14 0.00  0.0    0 12.0 20 150   M    M   0        24 180
13  96  65  81   4   0  16 0.00  0.0    0 10.4 18 220   M    M   0        25 200
14  90  71  81   4   0  16    T  0.0    0  9.1 17  20   M    M   0        23  30
15  89  65  77   0   0  12 0.00  0.0    0 11.7 18 140   M    M   0        23 130
16  90  67  79   2   0  14 0.03  0.0    0 13.1 25 150   M    M   4 3      29 150
17  88  62  75  -2   0  10 0.37  0.0    0 12.6 20 340   M    M   4 13     25 360
18  90  66  78   1   0  13 0.14  0.0    0 11.7 26  20   M    M   1 13     32  20
19  74  58  66 -11   0   1 0.94  0.0    0 13.8 40  80   M    M   6 13     47  80
20  79  55  67 -10   0   2 0.00  0.0    0 13.0 21 150   M    M   0        26 150
21  88  60  74  -2   0   9 0.00  0.0    0 13.6 25 170   M    M   2 12     32 160
22  95  64  80   4   0  15 0.00  0.0    0 11.7 21 170   M    M   0        24 230
23  77  59  68  -8   0   3 0.00  0.0    0 13.7 29  30   M    M   6 8      36  30
24  86  56  71  -5   0   6 0.00  0.0    0  8.3 15 190   M    M   0        22 190
25  90  64  77   1   0  12 0.00  0.0    0  9.6 17 210   M    M   0        22 220
26  91  67  79   3   0  14 0.00  0.0    0  9.7 17 120   M    M   0        22 180
27  91  65  78   2   0  13    T  0.0    0 13.5 25 220   M    M   0 3      34 210
28  89  68  79   4   0  14 0.02  0.0    0  8.6 18 150   M    M   3 3      24  70
29  89  63  76   1   0  11 0.00  0.0    0  7.2 16 190   M    M   0        22  40
30  87  58  73  -2   0   8 0.00  0.0    0  6.2 13 180   M    M   0 8      18 200
================================================================================
SM 2670 1943         0 362  3.68     0.0 329.5          M       44
================================================================================
AV 89.0 64.8                              11.0 FASTST   M    M   1    MAX(MPH)
                                 MISC ---->  # 40  80               # 47   80
================================================================================
NOTES:
# LAST OF SEVERAL OCCURRENCES

COLUMN 17 PEAK WIND IN M.P.H.

PRELIMINARY LOCAL CLIMATOLOGICAL DATA (WS FORM: F-6) , PAGE 2

                                          STATION:  AMARILLO
                                          MONTH:    AUGUST
                                          YEAR:     2015
                                          LATITUDE:   35 13 N
                                          LONGITUDE: 101 42 W

[TEMPERATURE DATA]      [PRECIPITATION DATA]       SYMBOLS USED IN COLUMN 16

AVERAGE MONTHLY: 76.9   TOTAL FOR MONTH:   3.68    1 = FOG OR MIST
DPTR FM NORMAL:  -0.0   DPTR FM NORMAL:    0.85    2 = FOG REDUCING VISIBILITY
HIGHEST:    97 ON  6    GRTST 24HR  1.56 ON 31- 1      TO 1/4 MILE OR LESS
LOWEST:     55 ON 20                               3 = THUNDER
                        SNOW, ICE PELLETS, HAIL    4 = ICE PELLETS
                        TOTAL MONTH:   0.0 INCH    5 = HAIL
                        GRTST 24HR     0.0         6 = FREEZING RAIN OR DRIZZLE
                        GRTST DEPTH:   0           7 = DUSTSTORM OR SANDSTORM:
                                                       VSBY 1/2 MILE OR LESS
                                                   8 = SMOKE OR HAZE
[NO. OF DAYS WITH]      [WEATHER - DAYS WITH]      9 = BLOWING SNOW
                                                   X = TORNADO
MAX 32 OR BELOW:   0    0.01 INCH OR MORE:  10
MAX 90 OR ABOVE:  15    0.10 INCH OR MORE:   7
MIN 32 OR BELOW:   0    0.50 INCH OR MORE:   3
MIN  0 OR BELOW:   0    1.00 INCH OR MORE:   0

[HDD (BASE 65) ]
TOTAL THIS MO.     0    CLEAR  (SCALE 0-3)  24
DPTR FM NORMAL     0    PTCLDY (SCALE 4-7)   6
TOTAL FM JUL 1     0    CLOUDY (SCALE 8-10)  0
DPTR FM NORMAL     0

[CDD (BASE 65) ]
TOTAL THIS MO.   362
DPTR FM NORMAL     5    [PRESSURE DATA]
TOTAL FM JAN 1  1136    HIGHEST SLP M ON M
DPTR FM NORMAL   -46    LOWEST  SLP 29.65 ON 18

[REMARKS]
