000
CXUS53 KDMX 180920
CF6AMW
PRELIMINARY LOCAL CLIMATOLOGICAL DATA (WS FORM: F-6)

                                          STATION:   AMES IA
                                          MONTH:     AUGUST
                                          YEAR:      2017
                                          LATITUDE:   41 59 N
                                          LONGITUDE:  93 37 W

  TEMPERATURE IN F:       :PCPN:    SNOW:  WIND      :SUNSHINE: SKY     :PK WND
================================================================================
1   2   3   4   5  6A  6B    7    8   9   10  11  12  13   14  15   16   17  18
                                     12Z  AVG MX 2MIN
DY MAX MIN AVG DEP HDD CDD  WTR  SNW DPTH SPD SPD DIR MIN PSBL S-S WX    SPD DR
================================================================================

 1  86  60  73   0   0   8 0.30  0.0    0  4.1 25 340   M    M   4 13     32 350
 2  86  60  73   0   0   8 0.00  0.0    0  3.9 12 360   M    M   2 18     14  10
 3  76  54  65  -8   0   0 0.42  0.0    0 12.2 26 330   M    M   4 13     32 330
 4  77  49  63 -10   2   0 0.00  0.0    0  8.2 18 310   M    M   1        24 320
 5  76  49  63 -10   2   0    T    M    0  3.2 14 190   M    M   2 1      17 180
 6  79  57  68  -4   0   3 0.00  0.0    0  3.8 12  80   M    M   7        14  90
 7  80  56  68  -4   0   3 0.00  0.0    0  5.6 15  30   M    M   3 3      20  30
 8  82  50  66  -6   0   1 0.00  0.0    0  0.8 10 200   M    M   0        14 190
 9  83  52  68  -4   0   3 0.00  0.0    0  5.5 15 190   M    M   2        22 190
10  83  59  71  -1   0   6    T  0.0    0  8.5 20 310   M    M   2 13     24 310
11  80  53  67  -5   0   2 0.00  0.0    0  6.9 15  20   M    M   1        21  20
12  81  49  65  -7   0   0 0.00  0.0    0  2.6  8 100   M    M   1        14 200
13  78  57  68  -4   0   3 0.05  0.0    0  5.1 14 160   M    M   4 1      19 160
14  82  60  71  -1   0   6 0.83  0.0    0  5.8 15  20   M    M   3 13     19  10
15  72  58  65  -6   0   0 0.20  0.0    0  5.6 18 130   M    M   5 13     26 130
16  83  66  75   4   0  10 0.27  0.0    0  9.2 18 180   M    M   3 13     24 190
17  79  60  70  -1   0   5    T  0.0    0 11.4 22 300   M    M   5        29 300
================================================================================
SM 1363  949         4  58  2.07     0.0 102.4          M       49
================================================================================
AV 80.2 55.8                               6.0 FASTST   M    M   3    MAX(MPH)
                                 MISC ---->  # 26 330               # 32  350
================================================================================
NOTES:
# LAST OF SEVERAL OCCURRENCES

COLUMN 17 PEAK WIND IN M.P.H.

PRELIMINARY LOCAL CLIMATOLOGICAL DATA (WS FORM: F-6) , PAGE 2

                                          STATION:  AMES IA
                                          MONTH:    AUGUST
                                          YEAR:     2017
                                          LATITUDE:   41 59 N
                                          LONGITUDE:  93 37 W

[TEMPERATURE DATA]      [PRECIPITATION DATA]       SYMBOLS USED IN COLUMN 16

AVERAGE MONTHLY: 68.0   TOTAL FOR MONTH:   2.07    1 = FOG OR MIST
DPTR FM NORMAL:  -4.1   DPTR FM NORMAL:   -0.44    2 = FOG REDUCING VISIBILITY
HIGHEST:    86 ON  2, 1 GRTST 24HR  0.87 ON 13-14      TO 1/4 MILE OR LESS
LOWEST:     49 ON 12, 5                            3 = THUNDER
                        SNOW, ICE PELLETS, HAIL    4 = ICE PELLETS
                        TOTAL MONTH:   0.0 INCH    5 = HAIL
                        GRTST 24HR     0.0         6 = FREEZING RAIN OR DRIZZLE
                        GRTST DEPTH:   0           7 = DUSTSTORM OR SANDSTORM:
                                                       VSBY 1/2 MILE OR LESS
                                                   8 = SMOKE OR HAZE
[NO. OF DAYS WITH]      [WEATHER - DAYS WITH]      9 = BLOWING SNOW
                                                   X = TORNADO
MAX 32 OR BELOW:   0    0.01 INCH OR MORE:   6
MAX 90 OR ABOVE:   0    0.10 INCH OR MORE:   5
MIN 32 OR BELOW:   0    0.50 INCH OR MORE:   1
MIN  0 OR BELOW:   0    1.00 INCH OR MORE:   0

[HDD (BASE 65) ]
TOTAL THIS MO.     4    CLEAR  (SCALE 0-3)  10
DPTR FM NORMAL     4    PTCLDY (SCALE 4-7)   7
TOTAL FM JUL 1     4    CLOUDY (SCALE 8-10)  0
DPTR FM NORMAL     0

[CDD (BASE 65) ]
TOTAL THIS MO.    58
DPTR FM NORMAL   -68    [PRESSURE DATA]
TOTAL FM JAN 1   667    HIGHEST SLP M ON M
DPTR FM NORMAL    55    LOWEST  SLP 29.68 ON 16

[REMARKS]
