000
CXUS54 KBMX 271216
CF6ANB
PRELIMINARY LOCAL CLIMATOLOGICAL DATA (WS FORM: F-6)

                                          STATION:   ANNISTON
                                          MONTH:     DECEMBER
                                          YEAR:      2014
                                          LATITUDE:   33 35 N
                                          LONGITUDE:  85 51 W

  TEMPERATURE IN F:       :PCPN:    SNOW:  WIND      :SUNSHINE: SKY     :PK WND
================================================================================
1   2   3   4   5  6A  6B    7    8   9   10  11  12  13   14  15   16   17  18
                                     12Z  AVG MX 2MIN
DY MAX MIN AVG DEP HDD CDD  WTR  SNW DPTH SPD SPD DIR MIN PSBL S-S WX    SPD DR
================================================================================

 1  74  47  61  12   4   0 0.00  0.0    0  2.7 13 240   M    M   4 1      17 240
 2  74  45  60  12   5   0 0.00  0.0    0  2.2 13 240   M    M   1 18     18 220
 3  71  43  57   9   8   0 0.00  0.0    0  1.6  9 360   M    M   0 1      11  20
 4  76  53  65  17   0   0 0.01  0.0    0  4.2 12 210   M    M   4 18     15 220
 5  72  58  65  17   0   0 0.06  0.0    0  6.6 13 150   M    M   5 1      17 170
 6  70  51  61  14   4   0 1.30  0.0    0  8.0 22 340   M    M  10 13     31 340
 7  59  44  52   5  13   0 0.00  0.0    0  7.7 21  20   M    M   3        27  40
 8  50  33  42  -5  23   0 0.00  0.0    0  4.6 15  70   M    M   3        19  80
 9  60  33  47   0  18   0 0.00  0.0    0  7.0 21 350   M    M   3        29 340
10  50  28  39  -7  26   0 0.00  0.0    0  5.4 17 340   M    M   2        24 360
11  52  25  39  -7  26   0 0.00  0.0    0  4.0 13  10   M    M   0 18     19  10
12  59  23  41  -5  24   0 0.00  0.0    0  1.7  9  50   M    M   0 1      11 360
13  59  23  41  -5  24   0 0.00  0.0    0  2.6 12 350   M    M   0 1      17 340
14  52  25  39  -7  26   0 0.00  0.0    0  2.8 13  20   M    M   3 128    17 350
15  65  26  46   1  19   0 0.05  0.0    0  2.8 15 220   M    M   5 128    21 220
16  65  35  50   5  15   0 0.03  0.0    0  9.5 23 220   M    M   4 1      30 230
17  48  31  40  -5  25   0 0.00  0.0    0  2.3 10 350   M    M   5 1      13 340
18  49  30  40  -5  25   0 0.00  0.0    0  2.1  8 230   M    M   4 1       9  40
19  50  28  39  -6  26   0 0.16  0.0    0  1.7  9  10   M    M   3 1      12 340
20  49  41  45   0  20   0 0.11  0.0    0  2.0  7  30   M    M  10 1      10  60
21  54  44  49   5  16   0 0.00  0.0    0  5.5 12  90   M    M  10 18     15 100
22  52  48  50   6  15   0 0.29  0.0    0  9.2 15  70   M    M  10 1      21  80
23  60  48  54  10  11   0 0.97  0.0    0  9.1 22 300   M    M  10 13     33 280
24  64  43  54  10  11   0 0.45  0.0    0  8.9 28 270   M    M   8 1      33 270
25  52  33  43  -1  22   0 0.00  0.0    0  3.3 12 260   M    M   2 1      14 270
26  58  32  45   1  20   0 0.00  0.0    0  2.9  9  60   M    M   0 1      11  40
================================================================================
SM 1544  970       426   0  3.43     0.0 120.4          M      109
================================================================================
AV 59.4 37.3                               4.6 FASTST   M    M   4    MAX(MPH)
                                 MISC ---->  # 28 270               # 33  280
================================================================================
NOTES:
# LAST OF SEVERAL OCCURRENCES

COLUMN 17 PEAK WIND IN M.P.H.

PRELIMINARY LOCAL CLIMATOLOGICAL DATA (WS FORM: F-6) , PAGE 2

                                          STATION:  ANNISTON
                                          MONTH:    DECEMBER
                                          YEAR:     2014
                                          LATITUDE:   33 35 N
                                          LONGITUDE:  85 51 W

[TEMPERATURE DATA]      [PRECIPITATION DATA]       SYMBOLS USED IN COLUMN 16

AVERAGE MONTHLY: 48.3   TOTAL FOR MONTH:   3.43    1 = FOG OR MIST
DPTR FM NORMAL:   2.5   DPTR FM NORMAL:   -0.09    2 = FOG REDUCING VISIBILITY
HIGHEST:    76 ON  4    GRTST 24HR  1.32 ON 23-24      TO 1/4 MILE OR LESS
LOWEST:     23 ON 13,12                            3 = THUNDER
                        SNOW, ICE PELLETS, HAIL    4 = ICE PELLETS
                        TOTAL MONTH:   0.0 INCH    5 = HAIL
                        GRTST 24HR     0.0         6 = FREEZING RAIN OR DRIZZLE
                        GRTST DEPTH:   0           7 = DUSTSTORM OR SANDSTORM:
                                                       VSBY 1/2 MILE OR LESS
                                                   8 = SMOKE OR HAZE
[NO. OF DAYS WITH]      [WEATHER - DAYS WITH]      9 = BLOWING SNOW
                                                   X = TORNADO
MAX 32 OR BELOW:   0    0.01 INCH OR MORE:  10
MAX 90 OR ABOVE:   0    0.10 INCH OR MORE:   6
MIN 32 OR BELOW:  10    0.50 INCH OR MORE:   2
MIN  0 OR BELOW:   0    1.00 INCH OR MORE:   1

[HDD (BASE 65) ]
TOTAL THIS MO.   426    CLEAR  (SCALE 0-3)  12
DPTR FM NORMAL   -71    PTCLDY (SCALE 4-7)   9
TOTAL FM JUL 1  1054    CLOUDY (SCALE 8-10)  5
DPTR FM NORMAL    60

[CDD (BASE 65) ]
TOTAL THIS MO.     0
DPTR FM NORMAL     0    [PRESSURE DATA]
TOTAL FM JAN 1  1945    HIGHEST SLP M ON M
DPTR FM NORMAL    80    LOWEST  SLP 29.56 ON 24

[REMARKS]
