000
CXAK56 PAFC 012038
CF6ANC
PRELIMINARY LOCAL CLIMATOLOGICAL DATA (WS FORM: F-6)

                                          STATION:   ANCHORAGE AK
                                          MONTH:     MARCH
                                          YEAR:      2014
                                          LATITUDE:   61 10 N
                                          LONGITUDE: 150  2 W

  TEMPERATURE IN F:       :PCPN:    SNOW:  WIND      :SUNSHINE: SKY     :PK WND
================================================================================
1   2   3   4   5  6A  6B    7    8   9   10  11  12  13   14  15   16   17  18
                                     12Z  AVG MX 2MIN
DY MAX MIN AVG DEP HDD CDD  WTR  SNW DPTH SPD SPD DIR MIN PSBL S-S WX    SPD DR
================================================================================

 1  39  22  31   8  34   0 0.00  0.0    8  0.5  5 290   M    M   5 1       M  M
 2  37  17  27   4  38   0 0.00  0.0    6  1.0  5 160   M    M   3 1       M  M
 3  33  21  27   4  38   0 0.00  0.0    6  3.9  8 160   M    M   3         M  M
 4  36  29  33   9  32   0    T    T    6 10.5 16 150   M    M  10        30 150
 5  35  23  29   5  36   0 0.07  2.4    6  6.1  9 320   M    M   9 1      22 250
 6  29  16  23  -1  42   0    T    T    8  3.7  9 360   M    M   8 1       M  M
 7  28  14  21  -3  44   0 0.00  0.0    8  8.0 14 360   M    M   6 1      20 360
 8  30   6  18  -6  47   0 0.00  0.0    8  3.1  9 350   M    M   1         M  M
 9  27   6  17  -8  48   0 0.00  0.0    7  4.2  9  50   M    M   2         M  M
10  36  16  26   1  39   0    T    T    7  8.5 15 280   M    M   9        17 360
11  41  30  36  11  29   0 0.06  0.0    7 10.7 22 150   M    M   9 1      45 150
12  36  29  33   8  32   0 0.05    T    7  8.5 21 230   M    M   9 1      27 230
13  36  28  32   6  33   0    T    T    7  7.9 14 330   M    M   9        22 300
14  43  18  31   5  34   0 0.41  5.7    7  8.2 20 230   M    M   9 12     33 250
15  25  14  20  -6  45   0 0.05  0.9   12  6.3 15 210   M    M   7 1      30 190
16  26  15  21  -5  44   0 0.06  1.8   12  7.4 13 330   M    M  10 18      M  M
17  32  20  26  -1  39   0    T    T   12  5.9 10 340   M    M  10         M  M
18  38  23  31   4  34   0    T  0.1    9  3.9  8 250   M    M   7 1       M  M
19  37  20  29   2  36   0 0.00  0.0    9  7.1 10 350   M    M   0         M  M
20  36  14  25  -2  40   0 0.00  0.0    8  5.7 13  40   M    M   1         M  M
21  38  19  29   1  36   0 0.00  0.0    8  9.2 14 360   M    M   3         M  M
22  39  16  28   0  37   0 0.00  0.0    8  3.4 12 350   M    M   1         M  M
23  40  16  28   0  37   0 0.00  0.0    8  2.9  8 340   M    M   1         M  M
24  40  15  28   0  37   0 0.00  0.0    7  3.7 12  30   M    M   0 1      17  30
25  38  16  27  -2  38   0 0.00  0.0    7  2.8  7  40   M    M   2 1       M  M
26  40  20  30   1  35   0 0.00  0.0    7  2.8  7 320   M    M   5         M  M
27  39  17  28  -2  37   0 0.00  0.0    7  2.4  8 160   M    M   1 1       M  M
28  39  18  29  -1  36   0 0.00  0.0    7  2.8  7 170   M    M   1 1       M  M
29  39  17  28  -2  37   0 0.00  0.0    7  3.1  6 330   M    M   3         M  M
30  40  17  29  -1  36   0 0.00  0.0    7  2.7  7 300   M    M   1         M  M
31  40  18  29  -2  36   0 0.00  0.0    7  3.0  7 280   M    M   0         M  M
================================================================================
SM 1112  570      1166   0  0.70    10.9 159.9          M      145
================================================================================
AV 35.9 18.4                               5.2 FASTST   M    M   5    MAX(MPH)
                                 MISC ---->    22   M                 45    M
================================================================================
NOTES:
# LAST OF SEVERAL OCCURRENCES

COLUMN 17 PEAK WIND IN M.P.H.

PRELIMINARY LOCAL CLIMATOLOGICAL DATA (WS FORM: F-6) , PAGE 2

                                          STATION:  ANCHORAGE AK
                                          MONTH:    MARCH
                                          YEAR:     2014
                                          LATITUDE:   61 10 N
                                          LONGITUDE: 150  2 W

[TEMPERATURE DATA]      [PRECIPITATION DATA]       SYMBOLS USED IN COLUMN 16

AVERAGE MONTHLY: 27.1   TOTAL FOR MONTH:   0.70    1 = FOG OR MIST
DPTR FM NORMAL:   0.5   DPTR FM NORMAL:    0.10    2 = FOG REDUCING VISIBILITY
HIGHEST:    43 ON 14    GRTST 24HR  0.41 ON 14-14      TO 1/4 MILE OR LESS
LOWEST:      6 ON  9, 8                            3 = THUNDER
                        SNOW, ICE PELLETS, HAIL    4 = ICE PELLETS
                        TOTAL MONTH:  10.9 INCHES  5 = HAIL
                        GRTST 24HR   5.7 ON   M    6 = FREEZING RAIN OR DRIZZLE
                        GRTST DEPTH:  12 ON 17,16  7 = DUSTSTORM OR SANDSTORM:
                                                       VSBY 1/2 MILE OR LESS
                                                   8 = SMOKE OR HAZE
[NO. OF DAYS WITH]      [WEATHER - DAYS WITH]      9 = BLOWING SNOW
                                                   X = TORNADO
MAX 32 OR BELOW:   7    0.01 INCH OR MORE:   6
MAX 90 OR ABOVE:   0    0.10 INCH OR MORE:   1
MIN 32 OR BELOW:  31    0.50 INCH OR MORE:   0
MIN  0 OR BELOW:   0    1.00 INCH OR MORE:   0

[HDD (BASE 65) ]
TOTAL THIS MO.  1166    CLEAR  (SCALE 0-3)  15
DPTR FM NORMAL   -26    PTCLDY (SCALE 4-7)   6
TOTAL FM JUL 1  7915    CLOUDY (SCALE 8-10) 10
DPTR FM NORMAL  -606

[CDD (BASE 65) ]
TOTAL THIS MO.     0
DPTR FM NORMAL     0    [PRESSURE DATA]
TOTAL FM JAN 1     0    HIGHEST SLP M ON M
DPTR FM NORMAL     0    LOWEST  SLP M ON M

[REMARKS]
#FINAL-03-14#
