000
CXUS52 KGSP 310817
CF6AND
PRELIMINARY LOCAL CLIMATOLOGICAL DATA (WS FORM: F-6)

                                          STATION:   ANDERSON SC
                                          MONTH:     OCTOBER
                                          YEAR:      2014
                                          LATITUDE:   34 30 N
                                          LONGITUDE:  82 43 W

  TEMPERATURE IN F:       :PCPN:    SNOW:  WIND      :SUNSHINE: SKY     :PK WND
================================================================================
1   2   3   4   5  6A  6B    7    8   9   10  11  12  13   14  15   16   17  18
                                     12Z  AVG MX 2MIN
DY MAX MIN AVG DEP HDD CDD  WTR  SNW DPTH SPD SPD DIR MIN PSBL S-S WX    SPD DR
================================================================================

 1  85  58  72   6   0   7 0.00    M    M  2.0  9 230   M    M   1 1      14 270
 2  85  59  72   6   0   7 0.00    M    M  2.2 12 150   M    M   1        14 240
 3  78  65  72   6   0   7 0.25    M    M  8.5 16 190   M    M   6 1      21 190
 4  68  42  55 -10  10   0 0.00    M    M 11.2 24 280   M    M   0        33 290
 5  67  37  52 -13  13   0 0.00    M    M  3.6 16 210   M    M   0        21 210
 6  77  45  61  -4   4   0 0.00    M    M  5.8 20 210   M    M   2 8      24 210
 7  80  54  67   3   0   2    T    M    M  6.8 20 210   M    M   3        27 220
 8  86  58  72   8   0   7    T    M    M  7.7 17 270   M    M   1        23 280
 9  84  57  71   7   0   6 0.31    M    M  3.5 15  50   M    M   2 123    19 270
10  83  62  73  10   0   8 0.01    M    M  3.2 12 210   M    M   6 1      16 250
11  83  64  74  11   0   9 0.01    M    M  4.8 18 260   M    M   3 1      23 260
12  68  57  63   1   2   0 0.27    M    M  9.1 17  60   M    M   9 13     25 340
13  75  57  66   4   0   1 0.00    M    M  9.0 15  60   M    M   9 1      19 120
14  72  59  66   4   0   1 2.11    M    M 12.0 25 220   M    M   9 13     33 230
15  71  52  62   0   3   0    T    M    M  7.7 18 230   M    M   4        22 260
16  69  51  60  -1   5   0    T    M    M  9.5 16 260   M    M   4        21 260
17  77  45  61   0   4   0 0.00    M    M  6.4 16 240   M    M   0 1      22 240
18  78  50  64   3   1   0 0.00    M    M  8.1 23 320   M    M   0        30 330
19  69  43  56  -4   9   0 0.00    M    M  2.3 10 270   M    M   0        13 270
20  71  43  57  -3   8   0 0.00    M    M  4.2 15 230   M    M   1        21 240
21  76  46  61   1   4   0 0.00    M    M  6.1 18 250   M    M   0 1      25 240
22  69  39  54  -5  11   0 0.00    M    M  4.4 13  40   M    M   0        19  40
23  69  36  53  -6  12   0 0.00    M    M  2.1  8 220   M    M   0 1      10 230
24  69  41  55  -4  10   0 0.00    M    M  2.0  9 100   M    M   0        11 100
25  74  40  57  -1   8   0 0.00    M    M  2.4 12 220   M    M   0        16 220
26  84  47  66   8   0   1 0.00    M    M  4.4 14 240   M    M   0        17 310
27  81  47  64   6   1   0 0.00    M    M  1.3  8 150   M    M   0        12 130
28  81  50  66   8   0   1 0.00    M    M  3.8 16 220   M    M   0        21 230
29  74  49  62   5   3   0    T    M    M  6.7 18 250   M    M   2 1      24 240
30  67  41  54  -3  11   0 0.00    M    M  2.1 10  50   M    M   0        13  30
================================================================================
SM 2270 1494       119  57  2.96    M    162.9          M       63
================================================================================
AV 75.7 49.8                               5.4 FASTST   M    M   2    MAX(MPH)
                                 MISC ---->  # 25 220               # 33  290
================================================================================
NOTES:
# LAST OF SEVERAL OCCURRENCES

COLUMN 17 PEAK WIND IN M.P.H.

PRELIMINARY LOCAL CLIMATOLOGICAL DATA (WS FORM: F-6) , PAGE 2

                                          STATION:  ANDERSON SC
                                          MONTH:    OCTOBER
                                          YEAR:     2014
                                          LATITUDE:   34 30 N
                                          LONGITUDE:  82 43 W

[TEMPERATURE DATA]      [PRECIPITATION DATA]       SYMBOLS USED IN COLUMN 16

AVERAGE MONTHLY: 62.7   TOTAL FOR MONTH:   2.96    1 = FOG OR MIST
DPTR FM NORMAL:   1.2   DPTR FM NORMAL:   -0.06    2 = FOG REDUCING VISIBILITY
HIGHEST:    86 ON  8    GRTST 24HR  2.11 ON 14-14      TO 1/4 MILE OR LESS
LOWEST:     36 ON 23                               3 = THUNDER
                        SNOW, ICE PELLETS, HAIL    4 = ICE PELLETS
                        TOTAL MONTH:    M          5 = HAIL
                        GRTST 24HR    M  ON   M    6 = FREEZING RAIN OR DRIZZLE
                        GRTST DEPTH:  M  ON   M    7 = DUSTSTORM OR SANDSTORM:
                                                       VSBY 1/2 MILE OR LESS
                                                   8 = SMOKE OR HAZE
[NO. OF DAYS WITH]      [WEATHER - DAYS WITH]      9 = BLOWING SNOW
                                                   X = TORNADO
MAX 32 OR BELOW:   0    0.01 INCH OR MORE:   6
MAX 90 OR ABOVE:   0    0.10 INCH OR MORE:   4
MIN 32 OR BELOW:   0    0.50 INCH OR MORE:   1
MIN  0 OR BELOW:   0    1.00 INCH OR MORE:   1

[HDD (BASE 65) ]
TOTAL THIS MO.   119    CLEAR  (SCALE 0-3)  23
DPTR FM NORMAL   -29    PTCLDY (SCALE 4-7)   4
TOTAL FM JUL 1   123    CLOUDY (SCALE 8-10)  3
DPTR FM NORMAL   -40

[CDD (BASE 65) ]
TOTAL THIS MO.    57
DPTR FM NORMAL    12    [PRESSURE DATA]
TOTAL FM JAN 1  1780    HIGHEST SLP M ON M
DPTR FM NORMAL   116    LOWEST  SLP 29.73 ON 14

[REMARKS]
