000
CXUS52 KGSP 260817
CF6AND
PRELIMINARY LOCAL CLIMATOLOGICAL DATA (WS FORM: F-6)

                                          STATION:   ANDERSON SC
                                          MONTH:     FEBRUARY
                                          YEAR:      2015
                                          LATITUDE:   34 30 N
                                          LONGITUDE:  82 43 W

  TEMPERATURE IN F:       :PCPN:    SNOW:  WIND      :SUNSHINE: SKY     :PK WND
================================================================================
1   2   3   4   5  6A  6B    7    8   9   10  11  12  13   14  15   16   17  18
                                     12Z  AVG MX 2MIN
DY MAX MIN AVG DEP HDD CDD  WTR  SNW DPTH SPD SPD DIR MIN PSBL S-S WX    SPD DR
================================================================================

 1  59  36  48   5  17   0 0.49    M    M  4.1 21 190   M    M   5 1      29 190
 2  56  27  42  -1  23   0 0.36    M    M 14.4 32 270   M    M   3 1      43 270
 3  47  20  34  -9  31   0 0.00    M    M  1.7  9 220   M    M   0        12 220
 4  52  27  40  -4  25   0 0.00    M    M  2.5 10 220   M    M   0        13 220
 5  55  31  43  -1  22   0 0.00    M    M  6.7 18 340   M    M   1        25  40
 6  49  18  34 -10  31   0 0.00    M    M  4.6 15 210   M    M   0        19 210
 7  64  28  46   2  19   0 0.00    M    M  8.8 20 210   M    M   0        25 220
 8  68  36  52   8  13   0 0.00    M    M 10.2 22 220   M    M   1        29 210
 9  58  51  55  11  10   0 0.59    M    M  4.9 16  60   M    M  10 1      19  50
10  61  40  51   7  14   0 0.00    M    M  5.9 18  40   M    M   4 12     22  30
11  59  31  45   0  20   0 0.00    M    M  4.4 12 300   M    M   2        19 300
12  55  26  41  -4  24   0 0.00    M    M 11.3 32 280   M    M   0        44 290
13  41  23  32 -13  33   0 0.00    M    M  3.0 12 250   M    M   0 8      15 240
14  57  26  42  -3  23   0    T    M    M 15.4 35 290   M    M   2        45 290
15  42  22  32 -14  33   0    T    M    M  7.1 29 290   M    M   1        37 290
16  36  28  32 -14  33   0 0.65    M    M  8.2 16  60   M    M   9 146    21  70
17  35  31  33 -13  32   0 0.08    M    M  2.5 12 100   M    M  10 16     15 100
18  38  22  30 -16  35   0    T    M    M 13.1 32 260   M    M   5 12     41 260
19  29  15  22 -24  43   0 0.00    M    M 13.2 22 270   M    M   1        28 250
20  35   9  22 -24  43   0    T    M    M  3.7 12 180   M    M   4        15 170
21  45  31  38  -9  27   0 0.03    M    M  4.1  9  10   M    M   9        13 350
22  55  38  47   0  18   0 0.50    M    M  2.7 14 330   M    M  10 12     16 240
23  57  41  49   2  16   0 0.09    M    M  6.1 17  70   M    M  10 12     22  70
24  41  30  36 -12  29   0 0.05    M    M  7.2 16  60   M    M  10 1      19  70
25  42  29  36 -12  29   0 0.40    M    M  4.5 12  50   M    M   7 12     15  50
================================================================================
SM 1236  716       643   0  3.24    M    170.3          M      104
================================================================================
AV 49.4 28.6                               6.8 FASTST   M    M   4    MAX(MPH)
                                 MISC ---->  # 35 290               # 45  290
================================================================================
NOTES:
# LAST OF SEVERAL OCCURRENCES

COLUMN 17 PEAK WIND IN M.P.H.

PRELIMINARY LOCAL CLIMATOLOGICAL DATA (WS FORM: F-6) , PAGE 2

                                          STATION:  ANDERSON SC
                                          MONTH:    FEBRUARY
                                          YEAR:     2015
                                          LATITUDE:   34 30 N
                                          LONGITUDE:  82 43 W

[TEMPERATURE DATA]      [PRECIPITATION DATA]       SYMBOLS USED IN COLUMN 16

AVERAGE MONTHLY: 39.0   TOTAL FOR MONTH:   3.24    1 = FOG OR MIST
DPTR FM NORMAL:  -6.2   DPTR FM NORMAL:   -0.21    2 = FOG REDUCING VISIBILITY
HIGHEST:    68 ON  8    GRTST 24HR  0.85 ON  1- 2      TO 1/4 MILE OR LESS
LOWEST:      9 ON 20                               3 = THUNDER
                        SNOW, ICE PELLETS, HAIL    4 = ICE PELLETS
                        TOTAL MONTH:    M          5 = HAIL
                        GRTST 24HR    M  ON   M    6 = FREEZING RAIN OR DRIZZLE
                        GRTST DEPTH:  M  ON   M    7 = DUSTSTORM OR SANDSTORM:
                                                       VSBY 1/2 MILE OR LESS
                                                   8 = SMOKE OR HAZE
[NO. OF DAYS WITH]      [WEATHER - DAYS WITH]      9 = BLOWING SNOW
                                                   X = TORNADO
MAX 32 OR BELOW:   1    0.01 INCH OR MORE:  10
MAX 90 OR ABOVE:   0    0.10 INCH OR MORE:   6
MIN 32 OR BELOW:  19    0.50 INCH OR MORE:   3
MIN  0 OR BELOW:   0    1.00 INCH OR MORE:   0

[HDD (BASE 65) ]
TOTAL THIS MO.   643    CLEAR  (SCALE 0-3)  13
DPTR FM NORMAL   146    PTCLDY (SCALE 4-7)   5
TOTAL FM JUL 1  2549    CLOUDY (SCALE 8-10)  7
DPTR FM NORMAL   103

[CDD (BASE 65) ]
TOTAL THIS MO.     0
DPTR FM NORMAL     0    [PRESSURE DATA]
TOTAL FM JAN 1     0    HIGHEST SLP M ON M
DPTR FM NORMAL     0    LOWEST  SLP 29.55 ON  2

[REMARKS]
