000
CXUS52 KGSP 250817
CF6AND
PRELIMINARY LOCAL CLIMATOLOGICAL DATA (WS FORM: F-6)

                                          STATION:   ANDERSON SC
                                          MONTH:     MAY
                                          YEAR:      2016
                                          LATITUDE:   34 30 N
                                          LONGITUDE:  82 43 W

  TEMPERATURE IN F:       :PCPN:    SNOW:  WIND      :SUNSHINE: SKY     :PK WND
================================================================================
1   2   3   4   5  6A  6B    7    8   9   10  11  12  13   14  15   16   17  18
                                     12Z  AVG MX 2MIN
DY MAX MIN AVG DEP HDD CDD  WTR  SNW DPTH SPD SPD DIR MIN PSBL S-S WX    SPD DR
================================================================================

 1  83  65  74  10   0   9 0.15    M    M  6.7 14 220   M    M   5 13     19 230
 2  85  65  75  10   0  10    T    M    M  5.2 23 220   M    M   5 123    31 220
 3  81  62  72   7   0   7 0.09    M    M  9.6 21 240   M    M   5 1      28 230
 4  72  53  63  -2   2   0    T    M    M  8.3 25 290   M    M   3        34 300
 5  67  50  59  -7   6   0    T    M    M 12.5 28 290   M    M   3        36 290
 6  74  46  60  -6   5   0 0.00    M    M  5.0 15 320   M    M   3 8      19 320
 7  83  45  64  -2   1   0 0.00    M    M  9.0 21 260   M    M   0        27 290
 8  88  63  76  10   0  11 0.00    M    M  9.7 21 250   M    M   0        27 250
 9  86  58  72   5   0   7    T    M    M  4.9 23 220   M    M   0        28 210
10  87  60  74   7   0   9 0.00    M    M  7.4 20 210   M    M   2        25 200
11  87  61  74   7   0   9    T    M    M  5.8 16 230   M    M   2        21 260
12  89  64  77  10   0  12 1.01    M    M  3.7 46 290   M    M   1 13     59 280
13  83  59  71   3   0   6 0.00    M    M  5.8 14 250   M    M   2 1      21 240
14  83  53  68   0   0   3 0.00    M    M  8.6 22 310   M    M   1        30 260
15  74  47  61  -7   4   0 0.00    M    M  6.2 15 230   M    M   0        19 210
16  73  48  61  -8   4   0 0.00    M    M  5.8 15  90   M    M   4        22  80
17  73  61  67  -2   0   2 0.18    M    M  5.2 13  40   M    M   9 1      15  40
18  82  61  72   3   0   7    T    M    M  5.0 14 200   M    M   4 13     16 200
19  70  60  65  -5   0   0 2.47    M    M 11.3 17  70   M    M   9 13     23  60
20  62  58  60 -10   5   0 0.66    M    M  9.5 18  70   M    M  10 1      23  70
21  80  58  69  -1   0   4 0.54    M    M  7.5 26 310   M    M   6 13     33 310
22  78  54  66  -4   0   1 0.00    M    M  4.9 17  50   M    M   0        25  40
23  80  50  65  -6   0   0 0.00    M    M  4.7 14  90   M    M   2        16  90
24  83  54  69  -2   0   4 0.00    M    M  2.3 12 190   M    M   1        15 230
================================================================================
SM 1903 1355        27 101  5.10    M    164.6          M       77
================================================================================
AV 79.3 56.5                               6.9 FASTST   M    M   3    MAX(MPH)
                                 MISC ---->  # 46 290               # 59  280
================================================================================
NOTES:
# LAST OF SEVERAL OCCURRENCES

COLUMN 17 PEAK WIND IN M.P.H.

PRELIMINARY LOCAL CLIMATOLOGICAL DATA (WS FORM: F-6) , PAGE 2

                                          STATION:  ANDERSON SC
                                          MONTH:    MAY
                                          YEAR:     2016
                                          LATITUDE:   34 30 N
                                          LONGITUDE:  82 43 W

[TEMPERATURE DATA]      [PRECIPITATION DATA]       SYMBOLS USED IN COLUMN 16

AVERAGE MONTHLY: 67.9   TOTAL FOR MONTH:   5.10    1 = FOG OR MIST
DPTR FM NORMAL:   0.2   DPTR FM NORMAL:    2.68    2 = FOG REDUCING VISIBILITY
HIGHEST:    89 ON 12    GRTST 24HR  2.47 ON 19-19      TO 1/4 MILE OR LESS
LOWEST:     45 ON  7                               3 = THUNDER
                        SNOW, ICE PELLETS, HAIL    4 = ICE PELLETS
                        TOTAL MONTH:    M          5 = HAIL
                        GRTST 24HR    M  ON   M    6 = FREEZING RAIN OR DRIZZLE
                        GRTST DEPTH:  M  ON   M    7 = DUSTSTORM OR SANDSTORM:
                                                       VSBY 1/2 MILE OR LESS
                                                   8 = SMOKE OR HAZE
[NO. OF DAYS WITH]      [WEATHER - DAYS WITH]      9 = BLOWING SNOW
                                                   X = TORNADO
MAX 32 OR BELOW:   0    0.01 INCH OR MORE:   7
MAX 90 OR ABOVE:   0    0.10 INCH OR MORE:   6
MIN 32 OR BELOW:   0    0.50 INCH OR MORE:   4
MIN  0 OR BELOW:   0    1.00 INCH OR MORE:   2

[HDD (BASE 65) ]
TOTAL THIS MO.    27    CLEAR  (SCALE 0-3)  15
DPTR FM NORMAL    -9    PTCLDY (SCALE 4-7)   6
TOTAL FM JUL 1  2362    CLOUDY (SCALE 8-10)  3
DPTR FM NORMAL  -734

[CDD (BASE 65) ]
TOTAL THIS MO.   101
DPTR FM NORMAL     4    [PRESSURE DATA]
TOTAL FM JAN 1   187    HIGHEST SLP M ON M
DPTR FM NORMAL    52    LOWEST  SLP 29.58 ON  5

[REMARKS]
