000
CXAK56 PAJK 231209
CF6ANN
PRELIMINARY LOCAL CLIMATOLOGICAL DATA (WS FORM: F-6)

                                          STATION:   ANNETTE ISLAND
                                          MONTH:     FEBRUARY
                                          YEAR:      2017
                                          LATITUDE:   55  1 N
                                          LONGITUDE: 131 34 W

  TEMPERATURE IN F:       :PCPN:    SNOW:  WIND      :SUNSHINE: SKY     :PK WND
================================================================================
1   2   3   4   5  6A  6B    7    8   9   10  11  12  13   14  15   16   17  18
                                     12Z  AVG MX 2MIN
DY MAX MIN AVG DEP HDD CDD  WTR  SNW DPTH SPD SPD DIR MIN PSBL S-S WX    SPD DR
================================================================================

 1  40  27  34  -3  31   0 0.00  0.0    0  5.9 10 330   M    M   0        17 340
 2  44  31  38   0  27   0 0.00  0.0    0  6.5 10 330   M    M   0        18 340
 3  35  30  33  -5  32   0 0.00  0.0    0 12.6 23  50   M    M   0        39  10
 4  40  30  35  -3  30   0 0.00  0.0    0 11.0 24  60   M    M   0        42  70
 5  38  28  33  -5  32   0 0.00  0.0    0  7.6 17  30   M    M   0        31  30
 6  36  25  31  -7  34   0 0.00  0.0    0  9.1 17  40   M    M   3        27  60
 7  32  22  27 -11  38   0 0.00  0.0    0  6.5 15  50   M    M   0        23  40
 8  35  17  26 -12  39   0 0.00  0.0    0  3.4 10 320   M    M   0        15  60
 9  36  17  27 -11  38   0 0.00  0.0    0  4.9 12 320   M    M   0        16 330
10  39  29  34  -4  31   0 0.24  2.4    1  9.1 22 130   M    M   8 18     30 120
11  46  36  41   3  24   0 0.79  0.0    0 16.2 22 160   M    M  10 1      48 160
12  46  45  46   8  19   0 0.30  0.0    0 13.8 31 160   M    M   9 1      50 160
13  55  46  51  13  14   0 0.60  0.0    0 18.0 28 140   M    M   6 1      41 140
14  55  46  51  13  14   0 1.38  0.0    0 18.8 35 140   M    M  10 1      52 140
15  49  40  45   7  20   0 0.99  0.0    0 10.1 20 130   M    M   7 1      30 120
16  44  30  37  -1  28   0 0.00  0.0    0  7.0 16 320   M    M   2        25 340
17  48  29  39   1  26   0 0.00  0.0    0  1.1  7 300   M    M   5         9 320
18  44  28  36  -2  29   0 0.00  0.0    0  5.2 14 330   M    M   0        19 310
19  45  27  36  -2  29   0 0.00  0.0    0  5.2  9 320   M    M   0        11 310
20  46  29  38   0  27   0 0.00  0.0    0  3.0  8 330   M    M   6        10 330
21  43  26  35  -3  30   0 0.00  0.0    0  3.8 12 330   M    M   3        16 340
22  43  25  34  -4  31   0 0.00  0.0    0  4.1 13 320   M    M   0        18 320
================================================================================
SM  939  663       623   0  4.30     2.4 182.9          M       69
================================================================================
AV 42.7 30.1                               8.3 FASTST   M    M   3    MAX(MPH)
                                 MISC ---->  # 35 140               # 52  140
================================================================================
NOTES:
# LAST OF SEVERAL OCCURRENCES

COLUMN 17 PEAK WIND IN M.P.H.

PRELIMINARY LOCAL CLIMATOLOGICAL DATA (WS FORM: F-6) , PAGE 2

                                          STATION:  ANNETTE ISLAND
                                          MONTH:    FEBRUARY
                                          YEAR:     2017
                                          LATITUDE:   55  1 N
                                          LONGITUDE: 131 34 W

[TEMPERATURE DATA]      [PRECIPITATION DATA]       SYMBOLS USED IN COLUMN 16

AVERAGE MONTHLY: 36.4   TOTAL FOR MONTH:   4.30    1 = FOG OR MIST
DPTR FM NORMAL:  -1.5   DPTR FM NORMAL:   -1.55    2 = FOG REDUCING VISIBILITY
HIGHEST:    55 ON 14,13 GRTST 24HR  1.38 ON 14-14      TO 1/4 MILE OR LESS
LOWEST:     17 ON  9, 8                            3 = THUNDER
                        SNOW, ICE PELLETS, HAIL    4 = ICE PELLETS
                        TOTAL MONTH:   2.4 INCHES  5 = HAIL
                        GRTST 24HR   2.4 ON   M    6 = FREEZING RAIN OR DRIZZLE
                        GRTST DEPTH:   1 ON 10     7 = DUSTSTORM OR SANDSTORM:
                                                       VSBY 1/2 MILE OR LESS
                                                   8 = SMOKE OR HAZE
[NO. OF DAYS WITH]      [WEATHER - DAYS WITH]      9 = BLOWING SNOW
                                                   X = TORNADO
MAX 32 OR BELOW:   1    0.01 INCH OR MORE:   6
MAX 90 OR ABOVE:   0    0.10 INCH OR MORE:   6
MIN 32 OR BELOW:  17    0.50 INCH OR MORE:   4
MIN  0 OR BELOW:   0    1.00 INCH OR MORE:   1

[HDD (BASE 65) ]
TOTAL THIS MO.   623    CLEAR  (SCALE 0-3)  14
DPTR FM NORMAL    26    PTCLDY (SCALE 4-7)   5
TOTAL FM JUL 1  3912    CLOUDY (SCALE 8-10)  3
DPTR FM NORMAL  -460

[CDD (BASE 65) ]
TOTAL THIS MO.     0
DPTR FM NORMAL     0    [PRESSURE DATA]
TOTAL FM JAN 1     0    HIGHEST SLP M ON M
DPTR FM NORMAL     0    LOWEST  SLP 28.91 ON 11

[REMARKS]
