000
CXUS53 KIWX 280800
CF6AOH
PRELIMINARY LOCAL CLIMATOLOGICAL DATA (WS FORM: F-6)

                                          STATION:   LIMA
                                          MONTH:     MARCH
                                          YEAR:      2017
                                          LATITUDE:   40 42 N
                                          LONGITUDE:  84  1 W

  TEMPERATURE IN F:       :PCPN:    SNOW:  WIND      :SUNSHINE: SKY     :PK WND
================================================================================
1   2   3   4   5  6A  6B    7    8   9   10  11  12  13   14  15   16   17  18
                                     12Z  AVG MX 2MIN
DY MAX MIN AVG DEP HDD CDD  WTR  SNW DPTH SPD SPD DIR MIN PSBL S-S WX    SPD DR
================================================================================

 1  65  32  49  15  16   0 0.01    M    0 14.5 41 260   M    M   9        54 240
 2  36  28  32  -2  33   0    T    M    M 16.8 31 290   M    M   9        37 270
 3  31  22  27  -7  38   0    T    M    M 12.9 24 320   M    M   4 1      32 300
 4  34  20  27  -8  38   0 0.00  0.0    0  6.7 15  90   M    M   5        20 100
 5  59  26  43   8  22   0    T    M    0 12.8 23 150   M    M   3        26 150
 6  55  50  53  18  12   0 0.18  0.0    0 15.4 23 190   M    M  10 1      29 190
 7  58  39  49  13  16   0 0.22    M    M 17.0 27 250   M    M   7 1      36 240
 8  55  38  47  11  18   0 0.00    M    M 23.1 47 250   M    M   1        59 250
 9  53  31  42   6  23   0 0.06    M    M  7.7 20  20   M    M   3 8      26  30
10  36  18  27 -10  38   0    T    M    M 15.8 28 300   M    M   5 8      36 300
11  31  15  23 -14  42   0 0.00  0.0    0  9.4 17 320   M    M   2        27 300
12  32  16  24 -14  41   0 0.00  0.0    0  7.6 15 340   M    M   2        18  60
13  29  21  25 -13  40   0 0.01    M    M 12.8 21  20   M    M   8 1      26  20
14  23  13  18 -20  47   0    T    M    0 14.9 26 330   M    M   8 18     32 330
15  30  13  22 -17  43   0    T    M    0 17.2 29 300   M    M   4        34 300
16  40  18  29 -10  36   0 0.00  0.0    0  9.8 20 280   M    M   1        26 280
17  36  21  29 -10  36   0 0.17    M    0 10.4 18 140   M    M   7 168    23 130
18  40  36  38  -2  27   0 0.01    M    0 13.0 21 290   M    M  10 12     26 320
19  40  33  37  -3  28   0    T    M    0  5.7 13 320   M    M   9 1      16 300
20  53  33  43   2  22   0 0.19    M    0  7.5 17 160   M    M   7 1      23 220
21  57  31  44   3  21   0 0.00  0.0    0 11.1 25 310   M    M   6 12     30 360
22  36  21  29 -12  36   0 0.00  0.0    0 11.0 22 360   M    M   0        29  10
23  52  20  36  -6  29   0 0.01    M    0 10.1 18 130   M    M   3 3      23 160
24  75  45  60  18   5   0    T    M    0 16.4 32 240   M    M   2        40 230
25  73  48  61  19   4   0 0.00  0.0    0 11.3 22 220   M    M   2        30 220
26  64  43  54  11  11   0 0.25    M    0  8.8 20 220   M    M   7 1      28 200
27  62  51  57  14   8   0 0.02  0.0    0  6.9 16 260   M    M   8 1      18 250
================================================================================
SM 1255  782       730   0  1.13     0.0 326.6          M      142
================================================================================
AV 46.5 29.0                              12.1 FASTST   M    M   5    MAX(MPH)
                                 MISC ---->  # 47 250               # 59  250
================================================================================
NOTES:
# LAST OF SEVERAL OCCURRENCES

COLUMN 17 PEAK WIND IN M.P.H.

PRELIMINARY LOCAL CLIMATOLOGICAL DATA (WS FORM: F-6) , PAGE 2

                                          STATION:  LIMA
                                          MONTH:    MARCH
                                          YEAR:     2017
                                          LATITUDE:   40 42 N
                                          LONGITUDE:  84  1 W

[TEMPERATURE DATA]      [PRECIPITATION DATA]       SYMBOLS USED IN COLUMN 16

AVERAGE MONTHLY: 37.7   TOTAL FOR MONTH:   1.13    1 = FOG OR MIST
DPTR FM NORMAL:  -0.6   DPTR FM NORMAL:   -0.96    2 = FOG REDUCING VISIBILITY
HIGHEST:    75 ON 24    GRTST 24HR  0.25 ON 26-26      TO 1/4 MILE OR LESS
LOWEST:     13 ON 15,14                            3 = THUNDER
                        SNOW, ICE PELLETS, HAIL    4 = ICE PELLETS
                        TOTAL MONTH:   0.0 INCH    5 = HAIL
                        GRTST 24HR     0.0         6 = FREEZING RAIN OR DRIZZLE
                        GRTST DEPTH:   0           7 = DUSTSTORM OR SANDSTORM:
                                                       VSBY 1/2 MILE OR LESS
                                                   8 = SMOKE OR HAZE
[NO. OF DAYS WITH]      [WEATHER - DAYS WITH]      9 = BLOWING SNOW
                                                   X = TORNADO
MAX 32 OR BELOW:   6    0.01 INCH OR MORE:  11
MAX 90 OR ABOVE:   0    0.10 INCH OR MORE:   5
MIN 32 OR BELOW:  17    0.50 INCH OR MORE:   0
MIN  0 OR BELOW:   0    1.00 INCH OR MORE:   0

[HDD (BASE 65) ]
TOTAL THIS MO.   730    CLEAR  (SCALE 0-3)   9
DPTR FM NORMAL    10    PTCLDY (SCALE 4-7)  11
TOTAL FM JUL 1  4317    CLOUDY (SCALE 8-10)  7
DPTR FM NORMAL  -809

[CDD (BASE 65) ]
TOTAL THIS MO.     0
DPTR FM NORMAL     0    [PRESSURE DATA]
TOTAL FM JAN 1     0    HIGHEST SLP M ON M
DPTR FM NORMAL     0    LOWEST  SLP 29.40 ON  1

[REMARKS]
