000
CXUS55 KBOU 011233
CF6APA
PRELIMINARY LOCAL CLIMATOLOGICAL DATA (WS FORM: F-6)

                                          STATION:   CENTENNIAL CO
                                          MONTH:     FEBRUARY
                                          YEAR:      2015
                                          LATITUDE:   39 33 N
                                          LONGITUDE: 104 51 W

  TEMPERATURE IN F:       :PCPN:    SNOW:  WIND      :SUNSHINE: SKY     :PK WND
================================================================================
1   2   3   4   5  6A  6B    7    8   9   10  11  12  13   14  15   16   17  18
                                     12Z  AVG MX 2MIN
DY MAX MIN AVG DEP HDD CDD  WTR  SNW DPTH SPD SPD DIR MIN PSBL S-S WX    SPD DR
================================================================================

 1  27  16  22 -10  43   0 0.10    M    M  6.7 20  10   M    M   7 128    24 360
 2  49  21  35   3  30   0 0.00    M    M  9.2 23 320   M    M   6        30 310
 3  59  32  46  14  19   0 0.00    M    M  6.9 14 200   M    M   5        17 210
 4  42  22  32   0  33   0    T    M    M  7.2 22  20   M    M   8 18     32  10
 5  64  24  44  12  21   0 0.00    M    M  6.9 17 210   M    M   7        21 210
 6  71  41  56  24   9   0 0.00    M    M 11.9 23 230   M    M   6        27 220
 7  72  39  56  24   9   0 0.00    M    M  7.3 26 320   M    M   4        34 320
 8  67  37  52  20  13   0 0.00    M    M  9.9 24 340   M    M   1        29 340
 9  70  32  51  19  14   0 0.00    M    M  7.3 20 170   M    M   1        23 170
10  58  35  47  15  18   0 0.00    M    M  8.0 23  90   M    M   4        27  80
11  46  30  38   6  27   0 0.21    M    M  3.8 14  60   M    M   5 1      20  50
12  61  28  45  13  20   0 0.00    M    M  6.5 15  20   M    M   5        20 350
13  62  33  48  16  17   0 0.00    M    M  4.1 10 180   M    M   4        15 110
14  62  32  47  15  18   0 0.00    M    M  5.1 16 200   M    M   5        19 200
15  45  26  36   3  29   0 0.09    M    M  7.4 18 360   M    M   9 1      23  20
16  28  17  23 -10  42   0 0.46    M    M  5.5 17  20   M    M  10 128    20  20
17  33  11  22 -11  43   0    T    M    M  7.6 16  10   M    M   4        19  10
18  47  11  29  -4  36   0 0.00    M    M  6.0 13 170   M    M   2        14 170
19  60  31  46  13  19   0 0.00    M    M  8.1 24 290   M    M   4        31 310
20  53  28  41   7  24   0    T    M    M  9.3 28 360   M    M   6 1      33 350
21  31  13  22 -12  43   0 0.13    M    M  8.1 31 360   M    M  10 12     36 360
22  13   8  11 -23  54   0 0.02    M    M  7.0 13  90   M    M  10 1      17  80
23  20   5  13 -21  52   0 0.11    M    M  3.7 10 180   M    M   6 1      12 360
24  39   5  22 -12  43   0 0.00    M    M  6.1 13 170   M    M   0        13 150
25  41  15  28  -7  37   0 0.11    M    M  8.9 25  10   M    M   9 1      33  10
26  17   4  11 -24  54   0 0.01    M    M  7.1 17  40   M    M   9 18     20  40
27  21  -1  10 -25  55   0    T    M    M  5.5 12 170   M    M   6 1      14 170
28  22  -2  10 -26  55   0 0.00    M    M  4.1 12 350   M    M   6 18     17 360
================================================================================
SM 1280  593       877   0  1.24    M    195.2          M      159
================================================================================
AV 45.7 21.2                               7.0 FASTST   M    M   6    MAX(MPH)
                                 MISC ---->  # 31 360               # 36  360
================================================================================
NOTES:
# LAST OF SEVERAL OCCURRENCES

COLUMN 17 PEAK WIND IN M.P.H.

PRELIMINARY LOCAL CLIMATOLOGICAL DATA (WS FORM: F-6) , PAGE 2

                                          STATION:  CENTENNIAL CO
                                          MONTH:    FEBRUARY
                                          YEAR:     2015
                                          LATITUDE:   39 33 N
                                          LONGITUDE: 104 51 W

[TEMPERATURE DATA]      [PRECIPITATION DATA]       SYMBOLS USED IN COLUMN 16

AVERAGE MONTHLY: 33.4   TOTAL FOR MONTH:   1.24    1 = FOG OR MIST
DPTR FM NORMAL:   0.5   DPTR FM NORMAL:    0.76    2 = FOG REDUCING VISIBILITY
HIGHEST:    72 ON  7    GRTST 24HR  0.55 ON 15-16      TO 1/4 MILE OR LESS
LOWEST:     -2 ON 28                               3 = THUNDER
                        SNOW, ICE PELLETS, HAIL    4 = ICE PELLETS
                        TOTAL MONTH:    M          5 = HAIL
                        GRTST 24HR    M  ON   M    6 = FREEZING RAIN OR DRIZZLE
                        GRTST DEPTH:  M  ON   M    7 = DUSTSTORM OR SANDSTORM:
                                                       VSBY 1/2 MILE OR LESS
                                                   8 = SMOKE OR HAZE
[NO. OF DAYS WITH]      [WEATHER - DAYS WITH]      9 = BLOWING SNOW
                                                   X = TORNADO
MAX 32 OR BELOW:   8    0.01 INCH OR MORE:   9
MAX 90 OR ABOVE:   0    0.10 INCH OR MORE:   6
MIN 32 OR BELOW:  23    0.50 INCH OR MORE:   0
MIN  0 OR BELOW:   2    1.00 INCH OR MORE:   0

[HDD (BASE 65) ]
TOTAL THIS MO.   877    CLEAR  (SCALE 0-3)   4
DPTR FM NORMAL   -20    PTCLDY (SCALE 4-7)  18
TOTAL FM JUL 1  4214    CLOUDY (SCALE 8-10)  6
DPTR FM NORMAL  -250

[CDD (BASE 65) ]
TOTAL THIS MO.     0
DPTR FM NORMAL     0    [PRESSURE DATA]
TOTAL FM JAN 1     0    HIGHEST SLP M ON M
DPTR FM NORMAL     0    LOWEST  SLP 29.61 ON 20

[REMARKS]
