000
CXUS56 KMTR 261000
CF6APC
PRELIMINARY LOCAL CLIMATOLOGICAL DATA (WS FORM: F-6)

                                          STATION:   NAPA AIRPORT
                                          MONTH:     JULY
                                          YEAR:      2016
                                          LATITUDE:   38 13 N
                                          LONGITUDE: 122 17 W

  TEMPERATURE IN F:       :PCPN:    SNOW:  WIND      :SUNSHINE: SKY     :PK WND
================================================================================
1   2   3   4   5  6A  6B    7    8   9   10  11  12  13   14  15   16   17  18
                                     12Z  AVG MX 2MIN
DY MAX MIN AVG DEP HDD CDD  WTR  SNW DPTH SPD SPD DIR MIN PSBL S-S WX    SPD DR
================================================================================

 1  71  55  63  -3   2   0 0.00  0.0    0 12.1 18 190   M    M   3        25 210
 2  70  54  62  -4   3   0 0.00  0.0    0 15.0 25 190   M    M   4        30 200
 3  72  50  61  -5   4   0 0.00  0.0    0 11.7 22 200   M    M   1 1      25 200
 4  70  53  62  -4   3   0 0.00  0.0    0 13.7 25 190   M    M   4        31 200
 5  69  52  61  -5   4   0 0.00  0.0    0 12.4 24 190   M    M   5        27 190
 6  70  52  61  -5   4   0 0.00  0.0    0 11.3 24 200   M    M   5        29 200
 7  73  49  61  -5   4   0 0.00  0.0    0 10.9 24 200   M    M   4        29 190
 8  81  55  68   2   0   3 0.00  0.0    0 10.8 21 260   M    M   4        28 220
 9  81  54  68   2   0   3 0.00  0.0    0 13.6 31 260   M    M   0        37 260
10  84  46  65  -1   0   0 0.00  0.0    0  8.4 20 280   M    M   0        24 270
11  84  48  66   0   0   1 0.00  0.0    0  9.0 21 200   M    M   0        24 200
12  79  50  65  -1   0   0 0.00  0.0    0 10.9 17 200   M    M   1        22 210
13  89  52  71   5   0   6 0.00  0.0    0  6.1 15 190   M    M   0        17 200
14  80  55  68   2   0   3 0.00  0.0    0  8.3 15 210   M    M   1        19 240
15  76  54  65   0   0   0 0.00  0.0    0  9.2 18 190   M    M   4 1      21 190
16  72  53  63  -2   2   0 0.00  0.0    0 12.7 23 200   M    M   4        26 200
17  70  54  62  -3   3   0 0.00  0.0    0 12.5 25 200   M    M   5        30 200
18  77  54  66   1   0   1 0.00  0.0    0 11.2 18 270   M    M   4        23 190
19  79  51  65   0   0   0 0.00  0.0    0  9.5 20 190   M    M   3        22 200
20  77  47  62  -3   3   0 0.00  0.0    0  8.0 16 210   M    M   0 1      19 200
21  80  50  65   0   0   0 0.00  0.0    0  9.8 21 250   M    M   2        25 260
22  81  44  63  -2   2   0 0.00  0.0    0  6.3 20  80   M    M   0 1      33  90
23  88  50  69   4   0   4 0.00  0.0    0  6.6 16 190   M    M   0        20 190
24  82  50  66   1   0   1 0.00  0.0    0  8.6 20 190   M    M   0        25 180
25  77  52  65   0   0   0 0.00  0.0    0  7.3 15 200   M    M   4        18 190
================================================================================
SM 1932 1284        34  22  0.00     0.0 255.9          M       58
================================================================================
AV 77.3 51.4                              10.2 FASTST   M    M   2    MAX(MPH)
                                 MISC ---->  # 31 260               # 37  260
================================================================================
NOTES:
# LAST OF SEVERAL OCCURRENCES

COLUMN 17 PEAK WIND IN M.P.H.

PRELIMINARY LOCAL CLIMATOLOGICAL DATA (WS FORM: F-6) , PAGE 2

                                          STATION:  NAPA AIRPORT
                                          MONTH:    JULY
                                          YEAR:     2016
                                          LATITUDE:   38 13 N
                                          LONGITUDE: 122 17 W

[TEMPERATURE DATA]      [PRECIPITATION DATA]       SYMBOLS USED IN COLUMN 16

AVERAGE MONTHLY: 64.3   TOTAL FOR MONTH:   0.00    1 = FOG OR MIST
DPTR FM NORMAL:  -1.2   DPTR FM NORMAL:    0.00    2 = FOG REDUCING VISIBILITY
HIGHEST:    89 ON 13    GRTST 24HR  0.00 ON 25-25      TO 1/4 MILE OR LESS
LOWEST:     44 ON 22                               3 = THUNDER
                        SNOW, ICE PELLETS, HAIL    4 = ICE PELLETS
                        TOTAL MONTH:   0.0 INCH    5 = HAIL
                        GRTST 24HR     0.0         6 = FREEZING RAIN OR DRIZZLE
                        GRTST DEPTH:   0           7 = DUSTSTORM OR SANDSTORM:
                                                       VSBY 1/2 MILE OR LESS
                                                   8 = SMOKE OR HAZE
[NO. OF DAYS WITH]      [WEATHER - DAYS WITH]      9 = BLOWING SNOW
                                                   X = TORNADO
MAX 32 OR BELOW:   0    0.01 INCH OR MORE:   0
MAX 90 OR ABOVE:   0    0.10 INCH OR MORE:   0
MIN 32 OR BELOW:   0    0.50 INCH OR MORE:   0
MIN  0 OR BELOW:   0    1.00 INCH OR MORE:   0

[HDD (BASE 65) ]
TOTAL THIS MO.    34    CLEAR  (SCALE 0-3)  13
DPTR FM NORMAL     7    PTCLDY (SCALE 4-7)  12
TOTAL FM JUL 1    34    CLOUDY (SCALE 8-10)  0
DPTR FM NORMAL     7

[CDD (BASE 65) ]
TOTAL THIS MO.    22
DPTR FM NORMAL   -27    [PRESSURE DATA]
TOTAL FM JAN 1    84    HIGHEST SLP M ON M
DPTR FM NORMAL   -22    LOWEST  SLP 29.82 ON  1

[REMARKS]
