000
CXUS56 KMTR 221000
CF6APC
PRELIMINARY LOCAL CLIMATOLOGICAL DATA (WS FORM: F-6)

                                          STATION:   NAPA AIRPORT
                                          MONTH:     DECEMBER
                                          YEAR:      2014
                                          LATITUDE:   38 13 N
                                          LONGITUDE: 122 17 W

  TEMPERATURE IN F:       :PCPN:    SNOW:  WIND      :SUNSHINE: SKY     :PK WND
================================================================================
1   2   3   4   5  6A  6B    7    8   9   10  11  12  13   14  15   16   17  18
                                     12Z  AVG MX 2MIN
DY MAX MIN AVG DEP HDD CDD  WTR  SNW DPTH SPD SPD DIR MIN PSBL S-S WX    SPD DR
================================================================================

 1  65  51  58  11   7   0    T  0.0    0  8.0 20  90   M    M   7 1      27  90
 2  58  51  55   8  10   0 1.16  0.0    0 11.2 31  90   M    M   8 13     40  90
 3  63  53  58  11   7   0 1.18  0.0    0 11.3 23 190   M    M   7 1      29 200
 4  65  50  58  11   7   0 0.55  0.0    0  3.4 12 200   M    M   6 12     14 190
 5  64  51  58  11   7   0 0.15  0.0    0  6.8 16  90   M    M   9 12     20  90
 6  65  48  57  10   8   0 0.44  0.0    0  4.3 16 270   M    M   5 12     20 270
 7  61  50  56  10   9   0 0.00  0.0    0  6.2 17  90   M    M   2 12     23  90
 8  65  49  57  11   8   0 0.00  0.0    0  3.3 13 100   M    M   7 1      16 100
 9  62  52  57  11   8   0 0.00  0.0    0  5.5 13  80   M    M   7 1      17  90
10  63  53  58  12   7   0 0.15  0.0    0 10.1 22 130   M    M   9 1      28 150
11  64  50  57  11   8   0 3.17  0.0    0 10.7 31 190   M    M  10 1      39 190
12  54  40  47   1  18   0 0.27  0.0    0  3.4  9  80   M    M   8 12     11  90
13  56  38  47   1  18   0 0.00  0.0    0  3.9 12  90   M    M   6 12     14  90
14  52  43  48   2  17   0 0.10    M    0 11.9 23  90   M    M   5 1      30  80
15  51  48  50   4  15   0 1.17    M    0 15.0 35  80   M    M  10 1      44  90
16  61  43  52   6  13   0 0.72  0.0    0  7.3 20 290   M    M   6 1      23 280
17  57  43  50   5  15   0 0.23  0.0    0  5.5 16  90   M    M   9 1      21  80
18  56  50  53   8  12   0    T  0.0    0  7.2 17  90   M    M   8 1      23  90
19  56  51  54   9  11   0 0.85  0.0    0  7.5 25 290   M    M  10 1      35 280
20  58  50  54   9  11   0    T  0.0    0  3.1 10 170   M    M  10 1      13 180
21  65  52  59  14   6   0 0.00  0.0    0  7.6 17 270   M    M   7 1      20 280
================================================================================
SM 1261 1016       222   0 10.14     0.0 153.2          M      156
================================================================================
AV 60.0 48.4                               7.3 FASTST   M    M   7    MAX(MPH)
                                 MISC ---->  # 35  80               # 44   90
================================================================================
NOTES:
# LAST OF SEVERAL OCCURRENCES

COLUMN 17 PEAK WIND IN M.P.H.

PRELIMINARY LOCAL CLIMATOLOGICAL DATA (WS FORM: F-6) , PAGE 2

                                          STATION:  NAPA AIRPORT
                                          MONTH:    DECEMBER
                                          YEAR:     2014
                                          LATITUDE:   38 13 N
                                          LONGITUDE: 122 17 W

[TEMPERATURE DATA]      [PRECIPITATION DATA]       SYMBOLS USED IN COLUMN 16

AVERAGE MONTHLY: 54.2   TOTAL FOR MONTH:  10.14    1 = FOG OR MIST
DPTR FM NORMAL:   8.2   DPTR FM NORMAL:    7.80    2 = FOG REDUCING VISIBILITY
HIGHEST:    65 ON 21, 8 GRTST 24HR  3.24 ON 11-12      TO 1/4 MILE OR LESS
LOWEST:     38 ON 13                               3 = THUNDER
                        SNOW, ICE PELLETS, HAIL    4 = ICE PELLETS
                        TOTAL MONTH:   0.0 INCH    5 = HAIL
                        GRTST 24HR     0.0         6 = FREEZING RAIN OR DRIZZLE
                        GRTST DEPTH:   0           7 = DUSTSTORM OR SANDSTORM:
                                                       VSBY 1/2 MILE OR LESS
                                                   8 = SMOKE OR HAZE
[NO. OF DAYS WITH]      [WEATHER - DAYS WITH]      9 = BLOWING SNOW
                                                   X = TORNADO
MAX 32 OR BELOW:   0    0.01 INCH OR MORE:  13
MAX 90 OR ABOVE:   0    0.10 INCH OR MORE:  13
MIN 32 OR BELOW:   0    0.50 INCH OR MORE:   7
MIN  0 OR BELOW:   0    1.00 INCH OR MORE:   4

[HDD (BASE 65) ]
TOTAL THIS MO.   222    CLEAR  (SCALE 0-3)   1
DPTR FM NORMAL  -176    PTCLDY (SCALE 4-7)  11
TOTAL FM JUL 1   695    CLOUDY (SCALE 8-10)  9
DPTR FM NORMAL  -461

[CDD (BASE 65) ]
TOTAL THIS MO.     0
DPTR FM NORMAL     0    [PRESSURE DATA]
TOTAL FM JAN 1   267    HIGHEST SLP M ON M
DPTR FM NORMAL    44    LOWEST  SLP 29.48 ON 11

[REMARKS]
