000
CXUS53 KAPX 290631
CF6APN
PRELIMINARY LOCAL CLIMATOLOGICAL DATA (WS FORM: F-6)

                                          STATION:   ALPENA MI
                                          MONTH:     JUNE
                                          YEAR:      2015
                                          LATITUDE:   45  4 N
                                          LONGITUDE:  83 34 W

  TEMPERATURE IN F:       :PCPN:    SNOW:  WIND      :SUNSHINE: SKY     :PK WND
================================================================================
1   2   3   4   5  6A  6B    7    8   9   10  11  12  13   14  15   16   17  18
                                     12Z  AVG MX 2MIN
DY MAX MIN AVG DEP HDD CDD  WTR  SNW DPTH SPD SPD DIR MIN PSBL S-S WX    SPD DR
================================================================================

 1  64  35  50  -8  15   0 0.00  0.0    0  4.3 14  20   M    M   0        20  10
 2  68  35  52  -6  13   0 0.00  0.0    0  5.4 17 130   M    M   0 8      22 130
 3  73  38  56  -2   9   0 0.00  0.0    0  7.4 18 130   M    M   0        26 140
 4  75  44  60   1   5   0    T  0.0    0  5.0 16 110   M    M   3        20 120
 5  68  48  58  -1   7   0 0.02  0.0    0  9.3 21  10   M    M   7 1      25  10
 6  62  36  49 -10  16   0 0.00  0.0    0  7.6 17 100   M    M   0        22 110
 7  70  37  54  -6  11   0 0.31  0.0    0  7.3 17 170   M    M   6 1      23 190
 8  74  55  65   5   0   0 0.05  0.0    0  4.4 14 130   M    M   6 1      18 330
 9  78  53  66   6   0   1 0.00  0.0    0  5.0 15 120   M    M   2        18 120
10  78  53  66   6   0   1 0.25  0.0    0  8.7 21 320   M    M   4 138    31 330
11  72  52  62   1   3   0    T  0.0    0  4.7 15 350   M    M   4 1      19 320
12  66  49  58  -3   7   0 0.72  0.0    0  4.0 13  10   M    M   7 1      16 360
13  68  45  57  -5   8   0    T  0.0    0  5.1 14 110   M    M   3 1      17 130
14  73  57  65   3   0   0 0.65  0.0    0  4.2 12 130   M    M  10 1238   14 120
15  76  62  69   7   0   4    T  0.0    0  3.6 13 100   M    M   9 12     17  90
16  75  54  65   3   0   0 0.00  0.0    0  8.4 17 350   M    M   2        24 310
17  73  50  62  -1   3   0 0.00  0.0    0  4.7 13 120   M    M   1        16 130
18  80  54  67   4   0   2 0.01  0.0    0  7.8 22 350   M    M   4 18     28 340
19  66  40  53 -10  12   0 0.00  0.0    0  5.7 13 140   M    M   0 1      19 150
20  74  38  56  -8   9   0    T  0.0    0  6.4 15 110   M    M   3 18     20 110
21  79  53  66   2   0   1 0.00  0.0    0  4.8 13 130   M    M   5 1      16 320
22  73  47  60  -4   5   0 0.06  0.0    0  5.8 16 130   M    M   2 1      19 120
23  72  54  63  -1   2   0    T  0.0    0  9.3 21 320   M    M   5        30 310
24  82  45  64  -1   1   0    T  0.0    0  4.2 14 100   M    M   2        20 320
25  71  49  60  -5   5   0 0.01  0.0    0  2.9  9 110   M    M   7 12     12 130
26  76  45  61  -4   4   0 0.00  0.0    0  4.4 13 120   M    M   3 12     18 130
27  76  47  62  -3   3   0 0.00  0.0    0  4.6 15  80   M    M   0        20  50
28  77  46  62  -4   3   0 0.00  0.0    0  3.7 12 100   M    M   1        14 130
================================================================================
SM 2039 1321       141   9  2.08     0.0 158.7          M       96
================================================================================
AV 72.8 47.2                               5.7 FASTST   M    M   3    MAX(MPH)
                                 MISC ---->  # 22 350               # 31  330
================================================================================
NOTES:
# LAST OF SEVERAL OCCURRENCES

COLUMN 17 PEAK WIND IN M.P.H.

PRELIMINARY LOCAL CLIMATOLOGICAL DATA (WS FORM: F-6) , PAGE 2

                                          STATION:  ALPENA MI
                                          MONTH:    JUNE
                                          YEAR:     2015
                                          LATITUDE:   45  4 N
                                          LONGITUDE:  83 34 W

[TEMPERATURE DATA]      [PRECIPITATION DATA]       SYMBOLS USED IN COLUMN 16

AVERAGE MONTHLY: 60.0   TOTAL FOR MONTH:   2.08    1 = FOG OR MIST
DPTR FM NORMAL:  -1.9   DPTR FM NORMAL:   -0.36    2 = FOG REDUCING VISIBILITY
HIGHEST:    82 ON 24    GRTST 24HR  0.72 ON 12-12      TO 1/4 MILE OR LESS
LOWEST:     35 ON  2, 1                            3 = THUNDER
                        SNOW, ICE PELLETS, HAIL    4 = ICE PELLETS
                        TOTAL MONTH:   0.0 INCH    5 = HAIL
                        GRTST 24HR     0.0         6 = FREEZING RAIN OR DRIZZLE
                        GRTST DEPTH:   0           7 = DUSTSTORM OR SANDSTORM:
                                                       VSBY 1/2 MILE OR LESS
                                                   8 = SMOKE OR HAZE
[NO. OF DAYS WITH]      [WEATHER - DAYS WITH]      9 = BLOWING SNOW
                                                   X = TORNADO
MAX 32 OR BELOW:   0    0.01 INCH OR MORE:   9
MAX 90 OR ABOVE:   0    0.10 INCH OR MORE:   4
MIN 32 OR BELOW:   0    0.50 INCH OR MORE:   2
MIN  0 OR BELOW:   0    1.00 INCH OR MORE:   0

[HDD (BASE 65) ]
TOTAL THIS MO.   141    CLEAR  (SCALE 0-3)  15
DPTR FM NORMAL     3    PTCLDY (SCALE 4-7)  11
TOTAL FM JUL 1  8574    CLOUDY (SCALE 8-10)  2
DPTR FM NORMAL   479

[CDD (BASE 65) ]
TOTAL THIS MO.     9
DPTR FM NORMAL   -42    [PRESSURE DATA]
TOTAL FM JAN 1    33    HIGHEST SLP M ON M
DPTR FM NORMAL   -31    LOWEST  SLP 29.49 ON 10

[REMARKS]
